{"id":93,"date":"2025-06-08T15:18:10","date_gmt":"2025-06-08T15:18:10","guid":{"rendered":"https:\/\/merkim.com.tr\/merkim-maket\/?post_type=product&#038;p=93"},"modified":"2025-06-10T09:59:21","modified_gmt":"2025-06-10T09:59:21","slug":"dental-lesions-pad-oral-patoloji-ve-biyopsi-egitim-seti","status":"publish","type":"product","link":"https:\/\/merkim.com.tr\/merkim-maket\/urun\/dental-lesions-pad-oral-patoloji-ve-biyopsi-egitim-seti\/","title":{"rendered":"Dental Lesions Pad | Oral Patoloji ve Biyopsi E\u011fitim Seti"},"content":{"rendered":"<p class=\"ds-markdown-paragraph\"><strong>Limbs &amp; Things Dental Lesions Pad<\/strong>, di\u015f hekimli\u011fi \u00f6\u011frencileri ve a\u011f\u0131z cerrahisi uzmanlar\u0131 i\u00e7in\u00a0<strong>oral lezyon tan\u0131ma, biyopsi teknikleri ve s\u00fct\u00fcr uygulamalar\u0131n\u0131<\/strong>\u00a0ger\u00e7ek\u00e7i bir \u015fekilde \u00f6\u011freten \u00f6zel bir e\u011fitim sim\u00fclat\u00f6r\u00fcd\u00fcr. ABD&#8217;nin \u00f6nde gelen di\u015f hekimli\u011fi fak\u00fclteleri i\u015fbirli\u011fiyle geli\u015ftirilen bu \u00fcr\u00fcn,\u00a0<strong>klinik \u00f6ncesi pratik e\u011fitimlerde<\/strong>\u00a0kullan\u0131lmak \u00fczere tasarlanm\u0131\u015ft\u0131r.<\/p>\n<h4><strong>\u00dcst\u00fcn \u00d6zellikler ve Avantajlar<\/strong><\/h4>\n<p class=\"ds-markdown-paragraph\">\u2714\u00a0<strong>Ger\u00e7ek\u00e7i Oral Lezyon Sim\u00fclasyonu:<\/strong><\/p>\n<ul>\n<li>\n<p class=\"ds-markdown-paragraph\"><strong>3 farkl\u0131 yayg\u0131n oral patoloji<\/strong>\u00a0i\u00e7erir:\u00a0<strong>pap\u00fcl, mak\u00fcl ve \u00fclser<\/strong>.<\/p>\n<\/li>\n<li>\n<p class=\"ds-markdown-paragraph\">Tan\u0131mlanabilir anatomik i\u015faretler sayesinde\u00a0<strong>lezyon tan\u0131ma becerisini<\/strong>\u00a0geli\u015ftirir.<\/p>\n<\/li>\n<li>\n<p class=\"ds-markdown-paragraph\"><strong>Basit dermal patolojilerin<\/strong>\u00a0tan\u0131nmas\u0131n\u0131 sa\u011flar.<\/p>\n<\/li>\n<\/ul>\n<p class=\"ds-markdown-paragraph\">\u2714\u00a0<strong>Kapsaml\u0131 Biyopsi E\u011fitimi:<\/strong><\/p>\n<ul>\n<li>\n<p class=\"ds-markdown-paragraph\"><strong>Eksizyonel biyopsi<\/strong>,\u00a0<strong>insizyonel biyopsi<\/strong>\u00a0ve\u00a0<strong>punch biyopsi<\/strong>\u00a0tekniklerini uygulamal\u0131 olarak \u00f6\u011fretir.<\/p>\n<\/li>\n<li>\n<p class=\"ds-markdown-paragraph\"><strong>Maliyet etkin tasar\u0131m<\/strong>\u00a0ile birden fazla biyopsi denemesi yap\u0131labilir.<\/p>\n<\/li>\n<li>\n<p class=\"ds-markdown-paragraph\"><strong>125mm x 72mm<\/strong>\u00a0boyutlar\u0131yla pratik kullan\u0131m sunar.<\/p>\n<\/li>\n<\/ul>\n<p class=\"ds-markdown-paragraph\">\u2714\u00a0<strong>Cerrahi Beceri Geli\u015ftirme:<\/strong><\/p>\n<ul>\n<li>\n<p class=\"ds-markdown-paragraph\"><strong>S\u00fct\u00fcr teknikleri<\/strong>\u00a0ve\u00a0<strong>cerrahi planlama<\/strong>\u00a0i\u00e7in idealdir.<\/p>\n<\/li>\n<li>\n<p class=\"ds-markdown-paragraph\"><strong>Skin Pad Jig Mk 3<\/strong>\u00a0ile birlikte kullan\u0131labilir (\u00fcr\u00fcn pakete dahil de\u011fildir).<\/p>\n<\/li>\n<li>\n<p class=\"ds-markdown-paragraph\"><strong>Suture Tutor Plus<\/strong>\u00a0serisi ile uyumludur.<\/p>\n<\/li>\n<\/ul>\n<p class=\"ds-markdown-paragraph\">\u2714\u00a0<strong>G\u00fcvenli ve Dayan\u0131kl\u0131:<\/strong><\/p>\n<ul>\n<li>\n<p class=\"ds-markdown-paragraph\"><strong>Latex i\u00e7ermeyen<\/strong>\u00a0malzeme yap\u0131s\u0131.<\/p>\n<\/li>\n<li>\n<p class=\"ds-markdown-paragraph\"><strong>Tekrar kullan\u0131labilir<\/strong>\u00a0\u00f6zellikte.<\/p>\n<\/li>\n<\/ul>\n<h4><strong>Kazan\u0131lan Beceriler<\/strong><\/h4>\n<ul>\n<li>\n<p class=\"ds-markdown-paragraph\"><strong>Oral patolojileri tan\u0131ma<\/strong>\u00a0(pap\u00fcl, mak\u00fcl, \u00fclser).<\/p>\n<\/li>\n<li>\n<p class=\"ds-markdown-paragraph\"><strong>Biyopsi teknikleri<\/strong>\u00a0(eksizyonel, insizyonel, punch).<\/p>\n<\/li>\n<li>\n<p class=\"ds-markdown-paragraph\"><strong>Cerrahi s\u00fct\u00fcr atma ve d\u00fc\u011f\u00fcmleme<\/strong>.<\/p>\n<\/li>\n<li>\n<p class=\"ds-markdown-paragraph\"><strong>K\u00fc\u00e7\u00fck cerrahi giri\u015fimlerin planlanmas\u0131<\/strong>.<\/p>\n<\/li>\n<\/ul>\n","protected":false},"excerpt":{"rendered":"<p><strong>Dental Lesions Pad<\/strong>, oral lezyon tan\u0131ma ve biyopsi tekniklerini \u00f6\u011freten \u00f6zel bir e\u011fitim sim\u00fclat\u00f6r\u00fcd\u00fcr. Di\u015f hekimli\u011fi \u00f6\u011frencileri ve cerrahlar i\u00e7in ideal olan bu \u00fcr\u00fcn, 3 farkl\u0131 patolojiyi ger\u00e7ek\u00e7i \u015fekilde sim\u00fcle eder.<\/p>\n","protected":false},"featured_media":94,"comment_status":"open","ping_status":"closed","template":"","meta":[],"product_brand":[129],"product_cat":[15,522,130,128],"product_tag":[307,304,311,306,301,268,305,310,309,308],"class_list":{"0":"post-93","1":"product","2":"type-product","3":"status-publish","4":"has-post-thumbnail","6":"product_brand-limbs-things","7":"product_cat-genel","8":"product_cat-dermatoloji","9":"product_cat-nursing","10":"product_cat-limbs-things","11":"product_tag-agiz-cerrahisi-pratigi","12":"product_tag-dental-lezyon-simulatoru","13":"product_tag-dis-hekimligi-becerileri","14":"product_tag-dis-hekimligi-egitim-ekipmanlari","15":"product_tag-latex-free-tip-malzemesi","16":"product_tag-limbs-things","17":"product_tag-oral-biyopsi-egitimi","18":"product_tag-patoloji-tanima-egitimi","19":"product_tag-punch-biyopsi-simulatoru","20":"product_tag-sutur-teknikleri","22":"first","23":"instock","24":"shipping-taxable","25":"product-type-simple"},"yoast_head":"<!-- This site is optimized with the Yoast SEO plugin v25.2 - https:\/\/yoast.com\/wordpress\/plugins\/seo\/ -->\n<title>Dental Lesions Pad | Oral Patoloji ve Biyopsi E\u011fitim Seti - Merkim Maket<\/title>\n<meta name=\"description\" content=\"Dental Lesions Pad ile oral lezyon tan\u0131ma ve biyopsi e\u011fitimi! 3 farkl\u0131 patoloji sim\u00fclasyonu ve s\u00fct\u00fcr teknikleri i\u00e7in ideal. Hemen inceleyin.\" \/>\n<meta name=\"robots\" content=\"index, follow, max-snippet:-1, max-image-preview:large, max-video-preview:-1\" \/>\n<link rel=\"canonical\" href=\"https:\/\/merkim.com.tr\/merkim-maket\/urun\/dental-lesions-pad-oral-patoloji-ve-biyopsi-egitim-seti\/\" \/>\n<meta property=\"og:locale\" content=\"tr_TR\" \/>\n<meta property=\"og:type\" content=\"article\" \/>\n<meta property=\"og:title\" content=\"Dental Lesions Pad | Oral Patoloji ve Biyopsi E\u011fitim Seti - Merkim Maket\" \/>\n<meta property=\"og:description\" content=\"Dental Lesions Pad ile oral lezyon tan\u0131ma ve biyopsi e\u011fitimi! 3 farkl\u0131 patoloji sim\u00fclasyonu ve s\u00fct\u00fcr teknikleri i\u00e7in ideal. Hemen inceleyin.\" \/>\n<meta property=\"og:url\" content=\"https:\/\/merkim.com.tr\/merkim-maket\/urun\/dental-lesions-pad-oral-patoloji-ve-biyopsi-egitim-seti\/\" \/>\n<meta property=\"og:site_name\" content=\"Merkim Maket\" \/>\n<meta property=\"article:modified_time\" content=\"2025-06-10T09:59:21+00:00\" \/>\n<meta property=\"og:image\" content=\"https:\/\/merkim.com.tr\/merkim-maket\/wp-content\/uploads\/2025\/06\/dental-lesions-pad-oral-patoloji-biyopsi-egitim-simulatoru-limbs-and-things.png\" \/>\n\t<meta property=\"og:image:width\" content=\"800\" \/>\n\t<meta property=\"og:image:height\" content=\"800\" \/>\n\t<meta property=\"og:image:type\" content=\"image\/png\" \/>\n<meta name=\"twitter:card\" content=\"summary_large_image\" \/>\n<meta name=\"twitter:label1\" content=\"Tahmini okuma s\u00fcresi\" \/>\n\t<meta name=\"twitter:data1\" content=\"2 dakika\" \/>\n<script type=\"application\/ld+json\" class=\"yoast-schema-graph\">{\"@context\":\"https:\/\/schema.org\",\"@graph\":[{\"@type\":\"WebPage\",\"@id\":\"https:\/\/merkim.com.tr\/merkim-maket\/urun\/dental-lesions-pad-oral-patoloji-ve-biyopsi-egitim-seti\/\",\"url\":\"https:\/\/merkim.com.tr\/merkim-maket\/urun\/dental-lesions-pad-oral-patoloji-ve-biyopsi-egitim-seti\/\",\"name\":\"Dental Lesions Pad | Oral Patoloji ve Biyopsi E\u011fitim Seti - Merkim Maket\",\"isPartOf\":{\"@id\":\"https:\/\/merkim.com.tr\/merkim-maket\/#website\"},\"primaryImageOfPage\":{\"@id\":\"https:\/\/merkim.com.tr\/merkim-maket\/urun\/dental-lesions-pad-oral-patoloji-ve-biyopsi-egitim-seti\/#primaryimage\"},\"image\":{\"@id\":\"https:\/\/merkim.com.tr\/merkim-maket\/urun\/dental-lesions-pad-oral-patoloji-ve-biyopsi-egitim-seti\/#primaryimage\"},\"thumbnailUrl\":\"https:\/\/merkim.com.tr\/merkim-maket\/wp-content\/uploads\/2025\/06\/dental-lesions-pad-oral-patoloji-biyopsi-egitim-simulatoru-limbs-and-things.png\",\"datePublished\":\"2025-06-08T15:18:10+00:00\",\"dateModified\":\"2025-06-10T09:59:21+00:00\",\"description\":\"Dental Lesions Pad ile oral lezyon tan\u0131ma ve biyopsi e\u011fitimi! 3 farkl\u0131 patoloji sim\u00fclasyonu ve s\u00fct\u00fcr teknikleri i\u00e7in ideal. Hemen inceleyin.\",\"breadcrumb\":{\"@id\":\"https:\/\/merkim.com.tr\/merkim-maket\/urun\/dental-lesions-pad-oral-patoloji-ve-biyopsi-egitim-seti\/#breadcrumb\"},\"inLanguage\":\"tr\",\"potentialAction\":[{\"@type\":\"ReadAction\",\"target\":[\"https:\/\/merkim.com.tr\/merkim-maket\/urun\/dental-lesions-pad-oral-patoloji-ve-biyopsi-egitim-seti\/\"]}]},{\"@type\":\"ImageObject\",\"inLanguage\":\"tr\",\"@id\":\"https:\/\/merkim.com.tr\/merkim-maket\/urun\/dental-lesions-pad-oral-patoloji-ve-biyopsi-egitim-seti\/#primaryimage\",\"url\":\"https:\/\/merkim.com.tr\/merkim-maket\/wp-content\/uploads\/2025\/06\/dental-lesions-pad-oral-patoloji-biyopsi-egitim-simulatoru-limbs-and-things.png\",\"contentUrl\":\"https:\/\/merkim.com.tr\/merkim-maket\/wp-content\/uploads\/2025\/06\/dental-lesions-pad-oral-patoloji-biyopsi-egitim-simulatoru-limbs-and-things.png\",\"width\":800,\"height\":800,\"caption\":\"Pap\u00fcl, mak\u00fcl ve \u00fclser sim\u00fclasyonu ile biyopsi tekniklerini \u00f6\u011frenin\"},{\"@type\":\"BreadcrumbList\",\"@id\":\"https:\/\/merkim.com.tr\/merkim-maket\/urun\/dental-lesions-pad-oral-patoloji-ve-biyopsi-egitim-seti\/#breadcrumb\",\"itemListElement\":[{\"@type\":\"ListItem\",\"position\":1,\"name\":\"Anasayfa\",\"item\":\"https:\/\/merkim.com.tr\/merkim-maket\/\"},{\"@type\":\"ListItem\",\"position\":2,\"name\":\"Ma\u011faza\",\"item\":\"https:\/\/merkim.com.tr\/merkim-maket\/magaza\/\"},{\"@type\":\"ListItem\",\"position\":3,\"name\":\"Dental Lesions Pad | Oral Patoloji ve Biyopsi E\u011fitim Seti\"}]},{\"@type\":\"WebSite\",\"@id\":\"https:\/\/merkim.com.tr\/merkim-maket\/#website\",\"url\":\"https:\/\/merkim.com.tr\/merkim-maket\/\",\"name\":\"Merkim Maket\",\"description\":\"\",\"potentialAction\":[{\"@type\":\"SearchAction\",\"target\":{\"@type\":\"EntryPoint\",\"urlTemplate\":\"https:\/\/merkim.com.tr\/merkim-maket\/?s={search_term_string}\"},\"query-input\":{\"@type\":\"PropertyValueSpecification\",\"valueRequired\":true,\"valueName\":\"search_term_string\"}}],\"inLanguage\":\"tr\"}]}<\/script>\n<!-- \/ Yoast SEO plugin. -->","yoast_head_json":{"title":"Dental Lesions Pad | Oral Patoloji ve Biyopsi E\u011fitim Seti - Merkim Maket","description":"Dental Lesions Pad ile oral lezyon tan\u0131ma ve biyopsi e\u011fitimi! 3 farkl\u0131 patoloji sim\u00fclasyonu ve s\u00fct\u00fcr teknikleri i\u00e7in ideal. Hemen inceleyin.","robots":{"index":"index","follow":"follow","max-snippet":"max-snippet:-1","max-image-preview":"max-image-preview:large","max-video-preview":"max-video-preview:-1"},"canonical":"https:\/\/merkim.com.tr\/merkim-maket\/urun\/dental-lesions-pad-oral-patoloji-ve-biyopsi-egitim-seti\/","og_locale":"tr_TR","og_type":"article","og_title":"Dental Lesions Pad | Oral Patoloji ve Biyopsi E\u011fitim Seti - Merkim Maket","og_description":"Dental Lesions Pad ile oral lezyon tan\u0131ma ve biyopsi e\u011fitimi! 3 farkl\u0131 patoloji sim\u00fclasyonu ve s\u00fct\u00fcr teknikleri i\u00e7in ideal. Hemen inceleyin.","og_url":"https:\/\/merkim.com.tr\/merkim-maket\/urun\/dental-lesions-pad-oral-patoloji-ve-biyopsi-egitim-seti\/","og_site_name":"Merkim Maket","article_modified_time":"2025-06-10T09:59:21+00:00","og_image":[{"width":800,"height":800,"url":"https:\/\/merkim.com.tr\/merkim-maket\/wp-content\/uploads\/2025\/06\/dental-lesions-pad-oral-patoloji-biyopsi-egitim-simulatoru-limbs-and-things.png","type":"image\/png"}],"twitter_card":"summary_large_image","twitter_misc":{"Tahmini okuma s\u00fcresi":"2 dakika"},"schema":{"@context":"https:\/\/schema.org","@graph":[{"@type":"WebPage","@id":"https:\/\/merkim.com.tr\/merkim-maket\/urun\/dental-lesions-pad-oral-patoloji-ve-biyopsi-egitim-seti\/","url":"https:\/\/merkim.com.tr\/merkim-maket\/urun\/dental-lesions-pad-oral-patoloji-ve-biyopsi-egitim-seti\/","name":"Dental Lesions Pad | Oral Patoloji ve Biyopsi E\u011fitim Seti - Merkim Maket","isPartOf":{"@id":"https:\/\/merkim.com.tr\/merkim-maket\/#website"},"primaryImageOfPage":{"@id":"https:\/\/merkim.com.tr\/merkim-maket\/urun\/dental-lesions-pad-oral-patoloji-ve-biyopsi-egitim-seti\/#primaryimage"},"image":{"@id":"https:\/\/merkim.com.tr\/merkim-maket\/urun\/dental-lesions-pad-oral-patoloji-ve-biyopsi-egitim-seti\/#primaryimage"},"thumbnailUrl":"https:\/\/merkim.com.tr\/merkim-maket\/wp-content\/uploads\/2025\/06\/dental-lesions-pad-oral-patoloji-biyopsi-egitim-simulatoru-limbs-and-things.png","datePublished":"2025-06-08T15:18:10+00:00","dateModified":"2025-06-10T09:59:21+00:00","description":"Dental Lesions Pad ile oral lezyon tan\u0131ma ve biyopsi e\u011fitimi! 3 farkl\u0131 patoloji sim\u00fclasyonu ve s\u00fct\u00fcr teknikleri i\u00e7in ideal. Hemen inceleyin.","breadcrumb":{"@id":"https:\/\/merkim.com.tr\/merkim-maket\/urun\/dental-lesions-pad-oral-patoloji-ve-biyopsi-egitim-seti\/#breadcrumb"},"inLanguage":"tr","potentialAction":[{"@type":"ReadAction","target":["https:\/\/merkim.com.tr\/merkim-maket\/urun\/dental-lesions-pad-oral-patoloji-ve-biyopsi-egitim-seti\/"]}]},{"@type":"ImageObject","inLanguage":"tr","@id":"https:\/\/merkim.com.tr\/merkim-maket\/urun\/dental-lesions-pad-oral-patoloji-ve-biyopsi-egitim-seti\/#primaryimage","url":"https:\/\/merkim.com.tr\/merkim-maket\/wp-content\/uploads\/2025\/06\/dental-lesions-pad-oral-patoloji-biyopsi-egitim-simulatoru-limbs-and-things.png","contentUrl":"https:\/\/merkim.com.tr\/merkim-maket\/wp-content\/uploads\/2025\/06\/dental-lesions-pad-oral-patoloji-biyopsi-egitim-simulatoru-limbs-and-things.png","width":800,"height":800,"caption":"Pap\u00fcl, mak\u00fcl ve \u00fclser sim\u00fclasyonu ile biyopsi tekniklerini \u00f6\u011frenin"},{"@type":"BreadcrumbList","@id":"https:\/\/merkim.com.tr\/merkim-maket\/urun\/dental-lesions-pad-oral-patoloji-ve-biyopsi-egitim-seti\/#breadcrumb","itemListElement":[{"@type":"ListItem","position":1,"name":"Anasayfa","item":"https:\/\/merkim.com.tr\/merkim-maket\/"},{"@type":"ListItem","position":2,"name":"Ma\u011faza","item":"https:\/\/merkim.com.tr\/merkim-maket\/magaza\/"},{"@type":"ListItem","position":3,"name":"Dental Lesions Pad | Oral Patoloji ve Biyopsi E\u011fitim Seti"}]},{"@type":"WebSite","@id":"https:\/\/merkim.com.tr\/merkim-maket\/#website","url":"https:\/\/merkim.com.tr\/merkim-maket\/","name":"Merkim Maket","description":"","potentialAction":[{"@type":"SearchAction","target":{"@type":"EntryPoint","urlTemplate":"https:\/\/merkim.com.tr\/merkim-maket\/?s={search_term_string}"},"query-input":{"@type":"PropertyValueSpecification","valueRequired":true,"valueName":"search_term_string"}}],"inLanguage":"tr"}]}},"_links":{"self":[{"href":"https:\/\/merkim.com.tr\/merkim-maket\/wp-json\/wp\/v2\/product\/93","targetHints":{"allow":["GET"]}}],"collection":[{"href":"https:\/\/merkim.com.tr\/merkim-maket\/wp-json\/wp\/v2\/product"}],"about":[{"href":"https:\/\/merkim.com.tr\/merkim-maket\/wp-json\/wp\/v2\/types\/product"}],"replies":[{"embeddable":true,"href":"https:\/\/merkim.com.tr\/merkim-maket\/wp-json\/wp\/v2\/comments?post=93"}],"wp:featuredmedia":[{"embeddable":true,"href":"https:\/\/merkim.com.tr\/merkim-maket\/wp-json\/wp\/v2\/media\/94"}],"wp:attachment":[{"href":"https:\/\/merkim.com.tr\/merkim-maket\/wp-json\/wp\/v2\/media?parent=93"}],"wp:term":[{"taxonomy":"product_brand","embeddable":true,"href":"https:\/\/merkim.com.tr\/merkim-maket\/wp-json\/wp\/v2\/product_brand?post=93"},{"taxonomy":"product_cat","embeddable":true,"href":"https:\/\/merkim.com.tr\/merkim-maket\/wp-json\/wp\/v2\/product_cat?post=93"},{"taxonomy":"product_tag","embeddable":true,"href":"https:\/\/merkim.com.tr\/merkim-maket\/wp-json\/wp\/v2\/product_tag?post=93"}],"curies":[{"name":"wp","href":"https:\/\/api.w.org\/{rel}","templated":true}]}}