{"id":71,"date":"2025-06-08T12:31:58","date_gmt":"2025-06-08T12:31:58","guid":{"rendered":"https:\/\/merkim.com.tr\/merkim-maket\/?post_type=product&#038;p=71"},"modified":"2025-06-10T10:35:29","modified_gmt":"2025-06-10T10:35:29","slug":"clean-bleed-mat-kan-ve-sivi-kayip-simulasyon-mati-mess-free-simulasyon-cozumu","status":"publish","type":"product","link":"https:\/\/merkim.com.tr\/merkim-maket\/urun\/clean-bleed-mat-kan-ve-sivi-kayip-simulasyon-mati-mess-free-simulasyon-cozumu\/","title":{"rendered":"Clean Bleed\u00ae Mat \u2013 Kan ve S\u0131v\u0131 Kay\u0131p Sim\u00fclasyon Mat\u0131 | Mess-Free Sim\u00fclasyon \u00c7\u00f6z\u00fcm\u00fc"},"content":{"rendered":"<p data-start=\"444\" data-end=\"777\"><strong data-start=\"444\" data-end=\"464\">Clean Bleed\u00ae Mat<\/strong>, kan ve s\u0131v\u0131 kayb\u0131n\u0131n sim\u00fcle edildi\u011fi acil durum e\u011fitim senaryolar\u0131nda yeni bir \u00e7\u0131\u011f\u0131r a\u00e7\u0131yor. Patentli yap\u0131s\u0131 sayesinde <strong data-start=\"585\" data-end=\"630\">temiz, kontroll\u00fc ve tekrar kullan\u0131labilir<\/strong> bir kan ak\u0131\u015f\u0131 deneyimi sunar. Herhangi bir marka manken, g\u00f6rev e\u011fitmeni (task trainer) veya sim\u00fcle hasta ile uyumlu olacak \u015fekilde tasarlanm\u0131\u015ft\u0131r.<\/p>\n<p data-start=\"779\" data-end=\"995\">\u0130ki dakikadan k\u0131sa s\u00fcrede kurulabilen bu sistem, do\u011fum sonras\u0131 kanamalardan cerrahi sonras\u0131 s\u0131z\u0131nt\u0131lara, ate\u015fli silah yaralanmalar\u0131ndan arteriyel kanamalara kadar \u00e7ok geni\u015f bir yelpazede senaryoya entegre edilebilir.<\/p>\n<h3 data-start=\"997\" data-end=\"1029\">\ud83d\ude91 <strong data-start=\"1004\" data-end=\"1029\">\u00d6ne \u00c7\u0131kan \u00d6zellikler:<\/strong><\/h3>\n<ul data-start=\"1030\" data-end=\"1798\">\n<li data-start=\"1030\" data-end=\"1171\">\n<p data-start=\"1032\" data-end=\"1171\"><strong data-start=\"1032\" data-end=\"1065\">Kontrol Edilebilir Ak\u0131\u015f H\u0131z\u0131:<\/strong><br data-start=\"1065\" data-end=\"1068\" \/>50 ml ile 600 ml\/dk aras\u0131nda ayarlanabilir kan\/s\u0131v\u0131 ak\u0131\u015f\u0131 ile farkl\u0131 vakalar\u0131n sim\u00fclasyonu m\u00fcmk\u00fcnd\u00fcr.<\/p>\n<\/li>\n<li data-start=\"1173\" data-end=\"1366\">\n<p data-start=\"1175\" data-end=\"1211\"><strong data-start=\"1175\" data-end=\"1209\">Klinik Ger\u00e7ek\u00e7ili\u011fi Y\u00fckseltir:<\/strong><\/p>\n<ul data-start=\"1214\" data-end=\"1366\">\n<li data-start=\"1214\" data-end=\"1290\">\n<p data-start=\"1216\" data-end=\"1290\">Y\u00fcksek ak\u0131\u015fl\u0131 travmalar: do\u011fum sonras\u0131 kanama, kar\u0131n ve boyun travmalar\u0131<\/p>\n<\/li>\n<li data-start=\"1293\" data-end=\"1366\">\n<p data-start=\"1295\" data-end=\"1366\">D\u00fc\u015f\u00fck ak\u0131\u015fl\u0131 senaryolar: kafa\/periferik travmalar, post-op s\u0131z\u0131nt\u0131lar<\/p>\n<\/li>\n<\/ul>\n<\/li>\n<li data-start=\"1368\" data-end=\"1523\">\n<p data-start=\"1370\" data-end=\"1523\"><strong data-start=\"1370\" data-end=\"1394\">Mess-Free Teknoloji:<\/strong><br data-start=\"1394\" data-end=\"1397\" \/>Kapal\u0131 sistem sayesinde s\u0131v\u0131lar tekrar rezervuara geri \u00e7ekilebilir, bu da <strong data-start=\"1473\" data-end=\"1493\">maliyet avantaj\u0131<\/strong> ve <strong data-start=\"1497\" data-end=\"1515\">kolay temizlik<\/strong> sa\u011flar.<\/p>\n<\/li>\n<li data-start=\"1525\" data-end=\"1668\">\n<p data-start=\"1527\" data-end=\"1668\"><strong data-start=\"1527\" data-end=\"1562\">Ger\u00e7ek Klinik Uygulamaya Yak\u0131n:<\/strong><br data-start=\"1562\" data-end=\"1565\" \/>\u0130\u00e7 mat \u00e7\u0131kar\u0131larak kan\/s\u0131v\u0131 tart\u0131m\u0131 yap\u0131labilir \u2013 bu sayede kantitatif \u00f6l\u00e7\u00fcm (QBL) m\u00fcmk\u00fcn hale gelir.<\/p>\n<\/li>\n<li data-start=\"1670\" data-end=\"1798\">\n<p data-start=\"1672\" data-end=\"1798\"><strong data-start=\"1672\" data-end=\"1701\">Dayan\u0131kl\u0131 ve Ta\u015f\u0131nabilir:<\/strong><br data-start=\"1701\" data-end=\"1704\" \/>\u0130\u00e7\/d\u0131\u015f mek\u00e2n e\u011fitimlerinde kullan\u0131labilir, kolay ta\u015f\u0131ma i\u00e7in \u00f6zel \u00e7antas\u0131yla birlikte gelir.<\/p>\n<\/li>\n<\/ul>\n<h3 data-start=\"1800\" data-end=\"1832\">\ud83e\uddea <strong data-start=\"1807\" data-end=\"1832\">Uyumluluk ve Esneklik<\/strong><\/h3>\n<ul data-start=\"1833\" data-end=\"2071\">\n<li data-start=\"1833\" data-end=\"1901\">\n<p data-start=\"1835\" data-end=\"1901\">Sim\u00fcle hasta, g\u00f6rev e\u011fitmenleri, tam v\u00fccut mankenlerle uyumludur<\/p>\n<\/li>\n<li data-start=\"1902\" data-end=\"1953\">\n<p data-start=\"1904\" data-end=\"1953\">Her t\u00fcr s\u0131v\u0131 senaryosuna g\u00f6re adapte edilebilir<\/p>\n<\/li>\n<li data-start=\"1954\" data-end=\"2018\">\n<p data-start=\"1956\" data-end=\"2018\">Standart boyutlu inkontinans pedleriyle (60&#215;90 cm) uyumludur<\/p>\n<\/li>\n<li data-start=\"2019\" data-end=\"2071\">\n<p data-start=\"2021\" data-end=\"2071\">Latex i\u00e7ermez \u2013 t\u00fcm kullan\u0131c\u0131lar i\u00e7in g\u00fcvenlidir<\/p>\n<\/li>\n<\/ul>\n<h3 data-start=\"2073\" data-end=\"2103\">\ud83e\ude7a <strong data-start=\"2080\" data-end=\"2103\">Kazan\u0131lan Beceriler<\/strong><\/h3>\n<ul data-start=\"2104\" data-end=\"2385\">\n<li data-start=\"2104\" data-end=\"2147\">\n<p data-start=\"2106\" data-end=\"2147\">G\u00f6rsel de\u011ferlendirme ve v\u00fccut muayenesi<\/p>\n<\/li>\n<li data-start=\"2148\" data-end=\"2194\">\n<p data-start=\"2150\" data-end=\"2194\">Kan\/s\u0131v\u0131 h\u0131z ve rengine g\u00f6re de\u011ferlendirme<\/p>\n<\/li>\n<li data-start=\"2195\" data-end=\"2235\">\n<p data-start=\"2197\" data-end=\"2235\">M\u00fcdahale \u00f6ncesi\/sonras\u0131 hasta takibi<\/p>\n<\/li>\n<li data-start=\"2236\" data-end=\"2284\">\n<p data-start=\"2238\" data-end=\"2284\">H\u0131zl\u0131 transf\u00fczyon protokol\u00fc ba\u015flatma e\u011fitimi<\/p>\n<\/li>\n<li data-start=\"2285\" data-end=\"2321\">\n<p data-start=\"2287\" data-end=\"2321\">QBL hesaplama ve kanama y\u00f6netimi<\/p>\n<\/li>\n<li data-start=\"2322\" data-end=\"2385\">\n<p data-start=\"2324\" data-end=\"2385\">Beden s\u0131v\u0131lar\u0131na kar\u015f\u0131 uygun koruyucu ekipman (PPE) kullan\u0131m\u0131<\/p>\n<\/li>\n<\/ul>\n<h3 data-start=\"2387\" data-end=\"2427\">\u2705 <strong data-start=\"2393\" data-end=\"2427\">G\u00fcvenlik ve Kullan\u0131m Kolayl\u0131\u011f\u0131<\/strong><\/h3>\n<p data-start=\"2428\" data-end=\"2594\">Yeni geli\u015ftirilen <strong data-start=\"2446\" data-end=\"2468\">kan s\u0131v\u0131s\u0131 i\u00e7eri\u011fi<\/strong>, EU kozmetik reg\u00fclasyonlar\u0131na uygundur; seyreltilerek kullan\u0131ld\u0131\u011f\u0131nda <strong data-start=\"2539\" data-end=\"2574\">uzun s\u00fcreli cilt temas\u0131na uygun<\/strong> hale getirilmi\u015ftir.<\/p>\n<blockquote data-start=\"2596\" data-end=\"2679\">\n<p data-start=\"2598\" data-end=\"2679\">\ud83d\udc69\u200d\u2695\ufe0f <em data-start=\"2604\" data-end=\"2679\">Eldivenle kullan\u0131m \u00f6nerilir; pigmentler giysi ve ciltte leke b\u0131rakabilir.<\/em><\/p>\n<\/blockquote>\n","protected":false},"excerpt":{"rendered":"<p>Temiz, kontrol edilebilir ve tekrar kullan\u0131labilir yap\u0131s\u0131yla Clean Bleed\u00ae Mat, t\u00fcm kan\/s\u0131v\u0131 kayb\u0131 sim\u00fclasyonlar\u0131nda ger\u00e7ek\u00e7ili\u011fi ve e\u011fitim kalitesini art\u0131r\u0131r.<\/p>\n","protected":false},"featured_media":72,"comment_status":"open","ping_status":"closed","template":"","meta":[],"product_brand":[129],"product_cat":[15,523,130,128],"product_tag":[206,201,209,202,211,214,215,210,207,205,208,203,212,204,213,216],"class_list":{"0":"post-71","1":"product","2":"type-product","3":"status-publish","4":"has-post-thumbnail","6":"product_brand-limbs-things","7":"product_cat-genel","8":"product_cat-acil-tip","9":"product_cat-nursing","10":"product_cat-limbs-things","11":"product_tag-acil-mudahale-egitimi","12":"product_tag-clean-bleed-mat","13":"product_tag-gorev-egitmeni","14":"product_tag-kan-kaybi-simulatoru","15":"product_tag-kanama-senaryosu","16":"product_tag-klinik-egitim-mati","17":"product_tag-latex-free-simulasyon","18":"product_tag-manken-uyumlu-simulasyon","19":"product_tag-postpartum-kanama-simulasyonu","20":"product_tag-qbl-egitimi","21":"product_tag-simule-hasta","22":"product_tag-sivi-kaybi-egitimi","23":"product_tag-temiz-simulasyon-mati","24":"product_tag-tibbi-simulasyon-ekipmani","25":"product_tag-yeniden-kullanilabilir-kan-simulasyonu","26":"product_tag-yuksek-akisli-kanama","28":"first","29":"instock","30":"shipping-taxable","31":"product-type-simple"},"yoast_head":"<!-- This site is optimized with the Yoast SEO plugin v25.2 - https:\/\/yoast.com\/wordpress\/plugins\/seo\/ -->\n<title>Clean Bleed\u00ae Mat \u2013 Kan ve S\u0131v\u0131 Kay\u0131p Sim\u00fclasyon Mat\u0131 | Mess-Free Sim\u00fclasyon \u00c7\u00f6z\u00fcm\u00fc - Merkim Maket<\/title>\n<meta name=\"description\" content=\"Clean Bleed\u00ae Mat ile kan ve s\u0131v\u0131 kayb\u0131 e\u011fitimlerinizi bir \u00fcst seviyeye ta\u015f\u0131y\u0131n. H\u0131zl\u0131 kurulumlu, kontroll\u00fc ve temiz e\u011fitim mat\u0131 ile ger\u00e7ek\u00e7i senaryolar yarat\u0131n.\" \/>\n<meta name=\"robots\" content=\"index, follow, max-snippet:-1, max-image-preview:large, max-video-preview:-1\" \/>\n<link rel=\"canonical\" href=\"https:\/\/merkim.com.tr\/merkim-maket\/urun\/clean-bleed-mat-kan-ve-sivi-kayip-simulasyon-mati-mess-free-simulasyon-cozumu\/\" \/>\n<meta property=\"og:locale\" content=\"tr_TR\" \/>\n<meta property=\"og:type\" content=\"article\" \/>\n<meta property=\"og:title\" content=\"Clean Bleed\u00ae Mat \u2013 Kan ve S\u0131v\u0131 Kay\u0131p Sim\u00fclasyon Mat\u0131 | Mess-Free Sim\u00fclasyon \u00c7\u00f6z\u00fcm\u00fc - Merkim Maket\" \/>\n<meta property=\"og:description\" content=\"Clean Bleed\u00ae Mat ile kan ve s\u0131v\u0131 kayb\u0131 e\u011fitimlerinizi bir \u00fcst seviyeye ta\u015f\u0131y\u0131n. H\u0131zl\u0131 kurulumlu, kontroll\u00fc ve temiz e\u011fitim mat\u0131 ile ger\u00e7ek\u00e7i senaryolar yarat\u0131n.\" \/>\n<meta property=\"og:url\" content=\"https:\/\/merkim.com.tr\/merkim-maket\/urun\/clean-bleed-mat-kan-ve-sivi-kayip-simulasyon-mati-mess-free-simulasyon-cozumu\/\" \/>\n<meta property=\"og:site_name\" content=\"Merkim Maket\" \/>\n<meta property=\"article:modified_time\" content=\"2025-06-10T10:35:29+00:00\" \/>\n<meta property=\"og:image\" content=\"https:\/\/merkim.com.tr\/merkim-maket\/wp-content\/uploads\/2025\/06\/clean-bleed-mat-simulasyon-kan-kaybi-limbsandthings.png\" \/>\n\t<meta property=\"og:image:width\" content=\"800\" \/>\n\t<meta property=\"og:image:height\" content=\"800\" \/>\n\t<meta property=\"og:image:type\" content=\"image\/png\" \/>\n<meta name=\"twitter:card\" content=\"summary_large_image\" \/>\n<meta name=\"twitter:label1\" content=\"Tahmini okuma s\u00fcresi\" \/>\n\t<meta name=\"twitter:data1\" content=\"2 dakika\" \/>\n<script type=\"application\/ld+json\" class=\"yoast-schema-graph\">{\"@context\":\"https:\/\/schema.org\",\"@graph\":[{\"@type\":\"WebPage\",\"@id\":\"https:\/\/merkim.com.tr\/merkim-maket\/urun\/clean-bleed-mat-kan-ve-sivi-kayip-simulasyon-mati-mess-free-simulasyon-cozumu\/\",\"url\":\"https:\/\/merkim.com.tr\/merkim-maket\/urun\/clean-bleed-mat-kan-ve-sivi-kayip-simulasyon-mati-mess-free-simulasyon-cozumu\/\",\"name\":\"Clean Bleed\u00ae Mat \u2013 Kan ve S\u0131v\u0131 Kay\u0131p Sim\u00fclasyon Mat\u0131 | Mess-Free Sim\u00fclasyon \u00c7\u00f6z\u00fcm\u00fc - Merkim Maket\",\"isPartOf\":{\"@id\":\"https:\/\/merkim.com.tr\/merkim-maket\/#website\"},\"primaryImageOfPage\":{\"@id\":\"https:\/\/merkim.com.tr\/merkim-maket\/urun\/clean-bleed-mat-kan-ve-sivi-kayip-simulasyon-mati-mess-free-simulasyon-cozumu\/#primaryimage\"},\"image\":{\"@id\":\"https:\/\/merkim.com.tr\/merkim-maket\/urun\/clean-bleed-mat-kan-ve-sivi-kayip-simulasyon-mati-mess-free-simulasyon-cozumu\/#primaryimage\"},\"thumbnailUrl\":\"https:\/\/merkim.com.tr\/merkim-maket\/wp-content\/uploads\/2025\/06\/clean-bleed-mat-simulasyon-kan-kaybi-limbsandthings.png\",\"datePublished\":\"2025-06-08T12:31:58+00:00\",\"dateModified\":\"2025-06-10T10:35:29+00:00\",\"description\":\"Clean Bleed\u00ae Mat ile kan ve s\u0131v\u0131 kayb\u0131 e\u011fitimlerinizi bir \u00fcst seviyeye ta\u015f\u0131y\u0131n. H\u0131zl\u0131 kurulumlu, kontroll\u00fc ve temiz e\u011fitim mat\u0131 ile ger\u00e7ek\u00e7i senaryolar yarat\u0131n.\",\"breadcrumb\":{\"@id\":\"https:\/\/merkim.com.tr\/merkim-maket\/urun\/clean-bleed-mat-kan-ve-sivi-kayip-simulasyon-mati-mess-free-simulasyon-cozumu\/#breadcrumb\"},\"inLanguage\":\"tr\",\"potentialAction\":[{\"@type\":\"ReadAction\",\"target\":[\"https:\/\/merkim.com.tr\/merkim-maket\/urun\/clean-bleed-mat-kan-ve-sivi-kayip-simulasyon-mati-mess-free-simulasyon-cozumu\/\"]}]},{\"@type\":\"ImageObject\",\"inLanguage\":\"tr\",\"@id\":\"https:\/\/merkim.com.tr\/merkim-maket\/urun\/clean-bleed-mat-kan-ve-sivi-kayip-simulasyon-mati-mess-free-simulasyon-cozumu\/#primaryimage\",\"url\":\"https:\/\/merkim.com.tr\/merkim-maket\/wp-content\/uploads\/2025\/06\/clean-bleed-mat-simulasyon-kan-kaybi-limbsandthings.png\",\"contentUrl\":\"https:\/\/merkim.com.tr\/merkim-maket\/wp-content\/uploads\/2025\/06\/clean-bleed-mat-simulasyon-kan-kaybi-limbsandthings.png\",\"width\":800,\"height\":800,\"caption\":\"QBL ve acil durum sim\u00fclasyonlar\u0131 i\u00e7in tasarlanm\u0131\u015f, tekrar kullan\u0131labilir, temiz ve kontroll\u00fc kan ak\u0131\u015f\u0131 mat\u0131\"},{\"@type\":\"BreadcrumbList\",\"@id\":\"https:\/\/merkim.com.tr\/merkim-maket\/urun\/clean-bleed-mat-kan-ve-sivi-kayip-simulasyon-mati-mess-free-simulasyon-cozumu\/#breadcrumb\",\"itemListElement\":[{\"@type\":\"ListItem\",\"position\":1,\"name\":\"Anasayfa\",\"item\":\"https:\/\/merkim.com.tr\/merkim-maket\/\"},{\"@type\":\"ListItem\",\"position\":2,\"name\":\"Ma\u011faza\",\"item\":\"https:\/\/merkim.com.tr\/merkim-maket\/magaza\/\"},{\"@type\":\"ListItem\",\"position\":3,\"name\":\"Clean Bleed\u00ae Mat \u2013 Kan ve S\u0131v\u0131 Kay\u0131p Sim\u00fclasyon Mat\u0131 | Mess-Free Sim\u00fclasyon \u00c7\u00f6z\u00fcm\u00fc\"}]},{\"@type\":\"WebSite\",\"@id\":\"https:\/\/merkim.com.tr\/merkim-maket\/#website\",\"url\":\"https:\/\/merkim.com.tr\/merkim-maket\/\",\"name\":\"Merkim Maket\",\"description\":\"\",\"potentialAction\":[{\"@type\":\"SearchAction\",\"target\":{\"@type\":\"EntryPoint\",\"urlTemplate\":\"https:\/\/merkim.com.tr\/merkim-maket\/?s={search_term_string}\"},\"query-input\":{\"@type\":\"PropertyValueSpecification\",\"valueRequired\":true,\"valueName\":\"search_term_string\"}}],\"inLanguage\":\"tr\"}]}<\/script>\n<!-- \/ Yoast SEO plugin. -->","yoast_head_json":{"title":"Clean Bleed\u00ae Mat \u2013 Kan ve S\u0131v\u0131 Kay\u0131p Sim\u00fclasyon Mat\u0131 | Mess-Free Sim\u00fclasyon \u00c7\u00f6z\u00fcm\u00fc - Merkim Maket","description":"Clean Bleed\u00ae Mat ile kan ve s\u0131v\u0131 kayb\u0131 e\u011fitimlerinizi bir \u00fcst seviyeye ta\u015f\u0131y\u0131n. H\u0131zl\u0131 kurulumlu, kontroll\u00fc ve temiz e\u011fitim mat\u0131 ile ger\u00e7ek\u00e7i senaryolar yarat\u0131n.","robots":{"index":"index","follow":"follow","max-snippet":"max-snippet:-1","max-image-preview":"max-image-preview:large","max-video-preview":"max-video-preview:-1"},"canonical":"https:\/\/merkim.com.tr\/merkim-maket\/urun\/clean-bleed-mat-kan-ve-sivi-kayip-simulasyon-mati-mess-free-simulasyon-cozumu\/","og_locale":"tr_TR","og_type":"article","og_title":"Clean Bleed\u00ae Mat \u2013 Kan ve S\u0131v\u0131 Kay\u0131p Sim\u00fclasyon Mat\u0131 | Mess-Free Sim\u00fclasyon \u00c7\u00f6z\u00fcm\u00fc - Merkim Maket","og_description":"Clean Bleed\u00ae Mat ile kan ve s\u0131v\u0131 kayb\u0131 e\u011fitimlerinizi bir \u00fcst seviyeye ta\u015f\u0131y\u0131n. H\u0131zl\u0131 kurulumlu, kontroll\u00fc ve temiz e\u011fitim mat\u0131 ile ger\u00e7ek\u00e7i senaryolar yarat\u0131n.","og_url":"https:\/\/merkim.com.tr\/merkim-maket\/urun\/clean-bleed-mat-kan-ve-sivi-kayip-simulasyon-mati-mess-free-simulasyon-cozumu\/","og_site_name":"Merkim Maket","article_modified_time":"2025-06-10T10:35:29+00:00","og_image":[{"width":800,"height":800,"url":"https:\/\/merkim.com.tr\/merkim-maket\/wp-content\/uploads\/2025\/06\/clean-bleed-mat-simulasyon-kan-kaybi-limbsandthings.png","type":"image\/png"}],"twitter_card":"summary_large_image","twitter_misc":{"Tahmini okuma s\u00fcresi":"2 dakika"},"schema":{"@context":"https:\/\/schema.org","@graph":[{"@type":"WebPage","@id":"https:\/\/merkim.com.tr\/merkim-maket\/urun\/clean-bleed-mat-kan-ve-sivi-kayip-simulasyon-mati-mess-free-simulasyon-cozumu\/","url":"https:\/\/merkim.com.tr\/merkim-maket\/urun\/clean-bleed-mat-kan-ve-sivi-kayip-simulasyon-mati-mess-free-simulasyon-cozumu\/","name":"Clean Bleed\u00ae Mat \u2013 Kan ve S\u0131v\u0131 Kay\u0131p Sim\u00fclasyon Mat\u0131 | Mess-Free Sim\u00fclasyon \u00c7\u00f6z\u00fcm\u00fc - Merkim Maket","isPartOf":{"@id":"https:\/\/merkim.com.tr\/merkim-maket\/#website"},"primaryImageOfPage":{"@id":"https:\/\/merkim.com.tr\/merkim-maket\/urun\/clean-bleed-mat-kan-ve-sivi-kayip-simulasyon-mati-mess-free-simulasyon-cozumu\/#primaryimage"},"image":{"@id":"https:\/\/merkim.com.tr\/merkim-maket\/urun\/clean-bleed-mat-kan-ve-sivi-kayip-simulasyon-mati-mess-free-simulasyon-cozumu\/#primaryimage"},"thumbnailUrl":"https:\/\/merkim.com.tr\/merkim-maket\/wp-content\/uploads\/2025\/06\/clean-bleed-mat-simulasyon-kan-kaybi-limbsandthings.png","datePublished":"2025-06-08T12:31:58+00:00","dateModified":"2025-06-10T10:35:29+00:00","description":"Clean Bleed\u00ae Mat ile kan ve s\u0131v\u0131 kayb\u0131 e\u011fitimlerinizi bir \u00fcst seviyeye ta\u015f\u0131y\u0131n. H\u0131zl\u0131 kurulumlu, kontroll\u00fc ve temiz e\u011fitim mat\u0131 ile ger\u00e7ek\u00e7i senaryolar yarat\u0131n.","breadcrumb":{"@id":"https:\/\/merkim.com.tr\/merkim-maket\/urun\/clean-bleed-mat-kan-ve-sivi-kayip-simulasyon-mati-mess-free-simulasyon-cozumu\/#breadcrumb"},"inLanguage":"tr","potentialAction":[{"@type":"ReadAction","target":["https:\/\/merkim.com.tr\/merkim-maket\/urun\/clean-bleed-mat-kan-ve-sivi-kayip-simulasyon-mati-mess-free-simulasyon-cozumu\/"]}]},{"@type":"ImageObject","inLanguage":"tr","@id":"https:\/\/merkim.com.tr\/merkim-maket\/urun\/clean-bleed-mat-kan-ve-sivi-kayip-simulasyon-mati-mess-free-simulasyon-cozumu\/#primaryimage","url":"https:\/\/merkim.com.tr\/merkim-maket\/wp-content\/uploads\/2025\/06\/clean-bleed-mat-simulasyon-kan-kaybi-limbsandthings.png","contentUrl":"https:\/\/merkim.com.tr\/merkim-maket\/wp-content\/uploads\/2025\/06\/clean-bleed-mat-simulasyon-kan-kaybi-limbsandthings.png","width":800,"height":800,"caption":"QBL ve acil durum sim\u00fclasyonlar\u0131 i\u00e7in tasarlanm\u0131\u015f, tekrar kullan\u0131labilir, temiz ve kontroll\u00fc kan ak\u0131\u015f\u0131 mat\u0131"},{"@type":"BreadcrumbList","@id":"https:\/\/merkim.com.tr\/merkim-maket\/urun\/clean-bleed-mat-kan-ve-sivi-kayip-simulasyon-mati-mess-free-simulasyon-cozumu\/#breadcrumb","itemListElement":[{"@type":"ListItem","position":1,"name":"Anasayfa","item":"https:\/\/merkim.com.tr\/merkim-maket\/"},{"@type":"ListItem","position":2,"name":"Ma\u011faza","item":"https:\/\/merkim.com.tr\/merkim-maket\/magaza\/"},{"@type":"ListItem","position":3,"name":"Clean Bleed\u00ae Mat \u2013 Kan ve S\u0131v\u0131 Kay\u0131p Sim\u00fclasyon Mat\u0131 | Mess-Free Sim\u00fclasyon \u00c7\u00f6z\u00fcm\u00fc"}]},{"@type":"WebSite","@id":"https:\/\/merkim.com.tr\/merkim-maket\/#website","url":"https:\/\/merkim.com.tr\/merkim-maket\/","name":"Merkim Maket","description":"","potentialAction":[{"@type":"SearchAction","target":{"@type":"EntryPoint","urlTemplate":"https:\/\/merkim.com.tr\/merkim-maket\/?s={search_term_string}"},"query-input":{"@type":"PropertyValueSpecification","valueRequired":true,"valueName":"search_term_string"}}],"inLanguage":"tr"}]}},"_links":{"self":[{"href":"https:\/\/merkim.com.tr\/merkim-maket\/wp-json\/wp\/v2\/product\/71","targetHints":{"allow":["GET"]}}],"collection":[{"href":"https:\/\/merkim.com.tr\/merkim-maket\/wp-json\/wp\/v2\/product"}],"about":[{"href":"https:\/\/merkim.com.tr\/merkim-maket\/wp-json\/wp\/v2\/types\/product"}],"replies":[{"embeddable":true,"href":"https:\/\/merkim.com.tr\/merkim-maket\/wp-json\/wp\/v2\/comments?post=71"}],"wp:featuredmedia":[{"embeddable":true,"href":"https:\/\/merkim.com.tr\/merkim-maket\/wp-json\/wp\/v2\/media\/72"}],"wp:attachment":[{"href":"https:\/\/merkim.com.tr\/merkim-maket\/wp-json\/wp\/v2\/media?parent=71"}],"wp:term":[{"taxonomy":"product_brand","embeddable":true,"href":"https:\/\/merkim.com.tr\/merkim-maket\/wp-json\/wp\/v2\/product_brand?post=71"},{"taxonomy":"product_cat","embeddable":true,"href":"https:\/\/merkim.com.tr\/merkim-maket\/wp-json\/wp\/v2\/product_cat?post=71"},{"taxonomy":"product_tag","embeddable":true,"href":"https:\/\/merkim.com.tr\/merkim-maket\/wp-json\/wp\/v2\/product_tag?post=71"}],"curies":[{"name":"wp","href":"https:\/\/api.w.org\/{rel}","templated":true}]}}