{"id":553,"date":"2025-07-10T12:41:26","date_gmt":"2025-07-10T12:41:26","guid":{"rendered":"https:\/\/merkim.com.tr\/merkim-maket\/?post_type=product&#038;p=553"},"modified":"2025-07-10T12:41:27","modified_gmt":"2025-07-10T12:41:27","slug":"brad-yetiskin-cpr-manikeni-tasima-cantasi-ve-dizliklerle","status":"publish","type":"product","link":"https:\/\/merkim.com.tr\/merkim-maket\/urun\/brad-yetiskin-cpr-manikeni-tasima-cantasi-ve-dizliklerle\/","title":{"rendered":"Brad Yeti\u015fkin CPR Manikeni, Ta\u015f\u0131ma \u00c7antas\u0131 ve Dizliklerle"},"content":{"rendered":"<p dir=\"ltr\" data-pm-slice=\"1 1 []\"><strong>Brad Yeti\u015fkin CPR Manikeni, Ta\u015f\u0131ma \u00c7antas\u0131 ve Dizliklerle<\/strong> (SKU: 100-2801), uygun maliyetli, dayan\u0131kl\u0131 ve ger\u00e7ek\u00e7i bir CPR e\u011fitim arac\u0131d\u0131r. <strong>Nasco Healthcare<\/strong> taraf\u0131ndan tasarlanan bu maniken, yumu\u015fak vinil plastik ve poli\u00fcretan k\u00f6p\u00fck kombinasyonuyla \u00fcretilmi\u015ftir, b\u00f6ylece hem ger\u00e7ek\u00e7i bir his sa\u011flar hem de yo\u011fun kullan\u0131ma dayan\u0131kl\u0131d\u0131r. CPR e\u011fitmenleri, sa\u011fl\u0131k e\u011fitimcileri ve acil durum e\u011fitim tesisleri i\u00e7in ideal olan bu maniken, hayat kurtaran CPR tekniklerini \u00f6\u011fretmek i\u00e7in tasarlanm\u0131\u015ft\u0131r ve hem bireysel hem de grup e\u011fitimleri i\u00e7in m\u00fckemmel bir se\u00e7enektir.<\/p>\n<p dir=\"ltr\">Maniken, <strong>uzun g\u00f6vde tasar\u0131m\u0131<\/strong> ile ger\u00e7ek\u00e7i abdominal itme (Heimlich manevras\u0131) uygulamalar\u0131 i\u00e7in uygundur. <strong>Ger\u00e7ek\u00e7i ba\u015f e\u011fme\/\u00e7ene kald\u0131rma y\u00f6ntemi<\/strong>, hava yolunu a\u00e7mak i\u00e7in do\u011fru tekni\u011fi \u00f6\u011fretir ve <strong>anatomik i\u015faret noktalar\u0131<\/strong> (sternum, kaburga kafesi ve substernal \u00e7entik) do\u011fru el pozisyonu ve s\u0131k\u0131\u015ft\u0131rma tekniklerini kolayla\u015ft\u0131r\u0131r. Ayr\u0131ca, <strong>hava yolu manip\u00fclasyonu<\/strong> ile t\u0131kanm\u0131\u015f hava yolu veya bo\u011fulma durumlar\u0131 sim\u00fcle edilebilir, bu da ger\u00e7ek\u00e7i acil durum senaryolar\u0131n\u0131 destekler.<\/p>\n<p dir=\"ltr\"><strong>Lateks i\u00e7ermeyen<\/strong> yap\u0131s\u0131, alerji endi\u015fesi olmadan geni\u015f bir kullan\u0131c\u0131 kitlesi i\u00e7in g\u00fcvenli bir kullan\u0131m sunar. Maniken, <strong>\u00fc\u00e7 adet tek kullan\u0131ml\u0131k akci\u011fer\/hava yolu sistemi<\/strong> ve <strong>\u00fc\u00e7 kanal tasar\u0131ml\u0131 a\u011f\u0131z\/burun par\u00e7alar\u0131<\/strong> ile hijyenik bir e\u011fitim ortam\u0131 sa\u011flar. Bir milyondan fazla s\u0131k\u0131\u015ft\u0131rmaya dayanacak \u015fekilde test edilmi\u015f olan bu maniken, ola\u011fan\u00fcst\u00fc dayan\u0131kl\u0131l\u0131k sunar ve <strong>\u00fc\u00e7 y\u0131l garanti<\/strong> ile desteklenir. Paket i\u00e7eri\u011finde bulunan <strong>ta\u015f\u0131ma \u00e7antas\u0131<\/strong> ve <strong>dizlikler<\/strong>, manikeni kolayca ta\u015f\u0131ma ve rahat bir e\u011fitim ortam\u0131 sa\u011flama imkan\u0131 sunar.<\/p>\n<h3 dir=\"ltr\">Temel \u00d6zellikler:<\/h3>\n<ul class=\"tight\" dir=\"ltr\" data-tight=\"true\">\n<li>\n<p dir=\"ltr\"><strong>Ger\u00e7ek\u00e7i Tasar\u0131m<\/strong>: Yumu\u015fak vinil plastik ve poli\u00fcretan k\u00f6p\u00fck ile ger\u00e7ek\u00e7i his ve g\u00f6r\u00fcn\u00fcm.<\/p>\n<\/li>\n<li>\n<p dir=\"ltr\"><strong>Anatomik \u0130\u015faret Noktalar\u0131<\/strong>: Sternum, kaburga kafesi ve substernal \u00e7entik ile do\u011fru el pozisyonu.<\/p>\n<\/li>\n<li>\n<p dir=\"ltr\"><strong>Hava Yolu Sim\u00fclasyonu<\/strong>: Ba\u015f e\u011fme\/\u00e7ene kald\u0131rma ve t\u0131kanm\u0131\u015f hava yolu sim\u00fclasyonu.<\/p>\n<\/li>\n<li>\n<p dir=\"ltr\"><strong>Hijyenik Kullan\u0131m<\/strong>: Tek kullan\u0131ml\u0131k akci\u011fer\/hava yolu sistemleri ile tamamen hijyenik.<\/p>\n<\/li>\n<li>\n<p dir=\"ltr\"><strong>Dayan\u0131kl\u0131l\u0131k<\/strong>: Bir milyondan fazla s\u0131k\u0131\u015ft\u0131rmaya dayan\u0131kl\u0131, \u00fc\u00e7 y\u0131l garanti.<\/p>\n<\/li>\n<li>\n<p dir=\"ltr\"><strong>Ta\u015f\u0131nabilirlik<\/strong>: Ta\u015f\u0131ma \u00e7antas\u0131 ve dizliklerle kolay transport ve konforlu kullan\u0131m.<\/p>\n<\/li>\n<\/ul>\n<p dir=\"ltr\"><strong>Not<\/strong>: Daha geli\u015fmi\u015f bir e\u011fitim i\u00e7in, do\u011fru el pozisyonu ve yeterli s\u0131k\u0131\u015ft\u0131rma\/ventilasyon derinli\u011fini g\u00f6steren \u0131\u015f\u0131k sinyalli elektronik \u00f6zelliklere sahip <strong>Brad CPR Manikeni (SKU: 100-2850)<\/strong> modelini tercih edebilirsiniz.<\/p>\n","protected":false},"excerpt":{"rendered":"<p dir=\"ltr\" data-pm-slice=\"1 1 []\">Brad Yeti\u015fkin CPR Manikeni, ger\u00e7ek\u00e7i vinil plastik tasar\u0131m\u0131, hijyenik tek kullan\u0131ml\u0131k hava yolu sistemi ve ta\u015f\u0131ma \u00e7antas\u0131 ile CPR e\u011fitimi i\u00e7in ideal bir \u00e7\u00f6z\u00fcmd\u00fcr. Anatomik i\u015faret noktalar\u0131 ve dayan\u0131kl\u0131 yap\u0131s\u0131yla profesyonel e\u011fitim sunar.<\/p>\n","protected":false},"featured_media":554,"comment_status":"open","ping_status":"closed","template":"","meta":[],"product_brand":[16],"product_cat":[15,1489,78],"product_tag":[1131,1536,1534,872,1522,1526,27,34,1535,1524,1527],"class_list":{"0":"post-553","1":"product","2":"type-product","3":"status-publish","4":"has-post-thumbnail","6":"product_brand-nasco-healthcare","7":"product_cat-genel","8":"product_cat-cpr-mankenleri","9":"product_cat-nasco-healthcare","10":"product_tag-acil-durum-egitimi","11":"product_tag-anatomik-cpr-manikeni","12":"product_tag-brad-cpr","13":"product_tag-cpr-egitimi","14":"product_tag-cpr-manikeni","15":"product_tag-hijyenik-maniken","16":"product_tag-nasco-healthcare","17":"product_tag-saglik-egitimi","18":"product_tag-tasima-cantali-maniken","19":"product_tag-tibbi-maniken","20":"product_tag-yetiskin-cpr","22":"first","23":"instock","24":"shipping-taxable","25":"product-type-simple"},"yoast_head":"<!-- This site is optimized with the Yoast SEO plugin v25.2 - https:\/\/yoast.com\/wordpress\/plugins\/seo\/ -->\n<title>Brad Yeti\u015fkin CPR Manikeni, Ta\u015f\u0131ma \u00c7antas\u0131 ve Dizliklerle - Merkim Maket<\/title>\n<meta name=\"description\" content=\"Brad Yeti\u015fkin CPR Manikeni, hijyenik, ger\u00e7ek\u00e7i ve ta\u015f\u0131nabilir tasar\u0131m\u0131yla CPR e\u011fitimi i\u00e7in m\u00fckemmel. Ta\u015f\u0131ma \u00e7antas\u0131 ve dizlikler dahil. Hemen ke\u015ffedin!\" \/>\n<meta name=\"robots\" content=\"index, follow, max-snippet:-1, max-image-preview:large, max-video-preview:-1\" \/>\n<link rel=\"canonical\" href=\"https:\/\/merkim.com.tr\/merkim-maket\/urun\/brad-yetiskin-cpr-manikeni-tasima-cantasi-ve-dizliklerle\/\" \/>\n<meta property=\"og:locale\" content=\"tr_TR\" \/>\n<meta property=\"og:type\" content=\"article\" \/>\n<meta property=\"og:title\" content=\"Brad Yeti\u015fkin CPR Manikeni, Ta\u015f\u0131ma \u00c7antas\u0131 ve Dizliklerle - Merkim Maket\" \/>\n<meta property=\"og:description\" content=\"Brad Yeti\u015fkin CPR Manikeni, hijyenik, ger\u00e7ek\u00e7i ve ta\u015f\u0131nabilir tasar\u0131m\u0131yla CPR e\u011fitimi i\u00e7in m\u00fckemmel. Ta\u015f\u0131ma \u00e7antas\u0131 ve dizlikler dahil. Hemen ke\u015ffedin!\" \/>\n<meta property=\"og:url\" content=\"https:\/\/merkim.com.tr\/merkim-maket\/urun\/brad-yetiskin-cpr-manikeni-tasima-cantasi-ve-dizliklerle\/\" \/>\n<meta property=\"og:site_name\" content=\"Merkim Maket\" \/>\n<meta property=\"article:modified_time\" content=\"2025-07-10T12:41:27+00:00\" \/>\n<meta property=\"og:image\" content=\"https:\/\/merkim.com.tr\/merkim-maket\/wp-content\/uploads\/2025\/07\/brad-yetiskin-cpr-manikeni-nasco-healthcare.png\" \/>\n\t<meta property=\"og:image:width\" content=\"800\" \/>\n\t<meta property=\"og:image:height\" content=\"800\" \/>\n\t<meta property=\"og:image:type\" content=\"image\/png\" \/>\n<meta name=\"twitter:card\" content=\"summary_large_image\" \/>\n<meta name=\"twitter:label1\" content=\"Tahmini okuma s\u00fcresi\" \/>\n\t<meta name=\"twitter:data1\" content=\"3 dakika\" \/>\n<script type=\"application\/ld+json\" class=\"yoast-schema-graph\">{\"@context\":\"https:\/\/schema.org\",\"@graph\":[{\"@type\":\"WebPage\",\"@id\":\"https:\/\/merkim.com.tr\/merkim-maket\/urun\/brad-yetiskin-cpr-manikeni-tasima-cantasi-ve-dizliklerle\/\",\"url\":\"https:\/\/merkim.com.tr\/merkim-maket\/urun\/brad-yetiskin-cpr-manikeni-tasima-cantasi-ve-dizliklerle\/\",\"name\":\"Brad Yeti\u015fkin CPR Manikeni, Ta\u015f\u0131ma \u00c7antas\u0131 ve Dizliklerle - Merkim Maket\",\"isPartOf\":{\"@id\":\"https:\/\/merkim.com.tr\/merkim-maket\/#website\"},\"primaryImageOfPage\":{\"@id\":\"https:\/\/merkim.com.tr\/merkim-maket\/urun\/brad-yetiskin-cpr-manikeni-tasima-cantasi-ve-dizliklerle\/#primaryimage\"},\"image\":{\"@id\":\"https:\/\/merkim.com.tr\/merkim-maket\/urun\/brad-yetiskin-cpr-manikeni-tasima-cantasi-ve-dizliklerle\/#primaryimage\"},\"thumbnailUrl\":\"https:\/\/merkim.com.tr\/merkim-maket\/wp-content\/uploads\/2025\/07\/brad-yetiskin-cpr-manikeni-nasco-healthcare.png\",\"datePublished\":\"2025-07-10T12:41:26+00:00\",\"dateModified\":\"2025-07-10T12:41:27+00:00\",\"description\":\"Brad Yeti\u015fkin CPR Manikeni, hijyenik, ger\u00e7ek\u00e7i ve ta\u015f\u0131nabilir tasar\u0131m\u0131yla CPR e\u011fitimi i\u00e7in m\u00fckemmel. Ta\u015f\u0131ma \u00e7antas\u0131 ve dizlikler dahil. Hemen ke\u015ffedin!\",\"breadcrumb\":{\"@id\":\"https:\/\/merkim.com.tr\/merkim-maket\/urun\/brad-yetiskin-cpr-manikeni-tasima-cantasi-ve-dizliklerle\/#breadcrumb\"},\"inLanguage\":\"tr\",\"potentialAction\":[{\"@type\":\"ReadAction\",\"target\":[\"https:\/\/merkim.com.tr\/merkim-maket\/urun\/brad-yetiskin-cpr-manikeni-tasima-cantasi-ve-dizliklerle\/\"]}]},{\"@type\":\"ImageObject\",\"inLanguage\":\"tr\",\"@id\":\"https:\/\/merkim.com.tr\/merkim-maket\/urun\/brad-yetiskin-cpr-manikeni-tasima-cantasi-ve-dizliklerle\/#primaryimage\",\"url\":\"https:\/\/merkim.com.tr\/merkim-maket\/wp-content\/uploads\/2025\/07\/brad-yetiskin-cpr-manikeni-nasco-healthcare.png\",\"contentUrl\":\"https:\/\/merkim.com.tr\/merkim-maket\/wp-content\/uploads\/2025\/07\/brad-yetiskin-cpr-manikeni-nasco-healthcare.png\",\"width\":800,\"height\":800,\"caption\":\"Nasco Healthcare\u2019in Brad Yeti\u015fkin CPR Manikeni ile profesyonel ve hijyenik CPR e\u011fitimi\"},{\"@type\":\"BreadcrumbList\",\"@id\":\"https:\/\/merkim.com.tr\/merkim-maket\/urun\/brad-yetiskin-cpr-manikeni-tasima-cantasi-ve-dizliklerle\/#breadcrumb\",\"itemListElement\":[{\"@type\":\"ListItem\",\"position\":1,\"name\":\"Anasayfa\",\"item\":\"https:\/\/merkim.com.tr\/merkim-maket\/\"},{\"@type\":\"ListItem\",\"position\":2,\"name\":\"Ma\u011faza\",\"item\":\"https:\/\/merkim.com.tr\/merkim-maket\/magaza\/\"},{\"@type\":\"ListItem\",\"position\":3,\"name\":\"Brad Yeti\u015fkin CPR Manikeni, Ta\u015f\u0131ma \u00c7antas\u0131 ve Dizliklerle\"}]},{\"@type\":\"WebSite\",\"@id\":\"https:\/\/merkim.com.tr\/merkim-maket\/#website\",\"url\":\"https:\/\/merkim.com.tr\/merkim-maket\/\",\"name\":\"Merkim Maket\",\"description\":\"\",\"potentialAction\":[{\"@type\":\"SearchAction\",\"target\":{\"@type\":\"EntryPoint\",\"urlTemplate\":\"https:\/\/merkim.com.tr\/merkim-maket\/?s={search_term_string}\"},\"query-input\":{\"@type\":\"PropertyValueSpecification\",\"valueRequired\":true,\"valueName\":\"search_term_string\"}}],\"inLanguage\":\"tr\"}]}<\/script>\n<!-- \/ Yoast SEO plugin. -->","yoast_head_json":{"title":"Brad Yeti\u015fkin CPR Manikeni, Ta\u015f\u0131ma \u00c7antas\u0131 ve Dizliklerle - Merkim Maket","description":"Brad Yeti\u015fkin CPR Manikeni, hijyenik, ger\u00e7ek\u00e7i ve ta\u015f\u0131nabilir tasar\u0131m\u0131yla CPR e\u011fitimi i\u00e7in m\u00fckemmel. Ta\u015f\u0131ma \u00e7antas\u0131 ve dizlikler dahil. Hemen ke\u015ffedin!","robots":{"index":"index","follow":"follow","max-snippet":"max-snippet:-1","max-image-preview":"max-image-preview:large","max-video-preview":"max-video-preview:-1"},"canonical":"https:\/\/merkim.com.tr\/merkim-maket\/urun\/brad-yetiskin-cpr-manikeni-tasima-cantasi-ve-dizliklerle\/","og_locale":"tr_TR","og_type":"article","og_title":"Brad Yeti\u015fkin CPR Manikeni, Ta\u015f\u0131ma \u00c7antas\u0131 ve Dizliklerle - Merkim Maket","og_description":"Brad Yeti\u015fkin CPR Manikeni, hijyenik, ger\u00e7ek\u00e7i ve ta\u015f\u0131nabilir tasar\u0131m\u0131yla CPR e\u011fitimi i\u00e7in m\u00fckemmel. Ta\u015f\u0131ma \u00e7antas\u0131 ve dizlikler dahil. Hemen ke\u015ffedin!","og_url":"https:\/\/merkim.com.tr\/merkim-maket\/urun\/brad-yetiskin-cpr-manikeni-tasima-cantasi-ve-dizliklerle\/","og_site_name":"Merkim Maket","article_modified_time":"2025-07-10T12:41:27+00:00","og_image":[{"width":800,"height":800,"url":"https:\/\/merkim.com.tr\/merkim-maket\/wp-content\/uploads\/2025\/07\/brad-yetiskin-cpr-manikeni-nasco-healthcare.png","type":"image\/png"}],"twitter_card":"summary_large_image","twitter_misc":{"Tahmini okuma s\u00fcresi":"3 dakika"},"schema":{"@context":"https:\/\/schema.org","@graph":[{"@type":"WebPage","@id":"https:\/\/merkim.com.tr\/merkim-maket\/urun\/brad-yetiskin-cpr-manikeni-tasima-cantasi-ve-dizliklerle\/","url":"https:\/\/merkim.com.tr\/merkim-maket\/urun\/brad-yetiskin-cpr-manikeni-tasima-cantasi-ve-dizliklerle\/","name":"Brad Yeti\u015fkin CPR Manikeni, Ta\u015f\u0131ma \u00c7antas\u0131 ve Dizliklerle - Merkim Maket","isPartOf":{"@id":"https:\/\/merkim.com.tr\/merkim-maket\/#website"},"primaryImageOfPage":{"@id":"https:\/\/merkim.com.tr\/merkim-maket\/urun\/brad-yetiskin-cpr-manikeni-tasima-cantasi-ve-dizliklerle\/#primaryimage"},"image":{"@id":"https:\/\/merkim.com.tr\/merkim-maket\/urun\/brad-yetiskin-cpr-manikeni-tasima-cantasi-ve-dizliklerle\/#primaryimage"},"thumbnailUrl":"https:\/\/merkim.com.tr\/merkim-maket\/wp-content\/uploads\/2025\/07\/brad-yetiskin-cpr-manikeni-nasco-healthcare.png","datePublished":"2025-07-10T12:41:26+00:00","dateModified":"2025-07-10T12:41:27+00:00","description":"Brad Yeti\u015fkin CPR Manikeni, hijyenik, ger\u00e7ek\u00e7i ve ta\u015f\u0131nabilir tasar\u0131m\u0131yla CPR e\u011fitimi i\u00e7in m\u00fckemmel. Ta\u015f\u0131ma \u00e7antas\u0131 ve dizlikler dahil. Hemen ke\u015ffedin!","breadcrumb":{"@id":"https:\/\/merkim.com.tr\/merkim-maket\/urun\/brad-yetiskin-cpr-manikeni-tasima-cantasi-ve-dizliklerle\/#breadcrumb"},"inLanguage":"tr","potentialAction":[{"@type":"ReadAction","target":["https:\/\/merkim.com.tr\/merkim-maket\/urun\/brad-yetiskin-cpr-manikeni-tasima-cantasi-ve-dizliklerle\/"]}]},{"@type":"ImageObject","inLanguage":"tr","@id":"https:\/\/merkim.com.tr\/merkim-maket\/urun\/brad-yetiskin-cpr-manikeni-tasima-cantasi-ve-dizliklerle\/#primaryimage","url":"https:\/\/merkim.com.tr\/merkim-maket\/wp-content\/uploads\/2025\/07\/brad-yetiskin-cpr-manikeni-nasco-healthcare.png","contentUrl":"https:\/\/merkim.com.tr\/merkim-maket\/wp-content\/uploads\/2025\/07\/brad-yetiskin-cpr-manikeni-nasco-healthcare.png","width":800,"height":800,"caption":"Nasco Healthcare\u2019in Brad Yeti\u015fkin CPR Manikeni ile profesyonel ve hijyenik CPR e\u011fitimi"},{"@type":"BreadcrumbList","@id":"https:\/\/merkim.com.tr\/merkim-maket\/urun\/brad-yetiskin-cpr-manikeni-tasima-cantasi-ve-dizliklerle\/#breadcrumb","itemListElement":[{"@type":"ListItem","position":1,"name":"Anasayfa","item":"https:\/\/merkim.com.tr\/merkim-maket\/"},{"@type":"ListItem","position":2,"name":"Ma\u011faza","item":"https:\/\/merkim.com.tr\/merkim-maket\/magaza\/"},{"@type":"ListItem","position":3,"name":"Brad Yeti\u015fkin CPR Manikeni, Ta\u015f\u0131ma \u00c7antas\u0131 ve Dizliklerle"}]},{"@type":"WebSite","@id":"https:\/\/merkim.com.tr\/merkim-maket\/#website","url":"https:\/\/merkim.com.tr\/merkim-maket\/","name":"Merkim Maket","description":"","potentialAction":[{"@type":"SearchAction","target":{"@type":"EntryPoint","urlTemplate":"https:\/\/merkim.com.tr\/merkim-maket\/?s={search_term_string}"},"query-input":{"@type":"PropertyValueSpecification","valueRequired":true,"valueName":"search_term_string"}}],"inLanguage":"tr"}]}},"_links":{"self":[{"href":"https:\/\/merkim.com.tr\/merkim-maket\/wp-json\/wp\/v2\/product\/553","targetHints":{"allow":["GET"]}}],"collection":[{"href":"https:\/\/merkim.com.tr\/merkim-maket\/wp-json\/wp\/v2\/product"}],"about":[{"href":"https:\/\/merkim.com.tr\/merkim-maket\/wp-json\/wp\/v2\/types\/product"}],"replies":[{"embeddable":true,"href":"https:\/\/merkim.com.tr\/merkim-maket\/wp-json\/wp\/v2\/comments?post=553"}],"wp:featuredmedia":[{"embeddable":true,"href":"https:\/\/merkim.com.tr\/merkim-maket\/wp-json\/wp\/v2\/media\/554"}],"wp:attachment":[{"href":"https:\/\/merkim.com.tr\/merkim-maket\/wp-json\/wp\/v2\/media?parent=553"}],"wp:term":[{"taxonomy":"product_brand","embeddable":true,"href":"https:\/\/merkim.com.tr\/merkim-maket\/wp-json\/wp\/v2\/product_brand?post=553"},{"taxonomy":"product_cat","embeddable":true,"href":"https:\/\/merkim.com.tr\/merkim-maket\/wp-json\/wp\/v2\/product_cat?post=553"},{"taxonomy":"product_tag","embeddable":true,"href":"https:\/\/merkim.com.tr\/merkim-maket\/wp-json\/wp\/v2\/product_tag?post=553"}],"curies":[{"name":"wp","href":"https:\/\/api.w.org\/{rel}","templated":true}]}}