{"id":550,"date":"2025-07-10T11:55:58","date_gmt":"2025-07-10T11:55:58","guid":{"rendered":"https:\/\/merkim.com.tr\/merkim-maket\/?post_type=product&#038;p=550"},"modified":"2025-07-10T11:55:58","modified_gmt":"2025-07-10T11:55:58","slug":"life-form-basic-buddy-plus-powered-by-heartisense-cpr-manikeni","status":"publish","type":"product","link":"https:\/\/merkim.com.tr\/merkim-maket\/urun\/life-form-basic-buddy-plus-powered-by-heartisense-cpr-manikeni\/","title":{"rendered":"Life\/form\u00ae Basic Buddy\u00ae Plus powered by Heartisense\u00ae CPR Manikeni"},"content":{"rendered":"<p dir=\"ltr\" data-pm-slice=\"1 1 []\"><strong>Life\/form\u00ae Basic Buddy\u00ae Plus powered by Heartisense\u00ae CPR Manikeni<\/strong> (SKU: LF03693 A), CPR e\u011fitimini daha etkili, do\u011fru ve teknolojik bir d\u00fczeye ta\u015f\u0131yan geli\u015fmi\u015f ve uygun maliyetli bir e\u011fitim arac\u0131d\u0131r. <strong>Nasco Healthcare<\/strong> taraf\u0131ndan tasarlanan ve ABD\u2019de \u00fcretilen bu son teknoloji maniken, <strong>American Heart Association (AHA)<\/strong> y\u00f6nergelerine tam uyumluluk sa\u011flar ve her seviyeden kullan\u0131c\u0131ya profesyonel CPR teknikleri \u00f6\u011fretmek i\u00e7in ideal bir \u00e7\u00f6z\u00fcmd\u00fcr. <strong>Heartisense\u00ae teknolojisi<\/strong> ile desteklenen bu maniken, ger\u00e7ek zamanl\u0131 geri bildirim sunarak e\u011fitmenlerin ve \u00f6\u011frencilerin CPR performans\u0131n\u0131 optimize etmelerine olanak tan\u0131r.<\/p>\n<p dir=\"ltr\">Bu maniken, hem bireysel hem de grup e\u011fitimleri i\u00e7in tasarlanm\u0131\u015ft\u0131r ve hafif, ta\u015f\u0131nabilir yap\u0131s\u0131yla her ortamda kolayca kullan\u0131labilir. <strong>Heartisense\u00ae uygulamas\u0131<\/strong> arac\u0131l\u0131\u011f\u0131yla s\u0131k\u0131\u015ft\u0131rma ve ventilasyon kalitesini anl\u0131k olarak izleme imkan\u0131 sunar, b\u00f6ylece \u00f6\u011frenciler do\u011fru teknikleri \u00f6\u011frenirken e\u011fitmenler performans\u0131 de\u011ferlendirebilir. iPhone\u00ae, iPad\u00ae veya Android\u2122 cihazlarda \u00e7al\u0131\u015fan <strong>\u00f6\u011frenci ve e\u011fitmen uygulamalar\u0131<\/strong>, e\u011fitim s\u00fcrecini interaktif ve veri odakl\u0131 hale getirir (cihazlar dahil de\u011fildir).<\/p>\n<p dir=\"ltr\">Maniken, <strong>anatomik olarak do\u011fru referans noktalar\u0131<\/strong> (\u00f6rne\u011fin, palpabl ksifoid \u00e7\u0131k\u0131nt\u0131) ile donat\u0131lm\u0131\u015ft\u0131r ve do\u011fru el pozisyonu ile s\u0131k\u0131\u015ft\u0131rmalar\u0131 y\u00f6nlendirmek i\u00e7in tasarlanm\u0131\u015ft\u0131r. <strong>Ba\u015f e\u011fme\/\u00e7ene kald\u0131rma y\u00f6ntemi<\/strong> ile hava yolu a\u00e7\u0131l\u0131r ve do\u011fru ventilasyon yap\u0131ld\u0131\u011f\u0131nda <strong>g\u00f6r\u00fcn\u00fcr g\u00f6\u011f\u00fcs y\u00fckseli\u015fi<\/strong> g\u00f6zlemlenir. Ayr\u0131ca, <strong>t\u0131kal\u0131 hava yolu sim\u00fclasyonu<\/strong> ile ger\u00e7ek\u00e7i acil durum senaryolar\u0131 olu\u015fturulabilir.<\/p>\n<p dir=\"ltr\"><strong>Kolay montaj<\/strong>, <strong>d\u00fc\u015f\u00fck bak\u0131m<\/strong> ve <strong>hijyenik tasar\u0131m<\/strong> \u00f6zellikleriyle \u00f6ne \u00e7\u0131kan bu maniken, <strong>tek kullan\u0131ml\u0131k akci\u011fer\/a\u011f\u0131z koruma torbalar\u0131<\/strong> ile tamamen hijyenik bir e\u011fitim ortam\u0131 sa\u011flar. Paket i\u00e7eri\u011finde <strong>yeti\u015fkin k\u00f6p\u00fck s\u0131k\u0131\u015ft\u0131rma blo\u011fu<\/strong>, <strong>10 adet akci\u011fer\/a\u011f\u0131z koruma torbas\u0131<\/strong>, <strong>akci\u011fer yerle\u015ftirme arac\u0131<\/strong>, <strong>nefes mod\u00fcl\u00fc<\/strong> ve ayr\u0131nt\u0131l\u0131 <strong>montaj talimatlar\u0131<\/strong> bulunur. Sa\u011flam yap\u0131s\u0131 ve <strong>be\u015f y\u0131l garanti<\/strong> ile desteklenen bu maniken, uzun s\u00fcreli kullan\u0131m i\u00e7in g\u00fcvenilir bir se\u00e7enektir.<\/p>\n<h3 dir=\"ltr\">Temel \u00d6zellikler:<\/h3>\n<ul class=\"tight\" dir=\"ltr\" data-tight=\"true\">\n<li>\n<p dir=\"ltr\"><strong>Heartisense\u00ae ile Ger\u00e7ek Zamanl\u0131 Geri Bildirim<\/strong>: S\u0131k\u0131\u015ft\u0131rma ve ventilasyon kalitesini anl\u0131k olarak izlemek i\u00e7in \u00f6\u011frenci ve e\u011fitmen uygulamalar\u0131.<\/p>\n<\/li>\n<li>\n<p dir=\"ltr\"><strong>AHA Uyumlulu\u011fu<\/strong>: G\u00fcncel American Heart Association y\u00f6nergelerine uygun.<\/p>\n<\/li>\n<li>\n<p dir=\"ltr\"><strong>Hijyenik ve Kolay Temizlik<\/strong>: Tek kullan\u0131ml\u0131k akci\u011fer\/a\u011f\u0131z koruma sistemi ile tamamen hijyenik.<\/p>\n<\/li>\n<li>\n<p dir=\"ltr\"><strong>Ger\u00e7ek\u00e7i E\u011fitim<\/strong>: G\u00f6r\u00fcn\u00fcr g\u00f6\u011f\u00fcs y\u00fckseli\u015fi, t\u0131kal\u0131 hava yolu sim\u00fclasyonu ve anatomik i\u015faret noktalar\u0131.<\/p>\n<\/li>\n<li>\n<p dir=\"ltr\"><strong>Ta\u015f\u0131nabilir ve Dayan\u0131kl\u0131<\/strong>: Hafif tasar\u0131m ve be\u015f y\u0131l garanti ile uzun s\u00fcreli kullan\u0131m.<\/p>\n<\/li>\n<li>\n<p dir=\"ltr\"><strong>Kolay Kullan\u0131m<\/strong>: H\u0131zl\u0131 montaj ve d\u00fc\u015f\u00fck bak\u0131m gereksinimleri.<\/p>\n<\/li>\n<\/ul>\n<p dir=\"ltr\"><strong>Not<\/strong>: AED e\u011fitimi i\u00e7in k\u00f6p\u00fck g\u00f6vdeli mankenler kullan\u0131ld\u0131\u011f\u0131nda, yaln\u0131zca k\u00f6p\u00fck g\u00f6vdeler i\u00e7in tasarlanm\u0131\u015f pedler kullan\u0131lmal\u0131d\u0131r.<\/p>\n","protected":false},"excerpt":{"rendered":"<p dir=\"ltr\" data-pm-slice=\"1 1 []\">Life\/form\u00ae Basic Buddy\u00ae Plus powered by Heartisense\u00ae CPR Manikeni, ger\u00e7ek zamanl\u0131 geri bildirim sunan, AHA uyumlu, hijyenik ve ta\u015f\u0131nabilir bir e\u011fitim arac\u0131d\u0131r. Yeti\u015fkin CPR e\u011fitimi i\u00e7in ideal, kolay monte edilir ve dayan\u0131kl\u0131d\u0131r.<\/p>\n","protected":false},"featured_media":551,"comment_status":"open","ping_status":"closed","template":"","meta":[],"product_brand":[16],"product_cat":[15,1489,78],"product_tag":[1533,1530,872,1522,1532,1531,1526,27,34,77,1527],"class_list":{"0":"post-550","1":"product","2":"type-product","3":"status-publish","4":"has-post-thumbnail","6":"product_brand-nasco-healthcare","7":"product_cat-genel","8":"product_cat-cpr-mankenleri","9":"product_cat-nasco-healthcare","10":"product_tag-aha-uyumlu","11":"product_tag-basic-buddy-plus","12":"product_tag-cpr-egitimi","13":"product_tag-cpr-manikeni","14":"product_tag-gercek-zamanli-geri-bildirim","15":"product_tag-heartisense","16":"product_tag-hijyenik-maniken","17":"product_tag-nasco-healthcare","18":"product_tag-saglik-egitimi","19":"product_tag-tibbi-egitim-ekipmanlari","20":"product_tag-yetiskin-cpr","22":"first","23":"instock","24":"shipping-taxable","25":"product-type-simple"},"yoast_head":"<!-- This site is optimized with the Yoast SEO plugin v25.2 - https:\/\/yoast.com\/wordpress\/plugins\/seo\/ -->\n<title>Life\/form\u00ae Basic Buddy\u00ae Plus powered by Heartisense\u00ae CPR Manikeni - Merkim Maket<\/title>\n<meta name=\"description\" content=\"Life\/form\u00ae Basic Buddy\u00ae Plus CPR Manikeni, Heartisense\u00ae ile ger\u00e7ek zamanl\u0131 geri bildirim sunar. AHA uyumlu, hijyenik ve ta\u015f\u0131nabilir. CPR e\u011fitiminde m\u00fckemmel bir se\u00e7im!\" \/>\n<meta name=\"robots\" content=\"index, follow, max-snippet:-1, max-image-preview:large, max-video-preview:-1\" \/>\n<link rel=\"canonical\" href=\"https:\/\/merkim.com.tr\/merkim-maket\/urun\/life-form-basic-buddy-plus-powered-by-heartisense-cpr-manikeni\/\" \/>\n<meta property=\"og:locale\" content=\"tr_TR\" \/>\n<meta property=\"og:type\" content=\"article\" \/>\n<meta property=\"og:title\" content=\"Life\/form\u00ae Basic Buddy\u00ae Plus powered by Heartisense\u00ae CPR Manikeni - Merkim Maket\" \/>\n<meta property=\"og:description\" content=\"Life\/form\u00ae Basic Buddy\u00ae Plus CPR Manikeni, Heartisense\u00ae ile ger\u00e7ek zamanl\u0131 geri bildirim sunar. AHA uyumlu, hijyenik ve ta\u015f\u0131nabilir. CPR e\u011fitiminde m\u00fckemmel bir se\u00e7im!\" \/>\n<meta property=\"og:url\" content=\"https:\/\/merkim.com.tr\/merkim-maket\/urun\/life-form-basic-buddy-plus-powered-by-heartisense-cpr-manikeni\/\" \/>\n<meta property=\"og:site_name\" content=\"Merkim Maket\" \/>\n<meta property=\"og:image\" content=\"https:\/\/merkim.com.tr\/merkim-maket\/wp-content\/uploads\/2025\/07\/lifeform-basic-buddy-plus-cpr-manikeni-nasco-healthcare.png\" \/>\n\t<meta property=\"og:image:width\" content=\"800\" \/>\n\t<meta property=\"og:image:height\" content=\"800\" \/>\n\t<meta property=\"og:image:type\" content=\"image\/png\" \/>\n<meta name=\"twitter:card\" content=\"summary_large_image\" \/>\n<meta name=\"twitter:label1\" content=\"Tahmini okuma s\u00fcresi\" \/>\n\t<meta name=\"twitter:data1\" content=\"3 dakika\" \/>\n<script type=\"application\/ld+json\" class=\"yoast-schema-graph\">{\"@context\":\"https:\/\/schema.org\",\"@graph\":[{\"@type\":\"WebPage\",\"@id\":\"https:\/\/merkim.com.tr\/merkim-maket\/urun\/life-form-basic-buddy-plus-powered-by-heartisense-cpr-manikeni\/\",\"url\":\"https:\/\/merkim.com.tr\/merkim-maket\/urun\/life-form-basic-buddy-plus-powered-by-heartisense-cpr-manikeni\/\",\"name\":\"Life\/form\u00ae Basic Buddy\u00ae Plus powered by Heartisense\u00ae CPR Manikeni - Merkim Maket\",\"isPartOf\":{\"@id\":\"https:\/\/merkim.com.tr\/merkim-maket\/#website\"},\"primaryImageOfPage\":{\"@id\":\"https:\/\/merkim.com.tr\/merkim-maket\/urun\/life-form-basic-buddy-plus-powered-by-heartisense-cpr-manikeni\/#primaryimage\"},\"image\":{\"@id\":\"https:\/\/merkim.com.tr\/merkim-maket\/urun\/life-form-basic-buddy-plus-powered-by-heartisense-cpr-manikeni\/#primaryimage\"},\"thumbnailUrl\":\"https:\/\/merkim.com.tr\/merkim-maket\/wp-content\/uploads\/2025\/07\/lifeform-basic-buddy-plus-cpr-manikeni-nasco-healthcare.png\",\"datePublished\":\"2025-07-10T11:55:58+00:00\",\"description\":\"Life\/form\u00ae Basic Buddy\u00ae Plus CPR Manikeni, Heartisense\u00ae ile ger\u00e7ek zamanl\u0131 geri bildirim sunar. AHA uyumlu, hijyenik ve ta\u015f\u0131nabilir. CPR e\u011fitiminde m\u00fckemmel bir se\u00e7im!\",\"breadcrumb\":{\"@id\":\"https:\/\/merkim.com.tr\/merkim-maket\/urun\/life-form-basic-buddy-plus-powered-by-heartisense-cpr-manikeni\/#breadcrumb\"},\"inLanguage\":\"tr\",\"potentialAction\":[{\"@type\":\"ReadAction\",\"target\":[\"https:\/\/merkim.com.tr\/merkim-maket\/urun\/life-form-basic-buddy-plus-powered-by-heartisense-cpr-manikeni\/\"]}]},{\"@type\":\"ImageObject\",\"inLanguage\":\"tr\",\"@id\":\"https:\/\/merkim.com.tr\/merkim-maket\/urun\/life-form-basic-buddy-plus-powered-by-heartisense-cpr-manikeni\/#primaryimage\",\"url\":\"https:\/\/merkim.com.tr\/merkim-maket\/wp-content\/uploads\/2025\/07\/lifeform-basic-buddy-plus-cpr-manikeni-nasco-healthcare.png\",\"contentUrl\":\"https:\/\/merkim.com.tr\/merkim-maket\/wp-content\/uploads\/2025\/07\/lifeform-basic-buddy-plus-cpr-manikeni-nasco-healthcare.png\",\"width\":800,\"height\":800,\"caption\":\"Nasco Healthcare\u2019in Heartisense\u00ae teknolojili Basic Buddy Plus CPR Manikeni ile profesyonel CPR e\u011fitimi\"},{\"@type\":\"BreadcrumbList\",\"@id\":\"https:\/\/merkim.com.tr\/merkim-maket\/urun\/life-form-basic-buddy-plus-powered-by-heartisense-cpr-manikeni\/#breadcrumb\",\"itemListElement\":[{\"@type\":\"ListItem\",\"position\":1,\"name\":\"Anasayfa\",\"item\":\"https:\/\/merkim.com.tr\/merkim-maket\/\"},{\"@type\":\"ListItem\",\"position\":2,\"name\":\"Ma\u011faza\",\"item\":\"https:\/\/merkim.com.tr\/merkim-maket\/magaza\/\"},{\"@type\":\"ListItem\",\"position\":3,\"name\":\"Life\/form\u00ae Basic Buddy\u00ae Plus powered by Heartisense\u00ae CPR Manikeni\"}]},{\"@type\":\"WebSite\",\"@id\":\"https:\/\/merkim.com.tr\/merkim-maket\/#website\",\"url\":\"https:\/\/merkim.com.tr\/merkim-maket\/\",\"name\":\"Merkim Maket\",\"description\":\"\",\"potentialAction\":[{\"@type\":\"SearchAction\",\"target\":{\"@type\":\"EntryPoint\",\"urlTemplate\":\"https:\/\/merkim.com.tr\/merkim-maket\/?s={search_term_string}\"},\"query-input\":{\"@type\":\"PropertyValueSpecification\",\"valueRequired\":true,\"valueName\":\"search_term_string\"}}],\"inLanguage\":\"tr\"}]}<\/script>\n<!-- \/ Yoast SEO plugin. -->","yoast_head_json":{"title":"Life\/form\u00ae Basic Buddy\u00ae Plus powered by Heartisense\u00ae CPR Manikeni - Merkim Maket","description":"Life\/form\u00ae Basic Buddy\u00ae Plus CPR Manikeni, Heartisense\u00ae ile ger\u00e7ek zamanl\u0131 geri bildirim sunar. AHA uyumlu, hijyenik ve ta\u015f\u0131nabilir. CPR e\u011fitiminde m\u00fckemmel bir se\u00e7im!","robots":{"index":"index","follow":"follow","max-snippet":"max-snippet:-1","max-image-preview":"max-image-preview:large","max-video-preview":"max-video-preview:-1"},"canonical":"https:\/\/merkim.com.tr\/merkim-maket\/urun\/life-form-basic-buddy-plus-powered-by-heartisense-cpr-manikeni\/","og_locale":"tr_TR","og_type":"article","og_title":"Life\/form\u00ae Basic Buddy\u00ae Plus powered by Heartisense\u00ae CPR Manikeni - Merkim Maket","og_description":"Life\/form\u00ae Basic Buddy\u00ae Plus CPR Manikeni, Heartisense\u00ae ile ger\u00e7ek zamanl\u0131 geri bildirim sunar. AHA uyumlu, hijyenik ve ta\u015f\u0131nabilir. CPR e\u011fitiminde m\u00fckemmel bir se\u00e7im!","og_url":"https:\/\/merkim.com.tr\/merkim-maket\/urun\/life-form-basic-buddy-plus-powered-by-heartisense-cpr-manikeni\/","og_site_name":"Merkim Maket","og_image":[{"width":800,"height":800,"url":"https:\/\/merkim.com.tr\/merkim-maket\/wp-content\/uploads\/2025\/07\/lifeform-basic-buddy-plus-cpr-manikeni-nasco-healthcare.png","type":"image\/png"}],"twitter_card":"summary_large_image","twitter_misc":{"Tahmini okuma s\u00fcresi":"3 dakika"},"schema":{"@context":"https:\/\/schema.org","@graph":[{"@type":"WebPage","@id":"https:\/\/merkim.com.tr\/merkim-maket\/urun\/life-form-basic-buddy-plus-powered-by-heartisense-cpr-manikeni\/","url":"https:\/\/merkim.com.tr\/merkim-maket\/urun\/life-form-basic-buddy-plus-powered-by-heartisense-cpr-manikeni\/","name":"Life\/form\u00ae Basic Buddy\u00ae Plus powered by Heartisense\u00ae CPR Manikeni - Merkim Maket","isPartOf":{"@id":"https:\/\/merkim.com.tr\/merkim-maket\/#website"},"primaryImageOfPage":{"@id":"https:\/\/merkim.com.tr\/merkim-maket\/urun\/life-form-basic-buddy-plus-powered-by-heartisense-cpr-manikeni\/#primaryimage"},"image":{"@id":"https:\/\/merkim.com.tr\/merkim-maket\/urun\/life-form-basic-buddy-plus-powered-by-heartisense-cpr-manikeni\/#primaryimage"},"thumbnailUrl":"https:\/\/merkim.com.tr\/merkim-maket\/wp-content\/uploads\/2025\/07\/lifeform-basic-buddy-plus-cpr-manikeni-nasco-healthcare.png","datePublished":"2025-07-10T11:55:58+00:00","description":"Life\/form\u00ae Basic Buddy\u00ae Plus CPR Manikeni, Heartisense\u00ae ile ger\u00e7ek zamanl\u0131 geri bildirim sunar. AHA uyumlu, hijyenik ve ta\u015f\u0131nabilir. CPR e\u011fitiminde m\u00fckemmel bir se\u00e7im!","breadcrumb":{"@id":"https:\/\/merkim.com.tr\/merkim-maket\/urun\/life-form-basic-buddy-plus-powered-by-heartisense-cpr-manikeni\/#breadcrumb"},"inLanguage":"tr","potentialAction":[{"@type":"ReadAction","target":["https:\/\/merkim.com.tr\/merkim-maket\/urun\/life-form-basic-buddy-plus-powered-by-heartisense-cpr-manikeni\/"]}]},{"@type":"ImageObject","inLanguage":"tr","@id":"https:\/\/merkim.com.tr\/merkim-maket\/urun\/life-form-basic-buddy-plus-powered-by-heartisense-cpr-manikeni\/#primaryimage","url":"https:\/\/merkim.com.tr\/merkim-maket\/wp-content\/uploads\/2025\/07\/lifeform-basic-buddy-plus-cpr-manikeni-nasco-healthcare.png","contentUrl":"https:\/\/merkim.com.tr\/merkim-maket\/wp-content\/uploads\/2025\/07\/lifeform-basic-buddy-plus-cpr-manikeni-nasco-healthcare.png","width":800,"height":800,"caption":"Nasco Healthcare\u2019in Heartisense\u00ae teknolojili Basic Buddy Plus CPR Manikeni ile profesyonel CPR e\u011fitimi"},{"@type":"BreadcrumbList","@id":"https:\/\/merkim.com.tr\/merkim-maket\/urun\/life-form-basic-buddy-plus-powered-by-heartisense-cpr-manikeni\/#breadcrumb","itemListElement":[{"@type":"ListItem","position":1,"name":"Anasayfa","item":"https:\/\/merkim.com.tr\/merkim-maket\/"},{"@type":"ListItem","position":2,"name":"Ma\u011faza","item":"https:\/\/merkim.com.tr\/merkim-maket\/magaza\/"},{"@type":"ListItem","position":3,"name":"Life\/form\u00ae Basic Buddy\u00ae Plus powered by Heartisense\u00ae CPR Manikeni"}]},{"@type":"WebSite","@id":"https:\/\/merkim.com.tr\/merkim-maket\/#website","url":"https:\/\/merkim.com.tr\/merkim-maket\/","name":"Merkim Maket","description":"","potentialAction":[{"@type":"SearchAction","target":{"@type":"EntryPoint","urlTemplate":"https:\/\/merkim.com.tr\/merkim-maket\/?s={search_term_string}"},"query-input":{"@type":"PropertyValueSpecification","valueRequired":true,"valueName":"search_term_string"}}],"inLanguage":"tr"}]}},"_links":{"self":[{"href":"https:\/\/merkim.com.tr\/merkim-maket\/wp-json\/wp\/v2\/product\/550","targetHints":{"allow":["GET"]}}],"collection":[{"href":"https:\/\/merkim.com.tr\/merkim-maket\/wp-json\/wp\/v2\/product"}],"about":[{"href":"https:\/\/merkim.com.tr\/merkim-maket\/wp-json\/wp\/v2\/types\/product"}],"replies":[{"embeddable":true,"href":"https:\/\/merkim.com.tr\/merkim-maket\/wp-json\/wp\/v2\/comments?post=550"}],"wp:featuredmedia":[{"embeddable":true,"href":"https:\/\/merkim.com.tr\/merkim-maket\/wp-json\/wp\/v2\/media\/551"}],"wp:attachment":[{"href":"https:\/\/merkim.com.tr\/merkim-maket\/wp-json\/wp\/v2\/media?parent=550"}],"wp:term":[{"taxonomy":"product_brand","embeddable":true,"href":"https:\/\/merkim.com.tr\/merkim-maket\/wp-json\/wp\/v2\/product_brand?post=550"},{"taxonomy":"product_cat","embeddable":true,"href":"https:\/\/merkim.com.tr\/merkim-maket\/wp-json\/wp\/v2\/product_cat?post=550"},{"taxonomy":"product_tag","embeddable":true,"href":"https:\/\/merkim.com.tr\/merkim-maket\/wp-json\/wp\/v2\/product_tag?post=550"}],"curies":[{"name":"wp","href":"https:\/\/api.w.org\/{rel}","templated":true}]}}