{"id":504,"date":"2025-07-06T11:07:20","date_gmt":"2025-07-06T11:07:20","guid":{"rendered":"https:\/\/merkim.com.tr\/merkim-maket\/?post_type=product&#038;p=504"},"modified":"2025-07-06T11:07:21","modified_gmt":"2025-07-06T11:07:21","slug":"dogum-mekanizmasi-obstetric-susie-s500-simulator-uyumlu-s500-10-pk","status":"publish","type":"product","link":"https:\/\/merkim.com.tr\/merkim-maket\/urun\/dogum-mekanizmasi-obstetric-susie-s500-simulator-uyumlu-s500-10-pk\/","title":{"rendered":"Do\u011fum Mekanizmas\u0131 &#8211; Obstetric SUSIE\u00ae S500 Sim\u00fclat\u00f6r Uyumlu (S500.10.PK)"},"content":{"rendered":"<p data-start=\"362\" data-end=\"788\"><strong data-start=\"362\" data-end=\"397\">Do\u011fum Mekanizmas\u0131 (S500.10.PK),<\/strong> Obstetric SUSIE\u00ae S500 sim\u00fclat\u00f6r\u00fcyle uyumlu \u00e7al\u0131\u015fan, otomatik do\u011fum sistemine sahip geli\u015fmi\u015f bir obstetrik e\u011fitim ekipman\u0131d\u0131r. Bu mekanizma, sa\u011fl\u0131k profesyonellerine do\u011fum s\u00fcrecini hem g\u00f6rsel hem de uygulamal\u0131 olarak izleme ve y\u00f6netme f\u0131rsat\u0131 sunar. Rutin ve zorlu do\u011fum senaryolar\u0131 \u00fczerinde ger\u00e7ek\u00e7i e\u011fitim verilmesini sa\u011flayarak, do\u011fum prati\u011finde bilgi ve becerilerin geli\u015fimini destekler.<\/p>\n<p data-start=\"790\" data-end=\"815\"><strong data-start=\"790\" data-end=\"815\">\u00d6ne \u00c7\u0131kan \u00d6zellikler:<\/strong><\/p>\n<ul data-start=\"816\" data-end=\"1429\">\n<li data-start=\"816\" data-end=\"922\">\n<p data-start=\"818\" data-end=\"922\"><strong data-start=\"818\" data-end=\"848\">Otomatik do\u011fum sim\u00fclasyonu<\/strong>: Fetal ilerleyi\u015f ve rotasyon sayesinde ger\u00e7ek do\u011fum s\u00fcrecini taklit eder.<\/p>\n<\/li>\n<li data-start=\"923\" data-end=\"1036\">\n<p data-start=\"925\" data-end=\"1036\"><strong data-start=\"925\" data-end=\"960\">G\u00f6zlemlenebilir do\u011fum a\u015famalar\u0131<\/strong>: Ba\u015f\u0131n ta\u00e7lanmas\u0131, omuz sunumu, vulva ge\u00e7i\u015fleri detayl\u0131 olarak izlenebilir.<\/p>\n<\/li>\n<li data-start=\"1037\" data-end=\"1145\">\n<p data-start=\"1039\" data-end=\"1145\"><strong data-start=\"1039\" data-end=\"1069\">Dilate olabilen serviksler<\/strong>: Ger\u00e7ek do\u011fum s\u00fcrecine benzer \u015fekilde geni\u015fleyen iki farkl\u0131 serviks modeli.<\/p>\n<\/li>\n<li data-start=\"1146\" data-end=\"1243\">\n<p data-start=\"1148\" data-end=\"1243\"><strong data-start=\"1148\" data-end=\"1168\">Fetal manevralar<\/strong>: Al\u0131n, burun ve kulak ge\u00e7i\u015fleri s\u0131ras\u0131nda vulva manip\u00fclasyonu yap\u0131labilir.<\/p>\n<\/li>\n<li data-start=\"1244\" data-end=\"1342\">\n<p data-start=\"1246\" data-end=\"1342\"><strong data-start=\"1246\" data-end=\"1275\">Do\u011fum sonras\u0131 uygulamalar<\/strong>: A\u011f\u0131z ve burun \u00fczerinden \u015f\u0131r\u0131nga ile m\u00fcdahale prati\u011fi yap\u0131labilir.<\/p>\n<\/li>\n<li data-start=\"1343\" data-end=\"1429\">\n<p data-start=\"1345\" data-end=\"1429\"><strong data-start=\"1345\" data-end=\"1363\">Ta\u015f\u0131nabilirlik<\/strong>: Yumu\u015fak ta\u015f\u0131ma \u00e7antas\u0131 ile kolay kurulum ve saha e\u011fitimi imk\u00e2n\u0131.<\/p>\n<\/li>\n<\/ul>\n<p data-start=\"1431\" data-end=\"1448\"><strong data-start=\"1431\" data-end=\"1448\">Kutu \u0130\u00e7eri\u011fi:<\/strong><\/p>\n<ul data-start=\"1449\" data-end=\"1561\">\n<li data-start=\"1449\" data-end=\"1468\">\n<p data-start=\"1451\" data-end=\"1468\">Do\u011fum Mekanizmas\u0131<\/p>\n<\/li>\n<li data-start=\"1469\" data-end=\"1483\">\n<p data-start=\"1471\" data-end=\"1483\">Do\u011fum Fet\u00fcs\u00fc<\/p>\n<\/li>\n<li data-start=\"1484\" data-end=\"1516\">\n<p data-start=\"1486\" data-end=\"1516\">2 adet Dilate Olabilen Serviks<\/p>\n<\/li>\n<li data-start=\"1517\" data-end=\"1541\">\n<p data-start=\"1519\" data-end=\"1541\">Yumu\u015fak Ta\u015f\u0131ma \u00c7antas\u0131<\/p>\n<\/li>\n<li data-start=\"1542\" data-end=\"1561\">\n<p data-start=\"1544\" data-end=\"1561\">Kullan\u0131m K\u0131lavuzu<\/p>\n<\/li>\n<\/ul>\n","protected":false},"excerpt":{"rendered":"<p>Obstetric SUSIE\u00ae S500 sim\u00fclat\u00f6r\u00fcyle uyumlu bu otomatik do\u011fum mekanizmas\u0131, do\u011fum y\u00f6netimi e\u011fitiminde ger\u00e7ek\u00e7i senaryolarla etkili ve uygulamal\u0131 bir deneyim sunar.<\/p>\n","protected":false},"featured_media":506,"comment_status":"open","ping_status":"closed","template":"","meta":[],"product_brand":[948],"product_cat":[15,947,1205],"product_tag":[1368,336,1370,1374,1372,337,370,1373,1369,1371,1367],"class_list":{"0":"post-504","1":"product","2":"type-product","3":"status-publish","4":"has-post-thumbnail","6":"product_brand-gaumard-scientific","7":"product_cat-genel","8":"product_cat-gaumard-scientific","9":"product_cat-gaumard-skill-trainer","10":"product_tag-dogum-mekanizmasi","11":"product_tag-dogum-simulatoru","12":"product_tag-fetal-rotasyon-egitimi","13":"product_tag-gaumard-dogum-ekipmani","14":"product_tag-medikal-egitim-simulatoru","15":"product_tag-obstetrik-egitim","16":"product_tag-obstetrik-simulasyon","17":"product_tag-obstetrik-susie-aksesuari","18":"product_tag-otomatik-dogum-egitimi","19":"product_tag-serviks-dilatasyonu","20":"product_tag-susie-s500","22":"first","23":"instock","24":"shipping-taxable","25":"product-type-simple"},"yoast_head":"<!-- This site is optimized with the Yoast SEO plugin v25.2 - https:\/\/yoast.com\/wordpress\/plugins\/seo\/ -->\n<title>Do\u011fum Mekanizmas\u0131 - Obstetric SUSIE\u00ae S500 Sim\u00fclat\u00f6r Uyumlu (S500.10.PK) - Merkim Maket<\/title>\n<meta name=\"description\" content=\"Obstetric SUSIE\u00ae S500 i\u00e7in \u00f6zel geli\u015ftirilen do\u011fum mekanizmas\u0131, otomatik fetal ilerleyi\u015f, serviks dilatasyonu ve do\u011fum senaryolar\u0131nda etkili e\u011fitim sunar. Ger\u00e7ek\u00e7i do\u011fum prati\u011fi i\u00e7in ideal \u00e7\u00f6z\u00fcmd\u00fcr.\" \/>\n<meta name=\"robots\" content=\"index, follow, max-snippet:-1, max-image-preview:large, max-video-preview:-1\" \/>\n<link rel=\"canonical\" href=\"https:\/\/merkim.com.tr\/merkim-maket\/urun\/dogum-mekanizmasi-obstetric-susie-s500-simulator-uyumlu-s500-10-pk\/\" \/>\n<meta property=\"og:locale\" content=\"tr_TR\" \/>\n<meta property=\"og:type\" content=\"article\" \/>\n<meta property=\"og:title\" content=\"Do\u011fum Mekanizmas\u0131 - Obstetric SUSIE\u00ae S500 Sim\u00fclat\u00f6r Uyumlu (S500.10.PK) - Merkim Maket\" \/>\n<meta property=\"og:description\" content=\"Obstetric SUSIE\u00ae S500 i\u00e7in \u00f6zel geli\u015ftirilen do\u011fum mekanizmas\u0131, otomatik fetal ilerleyi\u015f, serviks dilatasyonu ve do\u011fum senaryolar\u0131nda etkili e\u011fitim sunar. Ger\u00e7ek\u00e7i do\u011fum prati\u011fi i\u00e7in ideal \u00e7\u00f6z\u00fcmd\u00fcr.\" \/>\n<meta property=\"og:url\" content=\"https:\/\/merkim.com.tr\/merkim-maket\/urun\/dogum-mekanizmasi-obstetric-susie-s500-simulator-uyumlu-s500-10-pk\/\" \/>\n<meta property=\"og:site_name\" content=\"Merkim Maket\" \/>\n<meta property=\"article:modified_time\" content=\"2025-07-06T11:07:21+00:00\" \/>\n<meta property=\"og:image\" content=\"https:\/\/merkim.com.tr\/merkim-maket\/wp-content\/uploads\/2025\/07\/dogum-mekanizmasi-obstetric-susie-s500-gaumard.png\" \/>\n\t<meta property=\"og:image:width\" content=\"800\" \/>\n\t<meta property=\"og:image:height\" content=\"531\" \/>\n\t<meta property=\"og:image:type\" content=\"image\/png\" \/>\n<meta name=\"twitter:card\" content=\"summary_large_image\" \/>\n<meta name=\"twitter:label1\" content=\"Tahmini okuma s\u00fcresi\" \/>\n\t<meta name=\"twitter:data1\" content=\"2 dakika\" \/>\n<script type=\"application\/ld+json\" class=\"yoast-schema-graph\">{\"@context\":\"https:\/\/schema.org\",\"@graph\":[{\"@type\":\"WebPage\",\"@id\":\"https:\/\/merkim.com.tr\/merkim-maket\/urun\/dogum-mekanizmasi-obstetric-susie-s500-simulator-uyumlu-s500-10-pk\/\",\"url\":\"https:\/\/merkim.com.tr\/merkim-maket\/urun\/dogum-mekanizmasi-obstetric-susie-s500-simulator-uyumlu-s500-10-pk\/\",\"name\":\"Do\u011fum Mekanizmas\u0131 - Obstetric SUSIE\u00ae S500 Sim\u00fclat\u00f6r Uyumlu (S500.10.PK) - Merkim Maket\",\"isPartOf\":{\"@id\":\"https:\/\/merkim.com.tr\/merkim-maket\/#website\"},\"primaryImageOfPage\":{\"@id\":\"https:\/\/merkim.com.tr\/merkim-maket\/urun\/dogum-mekanizmasi-obstetric-susie-s500-simulator-uyumlu-s500-10-pk\/#primaryimage\"},\"image\":{\"@id\":\"https:\/\/merkim.com.tr\/merkim-maket\/urun\/dogum-mekanizmasi-obstetric-susie-s500-simulator-uyumlu-s500-10-pk\/#primaryimage\"},\"thumbnailUrl\":\"https:\/\/merkim.com.tr\/merkim-maket\/wp-content\/uploads\/2025\/07\/dogum-mekanizmasi-obstetric-susie-s500-gaumard.png\",\"datePublished\":\"2025-07-06T11:07:20+00:00\",\"dateModified\":\"2025-07-06T11:07:21+00:00\",\"description\":\"Obstetric SUSIE\u00ae S500 i\u00e7in \u00f6zel geli\u015ftirilen do\u011fum mekanizmas\u0131, otomatik fetal ilerleyi\u015f, serviks dilatasyonu ve do\u011fum senaryolar\u0131nda etkili e\u011fitim sunar. Ger\u00e7ek\u00e7i do\u011fum prati\u011fi i\u00e7in ideal \u00e7\u00f6z\u00fcmd\u00fcr.\",\"breadcrumb\":{\"@id\":\"https:\/\/merkim.com.tr\/merkim-maket\/urun\/dogum-mekanizmasi-obstetric-susie-s500-simulator-uyumlu-s500-10-pk\/#breadcrumb\"},\"inLanguage\":\"tr\",\"potentialAction\":[{\"@type\":\"ReadAction\",\"target\":[\"https:\/\/merkim.com.tr\/merkim-maket\/urun\/dogum-mekanizmasi-obstetric-susie-s500-simulator-uyumlu-s500-10-pk\/\"]}]},{\"@type\":\"ImageObject\",\"inLanguage\":\"tr\",\"@id\":\"https:\/\/merkim.com.tr\/merkim-maket\/urun\/dogum-mekanizmasi-obstetric-susie-s500-simulator-uyumlu-s500-10-pk\/#primaryimage\",\"url\":\"https:\/\/merkim.com.tr\/merkim-maket\/wp-content\/uploads\/2025\/07\/dogum-mekanizmasi-obstetric-susie-s500-gaumard.png\",\"contentUrl\":\"https:\/\/merkim.com.tr\/merkim-maket\/wp-content\/uploads\/2025\/07\/dogum-mekanizmasi-obstetric-susie-s500-gaumard.png\",\"width\":800,\"height\":531,\"caption\":\"Ger\u00e7ek\u00e7i do\u011fum e\u011fitimi i\u00e7in SUSIE S500 ile tam uyumlu mekanizma\"},{\"@type\":\"BreadcrumbList\",\"@id\":\"https:\/\/merkim.com.tr\/merkim-maket\/urun\/dogum-mekanizmasi-obstetric-susie-s500-simulator-uyumlu-s500-10-pk\/#breadcrumb\",\"itemListElement\":[{\"@type\":\"ListItem\",\"position\":1,\"name\":\"Anasayfa\",\"item\":\"https:\/\/merkim.com.tr\/merkim-maket\/\"},{\"@type\":\"ListItem\",\"position\":2,\"name\":\"Ma\u011faza\",\"item\":\"https:\/\/merkim.com.tr\/merkim-maket\/magaza\/\"},{\"@type\":\"ListItem\",\"position\":3,\"name\":\"Do\u011fum Mekanizmas\u0131 &#8211; Obstetric SUSIE\u00ae S500 Sim\u00fclat\u00f6r Uyumlu (S500.10.PK)\"}]},{\"@type\":\"WebSite\",\"@id\":\"https:\/\/merkim.com.tr\/merkim-maket\/#website\",\"url\":\"https:\/\/merkim.com.tr\/merkim-maket\/\",\"name\":\"Merkim Maket\",\"description\":\"\",\"potentialAction\":[{\"@type\":\"SearchAction\",\"target\":{\"@type\":\"EntryPoint\",\"urlTemplate\":\"https:\/\/merkim.com.tr\/merkim-maket\/?s={search_term_string}\"},\"query-input\":{\"@type\":\"PropertyValueSpecification\",\"valueRequired\":true,\"valueName\":\"search_term_string\"}}],\"inLanguage\":\"tr\"}]}<\/script>\n<!-- \/ Yoast SEO plugin. -->","yoast_head_json":{"title":"Do\u011fum Mekanizmas\u0131 - Obstetric SUSIE\u00ae S500 Sim\u00fclat\u00f6r Uyumlu (S500.10.PK) - Merkim Maket","description":"Obstetric SUSIE\u00ae S500 i\u00e7in \u00f6zel geli\u015ftirilen do\u011fum mekanizmas\u0131, otomatik fetal ilerleyi\u015f, serviks dilatasyonu ve do\u011fum senaryolar\u0131nda etkili e\u011fitim sunar. Ger\u00e7ek\u00e7i do\u011fum prati\u011fi i\u00e7in ideal \u00e7\u00f6z\u00fcmd\u00fcr.","robots":{"index":"index","follow":"follow","max-snippet":"max-snippet:-1","max-image-preview":"max-image-preview:large","max-video-preview":"max-video-preview:-1"},"canonical":"https:\/\/merkim.com.tr\/merkim-maket\/urun\/dogum-mekanizmasi-obstetric-susie-s500-simulator-uyumlu-s500-10-pk\/","og_locale":"tr_TR","og_type":"article","og_title":"Do\u011fum Mekanizmas\u0131 - Obstetric SUSIE\u00ae S500 Sim\u00fclat\u00f6r Uyumlu (S500.10.PK) - Merkim Maket","og_description":"Obstetric SUSIE\u00ae S500 i\u00e7in \u00f6zel geli\u015ftirilen do\u011fum mekanizmas\u0131, otomatik fetal ilerleyi\u015f, serviks dilatasyonu ve do\u011fum senaryolar\u0131nda etkili e\u011fitim sunar. Ger\u00e7ek\u00e7i do\u011fum prati\u011fi i\u00e7in ideal \u00e7\u00f6z\u00fcmd\u00fcr.","og_url":"https:\/\/merkim.com.tr\/merkim-maket\/urun\/dogum-mekanizmasi-obstetric-susie-s500-simulator-uyumlu-s500-10-pk\/","og_site_name":"Merkim Maket","article_modified_time":"2025-07-06T11:07:21+00:00","og_image":[{"width":800,"height":531,"url":"https:\/\/merkim.com.tr\/merkim-maket\/wp-content\/uploads\/2025\/07\/dogum-mekanizmasi-obstetric-susie-s500-gaumard.png","type":"image\/png"}],"twitter_card":"summary_large_image","twitter_misc":{"Tahmini okuma s\u00fcresi":"2 dakika"},"schema":{"@context":"https:\/\/schema.org","@graph":[{"@type":"WebPage","@id":"https:\/\/merkim.com.tr\/merkim-maket\/urun\/dogum-mekanizmasi-obstetric-susie-s500-simulator-uyumlu-s500-10-pk\/","url":"https:\/\/merkim.com.tr\/merkim-maket\/urun\/dogum-mekanizmasi-obstetric-susie-s500-simulator-uyumlu-s500-10-pk\/","name":"Do\u011fum Mekanizmas\u0131 - Obstetric SUSIE\u00ae S500 Sim\u00fclat\u00f6r Uyumlu (S500.10.PK) - Merkim Maket","isPartOf":{"@id":"https:\/\/merkim.com.tr\/merkim-maket\/#website"},"primaryImageOfPage":{"@id":"https:\/\/merkim.com.tr\/merkim-maket\/urun\/dogum-mekanizmasi-obstetric-susie-s500-simulator-uyumlu-s500-10-pk\/#primaryimage"},"image":{"@id":"https:\/\/merkim.com.tr\/merkim-maket\/urun\/dogum-mekanizmasi-obstetric-susie-s500-simulator-uyumlu-s500-10-pk\/#primaryimage"},"thumbnailUrl":"https:\/\/merkim.com.tr\/merkim-maket\/wp-content\/uploads\/2025\/07\/dogum-mekanizmasi-obstetric-susie-s500-gaumard.png","datePublished":"2025-07-06T11:07:20+00:00","dateModified":"2025-07-06T11:07:21+00:00","description":"Obstetric SUSIE\u00ae S500 i\u00e7in \u00f6zel geli\u015ftirilen do\u011fum mekanizmas\u0131, otomatik fetal ilerleyi\u015f, serviks dilatasyonu ve do\u011fum senaryolar\u0131nda etkili e\u011fitim sunar. Ger\u00e7ek\u00e7i do\u011fum prati\u011fi i\u00e7in ideal \u00e7\u00f6z\u00fcmd\u00fcr.","breadcrumb":{"@id":"https:\/\/merkim.com.tr\/merkim-maket\/urun\/dogum-mekanizmasi-obstetric-susie-s500-simulator-uyumlu-s500-10-pk\/#breadcrumb"},"inLanguage":"tr","potentialAction":[{"@type":"ReadAction","target":["https:\/\/merkim.com.tr\/merkim-maket\/urun\/dogum-mekanizmasi-obstetric-susie-s500-simulator-uyumlu-s500-10-pk\/"]}]},{"@type":"ImageObject","inLanguage":"tr","@id":"https:\/\/merkim.com.tr\/merkim-maket\/urun\/dogum-mekanizmasi-obstetric-susie-s500-simulator-uyumlu-s500-10-pk\/#primaryimage","url":"https:\/\/merkim.com.tr\/merkim-maket\/wp-content\/uploads\/2025\/07\/dogum-mekanizmasi-obstetric-susie-s500-gaumard.png","contentUrl":"https:\/\/merkim.com.tr\/merkim-maket\/wp-content\/uploads\/2025\/07\/dogum-mekanizmasi-obstetric-susie-s500-gaumard.png","width":800,"height":531,"caption":"Ger\u00e7ek\u00e7i do\u011fum e\u011fitimi i\u00e7in SUSIE S500 ile tam uyumlu mekanizma"},{"@type":"BreadcrumbList","@id":"https:\/\/merkim.com.tr\/merkim-maket\/urun\/dogum-mekanizmasi-obstetric-susie-s500-simulator-uyumlu-s500-10-pk\/#breadcrumb","itemListElement":[{"@type":"ListItem","position":1,"name":"Anasayfa","item":"https:\/\/merkim.com.tr\/merkim-maket\/"},{"@type":"ListItem","position":2,"name":"Ma\u011faza","item":"https:\/\/merkim.com.tr\/merkim-maket\/magaza\/"},{"@type":"ListItem","position":3,"name":"Do\u011fum Mekanizmas\u0131 &#8211; Obstetric SUSIE\u00ae S500 Sim\u00fclat\u00f6r Uyumlu (S500.10.PK)"}]},{"@type":"WebSite","@id":"https:\/\/merkim.com.tr\/merkim-maket\/#website","url":"https:\/\/merkim.com.tr\/merkim-maket\/","name":"Merkim Maket","description":"","potentialAction":[{"@type":"SearchAction","target":{"@type":"EntryPoint","urlTemplate":"https:\/\/merkim.com.tr\/merkim-maket\/?s={search_term_string}"},"query-input":{"@type":"PropertyValueSpecification","valueRequired":true,"valueName":"search_term_string"}}],"inLanguage":"tr"}]}},"_links":{"self":[{"href":"https:\/\/merkim.com.tr\/merkim-maket\/wp-json\/wp\/v2\/product\/504","targetHints":{"allow":["GET"]}}],"collection":[{"href":"https:\/\/merkim.com.tr\/merkim-maket\/wp-json\/wp\/v2\/product"}],"about":[{"href":"https:\/\/merkim.com.tr\/merkim-maket\/wp-json\/wp\/v2\/types\/product"}],"replies":[{"embeddable":true,"href":"https:\/\/merkim.com.tr\/merkim-maket\/wp-json\/wp\/v2\/comments?post=504"}],"wp:featuredmedia":[{"embeddable":true,"href":"https:\/\/merkim.com.tr\/merkim-maket\/wp-json\/wp\/v2\/media\/506"}],"wp:attachment":[{"href":"https:\/\/merkim.com.tr\/merkim-maket\/wp-json\/wp\/v2\/media?parent=504"}],"wp:term":[{"taxonomy":"product_brand","embeddable":true,"href":"https:\/\/merkim.com.tr\/merkim-maket\/wp-json\/wp\/v2\/product_brand?post=504"},{"taxonomy":"product_cat","embeddable":true,"href":"https:\/\/merkim.com.tr\/merkim-maket\/wp-json\/wp\/v2\/product_cat?post=504"},{"taxonomy":"product_tag","embeddable":true,"href":"https:\/\/merkim.com.tr\/merkim-maket\/wp-json\/wp\/v2\/product_tag?post=504"}],"curies":[{"name":"wp","href":"https:\/\/api.w.org\/{rel}","templated":true}]}}