{"id":491,"date":"2025-07-06T09:49:05","date_gmt":"2025-07-06T09:49:05","guid":{"rendered":"https:\/\/merkim.com.tr\/merkim-maket\/?post_type=product&#038;p=491"},"modified":"2025-07-06T09:49:05","modified_gmt":"2025-07-06T09:49:05","slug":"yenidogan-iv-ve-arteriyel-erisim-egitim-kolu-s408-100r-nabiz-simulasyonlu-bebek-damar-girisim-modeli","status":"publish","type":"product","link":"https:\/\/merkim.com.tr\/merkim-maket\/urun\/yenidogan-iv-ve-arteriyel-erisim-egitim-kolu-s408-100r-nabiz-simulasyonlu-bebek-damar-girisim-modeli\/","title":{"rendered":"Yenido\u011fan IV ve Arteriyel Eri\u015fim E\u011fitim Kolu \u2013 S408.100R | Nab\u0131z Sim\u00fclasyonlu Bebek Damar Giri\u015fim Modeli"},"content":{"rendered":"<p data-start=\"400\" data-end=\"676\"><strong data-start=\"400\" data-end=\"468\">S408.100R.PK modeli Yenido\u011fan IV ve Arteriyel Eri\u015fim E\u011fitim Kolu<\/strong>, sa\u011fl\u0131k profesyonellerine ve klinik e\u011fitimcilere, yenido\u011fan bebeklerde damar yolu a\u00e7ma ve arteriyel giri\u015fim becerilerini kazand\u0131rmak amac\u0131yla geli\u015ftirilmi\u015f, ger\u00e7ek\u00e7i ve \u00e7ok ama\u00e7l\u0131 bir e\u011fitim sim\u00fclat\u00f6r\u00fcd\u00fcr.<\/p>\n<p data-start=\"678\" data-end=\"968\">Ger\u00e7ek\u00e7i bebek cildi, do\u011fal damar yerle\u015fimi, elektronik olarak ayarlanabilir nab\u0131z g\u00fcc\u00fc ve frekans\u0131 ile donat\u0131lan bu model; <strong data-start=\"802\" data-end=\"867\">kan alma, inf\u00fczyon, bolus enjeksiyon, arteriyel kan \u00f6rnekleme<\/strong> ve <strong data-start=\"871\" data-end=\"912\">transilluminasyonla damar g\u00f6r\u00fcn\u00fcrl\u00fc\u011f\u00fc<\/strong> gibi uygulamalar\u0131 g\u00fcvenli bir e\u011fitim ortam\u0131nda sunar.<\/p>\n<h4 data-start=\"970\" data-end=\"997\"><strong data-start=\"975\" data-end=\"997\">Teknik \u00d6zellikler:<\/strong><\/h4>\n<ul data-start=\"999\" data-end=\"1933\">\n<li data-start=\"999\" data-end=\"1051\">\n<p data-start=\"1001\" data-end=\"1051\">\ud83d\udc76 <strong data-start=\"1004\" data-end=\"1049\">Yenido\u011fan anatomisine uygun ger\u00e7ek\u00e7i yap\u0131<\/strong><\/p>\n<\/li>\n<li data-start=\"1052\" data-end=\"1134\">\n<p data-start=\"1054\" data-end=\"1134\">\ud83e\ude78 <strong data-start=\"1057\" data-end=\"1093\">Palpabl radyal ve brakiyal nab\u0131z<\/strong>: Elle hissedilebilir nab\u0131z sim\u00fclasyonu<\/p>\n<\/li>\n<li data-start=\"1135\" data-end=\"1241\">\n<p data-start=\"1137\" data-end=\"1241\">\ud83d\udc97 <strong data-start=\"1140\" data-end=\"1183\">Ayarlanabilir elektronik nab\u0131z kontrol\u00fc<\/strong>: 0 &#8211; 180 BPM aras\u0131 ayarlanabilir nab\u0131z frekans\u0131 ve g\u00fcc\u00fc<\/p>\n<\/li>\n<li data-start=\"1242\" data-end=\"1359\">\n<p data-start=\"1244\" data-end=\"1359\">\ud83d\udc89 <strong data-start=\"1247\" data-end=\"1273\">Ven\u00f6z eri\u015fim noktalar\u0131<\/strong>: Ulnar ve kubital damarlar \u00fczerinden kan alma, inf\u00fczyon ve bolus enjeksiyon e\u011fitimi<\/p>\n<\/li>\n<li data-start=\"1360\" data-end=\"1468\">\n<p data-start=\"1362\" data-end=\"1468\">\ud83e\ude7a <strong data-start=\"1365\" data-end=\"1386\">Arteriyel giri\u015fim<\/strong>: Radyal ve brakiyal arterlerden kan \u00f6rnekleme ve arteriyel giri\u015fim uygulamalar\u0131<\/p>\n<\/li>\n<li data-start=\"1469\" data-end=\"1573\">\n<p data-start=\"1471\" data-end=\"1573\">\ud83d\udd06 <strong data-start=\"1474\" data-end=\"1515\">Transilluminasyon uyumlu damar yap\u0131s\u0131<\/strong>: Damarlar\u0131n \u0131\u015f\u0131kla g\u00f6r\u00fcn\u00fcr hale getirilmesini destekler<\/p>\n<\/li>\n<li data-start=\"1574\" data-end=\"1695\">\n<p data-start=\"1576\" data-end=\"1695\">\ud83d\udca7 <strong data-start=\"1579\" data-end=\"1604\">Harici kan rezervuar\u0131<\/strong>: S\u00fcrekli s\u0131v\u0131 ak\u0131\u015f\u0131, damar bas\u0131nc\u0131 sim\u00fclasyonu ve g\u00f6zlemlenebilir geri tepme (flashback)<\/p>\n<\/li>\n<li data-start=\"1696\" data-end=\"1780\">\n<p data-start=\"1698\" data-end=\"1780\">\ud83d\udd01 <strong data-start=\"1701\" data-end=\"1743\">De\u011fi\u015ftirilebilir damar ve arter yap\u0131s\u0131<\/strong>: Kolay bak\u0131m, uzun \u00f6m\u00fcrl\u00fc kullan\u0131m<\/p>\n<\/li>\n<li data-start=\"1781\" data-end=\"1834\">\n<p data-start=\"1783\" data-end=\"1834\">\u2699\ufe0f <strong data-start=\"1786\" data-end=\"1832\">Palmar fleksiyona izin veren eklemli bilek<\/strong><\/p>\n<\/li>\n<li data-start=\"1835\" data-end=\"1881\">\n<p data-start=\"1837\" data-end=\"1881\">\u2705 <strong data-start=\"1839\" data-end=\"1857\">Lateks i\u00e7ermez<\/strong>: Alerji riski ta\u015f\u0131maz<\/p>\n<\/li>\n<li data-start=\"1882\" data-end=\"1933\">\n<p data-start=\"1884\" data-end=\"1933\">\ud83e\uddcd\u200d\u2642\ufe0f <strong data-start=\"1890\" data-end=\"1933\">Stand ile uyumlu veya ba\u011f\u0131ms\u0131z kullan\u0131m<\/strong><\/p>\n<\/li>\n<\/ul>\n<h4 data-start=\"1935\" data-end=\"1958\"><strong data-start=\"1940\" data-end=\"1958\">Paket \u0130\u00e7eri\u011fi:<\/strong><\/h4>\n<ul data-start=\"1960\" data-end=\"2137\">\n<li data-start=\"1960\" data-end=\"2019\">\n<p data-start=\"1962\" data-end=\"2019\">Yenido\u011fan IV ve Arteriyel Eri\u015fim E\u011fitim Kolu \u2013 S408.100<\/p>\n<\/li>\n<li data-start=\"2020\" data-end=\"2038\">\n<p data-start=\"2022\" data-end=\"2038\">Kontrol kutusu<\/p>\n<\/li>\n<li data-start=\"2039\" data-end=\"2054\">\n<p data-start=\"2041\" data-end=\"2054\">Kan torbas\u0131<\/p>\n<\/li>\n<li data-start=\"2055\" data-end=\"2072\">\n<p data-start=\"2057\" data-end=\"2072\">Aksesuar seti<\/p>\n<\/li>\n<li data-start=\"2073\" data-end=\"2089\">\n<p data-start=\"2075\" data-end=\"2089\">G\u00fc\u00e7 adapt\u00f6r\u00fc<\/p>\n<\/li>\n<li data-start=\"2090\" data-end=\"2111\">\n<p data-start=\"2092\" data-end=\"2111\">Kullan\u0131m k\u0131lavuzu<\/p>\n<\/li>\n<li data-start=\"2112\" data-end=\"2137\">\n<p data-start=\"2114\" data-end=\"2137\">1 Y\u0131l S\u0131n\u0131rl\u0131 Garanti<\/p>\n<\/li>\n<\/ul>\n<p data-start=\"2139\" data-end=\"2377\">Bu geli\u015fmi\u015f sim\u00fclasyon cihaz\u0131, yenido\u011fan hastalar \u00fczerinde klinik becerilerin g\u00fcvenli ve etik bir ortamda kazan\u0131lmas\u0131 i\u00e7in ideal e\u011fitim \u00e7\u00f6z\u00fcm\u00fcd\u00fcr. Yo\u011fun bak\u0131m, yenido\u011fan hem\u015fireli\u011fi, pediatri ve t\u0131p e\u011fitimi alanlar\u0131nda kullan\u0131ma uygundur.<\/p>\n","protected":false},"excerpt":{"rendered":"<p>S408.100 modeli, yenido\u011fan bebekler i\u00e7in IV ve arteriyel giri\u015fim e\u011fitimine \u00f6zel olarak geli\u015ftirilmi\u015f; ger\u00e7ek\u00e7i damar a\u011f\u0131, elektronik nab\u0131z sim\u00fclasyonu ve transilluminasyon uyumlu yap\u0131 sunan profesyonel bir sim\u00fclat\u00f6rd\u00fcr.<\/p>\n","protected":false},"featured_media":492,"comment_status":"open","ping_status":"closed","template":"","meta":[],"product_brand":[948],"product_cat":[15,947,1205],"product_tag":[1318,1317,1322,1321,1324,1320,1325,1316,1326,1323,1319],"class_list":{"0":"post-491","1":"product","2":"type-product","3":"status-publish","4":"has-post-thumbnail","6":"product_brand-gaumard-scientific","7":"product_cat-genel","8":"product_cat-gaumard-scientific","9":"product_cat-gaumard-skill-trainer","10":"product_tag-arteriyel-girisim-modeli","11":"product_tag-bebek-iv-uygulama-simulatoru","12":"product_tag-gaumard-s408-100","13":"product_tag-nabiz-simulasyonlu-bebek-kolu","14":"product_tag-neonatoloji-egitim-modeli","15":"product_tag-pediatrik-damar-yolu-acma","16":"product_tag-transilluminasyon-damar-simulatoru","17":"product_tag-yenidogan-damar-egitimi","18":"product_tag-yenidogan-infuzyon-egitimi","19":"product_tag-yenidogan-kan-alma-egitimi","20":"product_tag-yenidogan-klinik-beceri-egitimi","22":"first","23":"instock","24":"shipping-taxable","25":"product-type-simple"},"yoast_head":"<!-- This site is optimized with the Yoast SEO plugin v25.2 - https:\/\/yoast.com\/wordpress\/plugins\/seo\/ -->\n<title>Yenido\u011fan IV ve Arteriyel Eri\u015fim E\u011fitim Kolu \u2013 S408.100R | Nab\u0131z Sim\u00fclasyonlu Bebek Damar Giri\u015fim Modeli - Merkim Maket<\/title>\n<meta name=\"description\" content=\"S408.100 modeli yenido\u011fan IV ve arteriyel eri\u015fim e\u011fitim kolu, pediatrik sa\u011fl\u0131k profesyonellerine ger\u00e7ek\u00e7i damar yap\u0131s\u0131, ayarlanabilir nab\u0131z sim\u00fclasyonu ve transilluminasyon deste\u011fiyle geli\u015fmi\u015f e\u011fitim sa\u011flar.\" \/>\n<meta name=\"robots\" content=\"index, follow, max-snippet:-1, max-image-preview:large, max-video-preview:-1\" \/>\n<link rel=\"canonical\" href=\"https:\/\/merkim.com.tr\/merkim-maket\/urun\/yenidogan-iv-ve-arteriyel-erisim-egitim-kolu-s408-100r-nabiz-simulasyonlu-bebek-damar-girisim-modeli\/\" \/>\n<meta property=\"og:locale\" content=\"tr_TR\" \/>\n<meta property=\"og:type\" content=\"article\" \/>\n<meta property=\"og:title\" content=\"Yenido\u011fan IV ve Arteriyel Eri\u015fim E\u011fitim Kolu \u2013 S408.100R | Nab\u0131z Sim\u00fclasyonlu Bebek Damar Giri\u015fim Modeli - Merkim Maket\" \/>\n<meta property=\"og:description\" content=\"S408.100 modeli yenido\u011fan IV ve arteriyel eri\u015fim e\u011fitim kolu, pediatrik sa\u011fl\u0131k profesyonellerine ger\u00e7ek\u00e7i damar yap\u0131s\u0131, ayarlanabilir nab\u0131z sim\u00fclasyonu ve transilluminasyon deste\u011fiyle geli\u015fmi\u015f e\u011fitim sa\u011flar.\" \/>\n<meta property=\"og:url\" content=\"https:\/\/merkim.com.tr\/merkim-maket\/urun\/yenidogan-iv-ve-arteriyel-erisim-egitim-kolu-s408-100r-nabiz-simulasyonlu-bebek-damar-girisim-modeli\/\" \/>\n<meta property=\"og:site_name\" content=\"Merkim Maket\" \/>\n<meta property=\"og:image\" content=\"https:\/\/merkim.com.tr\/merkim-maket\/wp-content\/uploads\/2025\/07\/yenidogan-iv-arteriyel-egitim-kolu-gaumard-s408-100.png\" \/>\n\t<meta property=\"og:image:width\" content=\"800\" \/>\n\t<meta property=\"og:image:height\" content=\"531\" \/>\n\t<meta property=\"og:image:type\" content=\"image\/png\" \/>\n<meta name=\"twitter:card\" content=\"summary_large_image\" \/>\n<meta name=\"twitter:label1\" content=\"Tahmini okuma s\u00fcresi\" \/>\n\t<meta name=\"twitter:data1\" content=\"2 dakika\" \/>\n<script type=\"application\/ld+json\" class=\"yoast-schema-graph\">{\"@context\":\"https:\/\/schema.org\",\"@graph\":[{\"@type\":\"WebPage\",\"@id\":\"https:\/\/merkim.com.tr\/merkim-maket\/urun\/yenidogan-iv-ve-arteriyel-erisim-egitim-kolu-s408-100r-nabiz-simulasyonlu-bebek-damar-girisim-modeli\/\",\"url\":\"https:\/\/merkim.com.tr\/merkim-maket\/urun\/yenidogan-iv-ve-arteriyel-erisim-egitim-kolu-s408-100r-nabiz-simulasyonlu-bebek-damar-girisim-modeli\/\",\"name\":\"Yenido\u011fan IV ve Arteriyel Eri\u015fim E\u011fitim Kolu \u2013 S408.100R | Nab\u0131z Sim\u00fclasyonlu Bebek Damar Giri\u015fim Modeli - Merkim Maket\",\"isPartOf\":{\"@id\":\"https:\/\/merkim.com.tr\/merkim-maket\/#website\"},\"primaryImageOfPage\":{\"@id\":\"https:\/\/merkim.com.tr\/merkim-maket\/urun\/yenidogan-iv-ve-arteriyel-erisim-egitim-kolu-s408-100r-nabiz-simulasyonlu-bebek-damar-girisim-modeli\/#primaryimage\"},\"image\":{\"@id\":\"https:\/\/merkim.com.tr\/merkim-maket\/urun\/yenidogan-iv-ve-arteriyel-erisim-egitim-kolu-s408-100r-nabiz-simulasyonlu-bebek-damar-girisim-modeli\/#primaryimage\"},\"thumbnailUrl\":\"https:\/\/merkim.com.tr\/merkim-maket\/wp-content\/uploads\/2025\/07\/yenidogan-iv-arteriyel-egitim-kolu-gaumard-s408-100.png\",\"datePublished\":\"2025-07-06T09:49:05+00:00\",\"description\":\"S408.100 modeli yenido\u011fan IV ve arteriyel eri\u015fim e\u011fitim kolu, pediatrik sa\u011fl\u0131k profesyonellerine ger\u00e7ek\u00e7i damar yap\u0131s\u0131, ayarlanabilir nab\u0131z sim\u00fclasyonu ve transilluminasyon deste\u011fiyle geli\u015fmi\u015f e\u011fitim sa\u011flar.\",\"breadcrumb\":{\"@id\":\"https:\/\/merkim.com.tr\/merkim-maket\/urun\/yenidogan-iv-ve-arteriyel-erisim-egitim-kolu-s408-100r-nabiz-simulasyonlu-bebek-damar-girisim-modeli\/#breadcrumb\"},\"inLanguage\":\"tr\",\"potentialAction\":[{\"@type\":\"ReadAction\",\"target\":[\"https:\/\/merkim.com.tr\/merkim-maket\/urun\/yenidogan-iv-ve-arteriyel-erisim-egitim-kolu-s408-100r-nabiz-simulasyonlu-bebek-damar-girisim-modeli\/\"]}]},{\"@type\":\"ImageObject\",\"inLanguage\":\"tr\",\"@id\":\"https:\/\/merkim.com.tr\/merkim-maket\/urun\/yenidogan-iv-ve-arteriyel-erisim-egitim-kolu-s408-100r-nabiz-simulasyonlu-bebek-damar-girisim-modeli\/#primaryimage\",\"url\":\"https:\/\/merkim.com.tr\/merkim-maket\/wp-content\/uploads\/2025\/07\/yenidogan-iv-arteriyel-egitim-kolu-gaumard-s408-100.png\",\"contentUrl\":\"https:\/\/merkim.com.tr\/merkim-maket\/wp-content\/uploads\/2025\/07\/yenidogan-iv-arteriyel-egitim-kolu-gaumard-s408-100.png\",\"width\":800,\"height\":531,\"caption\":\"Elektronik nab\u0131z kontroll\u00fc yenido\u011fan IV ve arteriyel giri\u015fim e\u011fitimi modeli\"},{\"@type\":\"BreadcrumbList\",\"@id\":\"https:\/\/merkim.com.tr\/merkim-maket\/urun\/yenidogan-iv-ve-arteriyel-erisim-egitim-kolu-s408-100r-nabiz-simulasyonlu-bebek-damar-girisim-modeli\/#breadcrumb\",\"itemListElement\":[{\"@type\":\"ListItem\",\"position\":1,\"name\":\"Anasayfa\",\"item\":\"https:\/\/merkim.com.tr\/merkim-maket\/\"},{\"@type\":\"ListItem\",\"position\":2,\"name\":\"Ma\u011faza\",\"item\":\"https:\/\/merkim.com.tr\/merkim-maket\/magaza\/\"},{\"@type\":\"ListItem\",\"position\":3,\"name\":\"Yenido\u011fan IV ve Arteriyel Eri\u015fim E\u011fitim Kolu \u2013 S408.100R | Nab\u0131z Sim\u00fclasyonlu Bebek Damar Giri\u015fim Modeli\"}]},{\"@type\":\"WebSite\",\"@id\":\"https:\/\/merkim.com.tr\/merkim-maket\/#website\",\"url\":\"https:\/\/merkim.com.tr\/merkim-maket\/\",\"name\":\"Merkim Maket\",\"description\":\"\",\"potentialAction\":[{\"@type\":\"SearchAction\",\"target\":{\"@type\":\"EntryPoint\",\"urlTemplate\":\"https:\/\/merkim.com.tr\/merkim-maket\/?s={search_term_string}\"},\"query-input\":{\"@type\":\"PropertyValueSpecification\",\"valueRequired\":true,\"valueName\":\"search_term_string\"}}],\"inLanguage\":\"tr\"}]}<\/script>\n<!-- \/ Yoast SEO plugin. -->","yoast_head_json":{"title":"Yenido\u011fan IV ve Arteriyel Eri\u015fim E\u011fitim Kolu \u2013 S408.100R | Nab\u0131z Sim\u00fclasyonlu Bebek Damar Giri\u015fim Modeli - Merkim Maket","description":"S408.100 modeli yenido\u011fan IV ve arteriyel eri\u015fim e\u011fitim kolu, pediatrik sa\u011fl\u0131k profesyonellerine ger\u00e7ek\u00e7i damar yap\u0131s\u0131, ayarlanabilir nab\u0131z sim\u00fclasyonu ve transilluminasyon deste\u011fiyle geli\u015fmi\u015f e\u011fitim sa\u011flar.","robots":{"index":"index","follow":"follow","max-snippet":"max-snippet:-1","max-image-preview":"max-image-preview:large","max-video-preview":"max-video-preview:-1"},"canonical":"https:\/\/merkim.com.tr\/merkim-maket\/urun\/yenidogan-iv-ve-arteriyel-erisim-egitim-kolu-s408-100r-nabiz-simulasyonlu-bebek-damar-girisim-modeli\/","og_locale":"tr_TR","og_type":"article","og_title":"Yenido\u011fan IV ve Arteriyel Eri\u015fim E\u011fitim Kolu \u2013 S408.100R | Nab\u0131z Sim\u00fclasyonlu Bebek Damar Giri\u015fim Modeli - Merkim Maket","og_description":"S408.100 modeli yenido\u011fan IV ve arteriyel eri\u015fim e\u011fitim kolu, pediatrik sa\u011fl\u0131k profesyonellerine ger\u00e7ek\u00e7i damar yap\u0131s\u0131, ayarlanabilir nab\u0131z sim\u00fclasyonu ve transilluminasyon deste\u011fiyle geli\u015fmi\u015f e\u011fitim sa\u011flar.","og_url":"https:\/\/merkim.com.tr\/merkim-maket\/urun\/yenidogan-iv-ve-arteriyel-erisim-egitim-kolu-s408-100r-nabiz-simulasyonlu-bebek-damar-girisim-modeli\/","og_site_name":"Merkim Maket","og_image":[{"width":800,"height":531,"url":"https:\/\/merkim.com.tr\/merkim-maket\/wp-content\/uploads\/2025\/07\/yenidogan-iv-arteriyel-egitim-kolu-gaumard-s408-100.png","type":"image\/png"}],"twitter_card":"summary_large_image","twitter_misc":{"Tahmini okuma s\u00fcresi":"2 dakika"},"schema":{"@context":"https:\/\/schema.org","@graph":[{"@type":"WebPage","@id":"https:\/\/merkim.com.tr\/merkim-maket\/urun\/yenidogan-iv-ve-arteriyel-erisim-egitim-kolu-s408-100r-nabiz-simulasyonlu-bebek-damar-girisim-modeli\/","url":"https:\/\/merkim.com.tr\/merkim-maket\/urun\/yenidogan-iv-ve-arteriyel-erisim-egitim-kolu-s408-100r-nabiz-simulasyonlu-bebek-damar-girisim-modeli\/","name":"Yenido\u011fan IV ve Arteriyel Eri\u015fim E\u011fitim Kolu \u2013 S408.100R | Nab\u0131z Sim\u00fclasyonlu Bebek Damar Giri\u015fim Modeli - Merkim Maket","isPartOf":{"@id":"https:\/\/merkim.com.tr\/merkim-maket\/#website"},"primaryImageOfPage":{"@id":"https:\/\/merkim.com.tr\/merkim-maket\/urun\/yenidogan-iv-ve-arteriyel-erisim-egitim-kolu-s408-100r-nabiz-simulasyonlu-bebek-damar-girisim-modeli\/#primaryimage"},"image":{"@id":"https:\/\/merkim.com.tr\/merkim-maket\/urun\/yenidogan-iv-ve-arteriyel-erisim-egitim-kolu-s408-100r-nabiz-simulasyonlu-bebek-damar-girisim-modeli\/#primaryimage"},"thumbnailUrl":"https:\/\/merkim.com.tr\/merkim-maket\/wp-content\/uploads\/2025\/07\/yenidogan-iv-arteriyel-egitim-kolu-gaumard-s408-100.png","datePublished":"2025-07-06T09:49:05+00:00","description":"S408.100 modeli yenido\u011fan IV ve arteriyel eri\u015fim e\u011fitim kolu, pediatrik sa\u011fl\u0131k profesyonellerine ger\u00e7ek\u00e7i damar yap\u0131s\u0131, ayarlanabilir nab\u0131z sim\u00fclasyonu ve transilluminasyon deste\u011fiyle geli\u015fmi\u015f e\u011fitim sa\u011flar.","breadcrumb":{"@id":"https:\/\/merkim.com.tr\/merkim-maket\/urun\/yenidogan-iv-ve-arteriyel-erisim-egitim-kolu-s408-100r-nabiz-simulasyonlu-bebek-damar-girisim-modeli\/#breadcrumb"},"inLanguage":"tr","potentialAction":[{"@type":"ReadAction","target":["https:\/\/merkim.com.tr\/merkim-maket\/urun\/yenidogan-iv-ve-arteriyel-erisim-egitim-kolu-s408-100r-nabiz-simulasyonlu-bebek-damar-girisim-modeli\/"]}]},{"@type":"ImageObject","inLanguage":"tr","@id":"https:\/\/merkim.com.tr\/merkim-maket\/urun\/yenidogan-iv-ve-arteriyel-erisim-egitim-kolu-s408-100r-nabiz-simulasyonlu-bebek-damar-girisim-modeli\/#primaryimage","url":"https:\/\/merkim.com.tr\/merkim-maket\/wp-content\/uploads\/2025\/07\/yenidogan-iv-arteriyel-egitim-kolu-gaumard-s408-100.png","contentUrl":"https:\/\/merkim.com.tr\/merkim-maket\/wp-content\/uploads\/2025\/07\/yenidogan-iv-arteriyel-egitim-kolu-gaumard-s408-100.png","width":800,"height":531,"caption":"Elektronik nab\u0131z kontroll\u00fc yenido\u011fan IV ve arteriyel giri\u015fim e\u011fitimi modeli"},{"@type":"BreadcrumbList","@id":"https:\/\/merkim.com.tr\/merkim-maket\/urun\/yenidogan-iv-ve-arteriyel-erisim-egitim-kolu-s408-100r-nabiz-simulasyonlu-bebek-damar-girisim-modeli\/#breadcrumb","itemListElement":[{"@type":"ListItem","position":1,"name":"Anasayfa","item":"https:\/\/merkim.com.tr\/merkim-maket\/"},{"@type":"ListItem","position":2,"name":"Ma\u011faza","item":"https:\/\/merkim.com.tr\/merkim-maket\/magaza\/"},{"@type":"ListItem","position":3,"name":"Yenido\u011fan IV ve Arteriyel Eri\u015fim E\u011fitim Kolu \u2013 S408.100R | Nab\u0131z Sim\u00fclasyonlu Bebek Damar Giri\u015fim Modeli"}]},{"@type":"WebSite","@id":"https:\/\/merkim.com.tr\/merkim-maket\/#website","url":"https:\/\/merkim.com.tr\/merkim-maket\/","name":"Merkim Maket","description":"","potentialAction":[{"@type":"SearchAction","target":{"@type":"EntryPoint","urlTemplate":"https:\/\/merkim.com.tr\/merkim-maket\/?s={search_term_string}"},"query-input":{"@type":"PropertyValueSpecification","valueRequired":true,"valueName":"search_term_string"}}],"inLanguage":"tr"}]}},"_links":{"self":[{"href":"https:\/\/merkim.com.tr\/merkim-maket\/wp-json\/wp\/v2\/product\/491","targetHints":{"allow":["GET"]}}],"collection":[{"href":"https:\/\/merkim.com.tr\/merkim-maket\/wp-json\/wp\/v2\/product"}],"about":[{"href":"https:\/\/merkim.com.tr\/merkim-maket\/wp-json\/wp\/v2\/types\/product"}],"replies":[{"embeddable":true,"href":"https:\/\/merkim.com.tr\/merkim-maket\/wp-json\/wp\/v2\/comments?post=491"}],"wp:featuredmedia":[{"embeddable":true,"href":"https:\/\/merkim.com.tr\/merkim-maket\/wp-json\/wp\/v2\/media\/492"}],"wp:attachment":[{"href":"https:\/\/merkim.com.tr\/merkim-maket\/wp-json\/wp\/v2\/media?parent=491"}],"wp:term":[{"taxonomy":"product_brand","embeddable":true,"href":"https:\/\/merkim.com.tr\/merkim-maket\/wp-json\/wp\/v2\/product_brand?post=491"},{"taxonomy":"product_cat","embeddable":true,"href":"https:\/\/merkim.com.tr\/merkim-maket\/wp-json\/wp\/v2\/product_cat?post=491"},{"taxonomy":"product_tag","embeddable":true,"href":"https:\/\/merkim.com.tr\/merkim-maket\/wp-json\/wp\/v2\/product_tag?post=491"}],"curies":[{"name":"wp","href":"https:\/\/api.w.org\/{rel}","templated":true}]}}