{"id":46,"date":"2025-06-05T20:01:44","date_gmt":"2025-06-05T20:01:44","guid":{"rendered":"https:\/\/merkim.com.tr\/merkim-maket\/?post_type=product&#038;p=46"},"modified":"2025-06-05T20:01:44","modified_gmt":"2025-06-05T20:01:44","slug":"teri-elderly-auscultation-trainer-light-sku-lf04299-yasli-hasta-bakim-ve-oskultasyon-simulatoru-nasco-healthcare","status":"publish","type":"product","link":"https:\/\/merkim.com.tr\/merkim-maket\/urun\/teri-elderly-auscultation-trainer-light-sku-lf04299-yasli-hasta-bakim-ve-oskultasyon-simulatoru-nasco-healthcare\/","title":{"rendered":"TERi\u2122 Elderly Auscultation Trainer &#8211; Light [SKU: LF04299] &#8211; Ya\u015fl\u0131 Hasta Bak\u0131m ve Osk\u00fcltasyon Sim\u00fclat\u00f6r\u00fc &#8211; Nasco Healthcare"},"content":{"rendered":"<p class=\"ds-markdown-paragraph\"><strong>TERi\u2122 Elderly Auscultation Trainer<\/strong>, geriatri ve yeti\u015fkin hasta bak\u0131m\u0131 e\u011fitimleri i\u00e7in \u00f6zel olarak tasarlanm\u0131\u015f\u00a0<strong>tam v\u00fccut osk\u00fcltasyon ve klinik beceri sim\u00fclat\u00f6r\u00fcd\u00fcr<\/strong>. Bu yenilik\u00e7i e\u011fitim mankeni, hem\u015fireler, doktorlar ve sa\u011fl\u0131k \u00e7al\u0131\u015fanlar\u0131na\u00a0<strong>geriatrik hasta bak\u0131m\u0131n\u0131n t\u00fcm y\u00f6nlerini<\/strong>\u00a0ger\u00e7ek\u00e7i bir \u015fekilde \u00f6\u011fretmek i\u00e7in geli\u015ftirilmi\u015ftir.<\/p>\n<h3><strong>Temel \u00d6zellikler ve Avantajlar:<\/strong><\/h3>\n<p class=\"ds-markdown-paragraph\">\u2714\u00a0<strong>Kapsaml\u0131 Osk\u00fcltasyon Yetenekleri:<\/strong><\/p>\n<ul>\n<li>\n<p class=\"ds-markdown-paragraph\">5 anterior, 10 posterior ve 2 midaksiller akci\u011fer sesi noktas\u0131<\/p>\n<\/li>\n<li>\n<p class=\"ds-markdown-paragraph\">6 anterior kalp sesi dinleme b\u00f6lgesi<\/p>\n<\/li>\n<li>\n<p class=\"ds-markdown-paragraph\">Ger\u00e7ek\u00e7i solunum ve kardiyak ses sim\u00fclasyonu<\/p>\n<\/li>\n<\/ul>\n<p class=\"ds-markdown-paragraph\">\u2714\u00a0<strong>Geriatrik Hasta Bak\u0131m\u0131 i\u00e7in \u00d6zel Tasar\u0131m:<\/strong><\/p>\n<ul>\n<li>\n<p class=\"ds-markdown-paragraph\">GERi\/KERi serisinin geli\u015fmi\u015f versiyonu<\/p>\n<\/li>\n<li>\n<p class=\"ds-markdown-paragraph\">Ger\u00e7ek hasta a\u011f\u0131rl\u0131k da\u011f\u0131l\u0131m\u0131 (ta\u015f\u0131ma ve pozisyon verme e\u011fitimi i\u00e7in)<\/p>\n<\/li>\n<li>\n<p class=\"ds-markdown-paragraph\">Yumu\u015fak silikon deri ile ger\u00e7ek\u00e7i dokunu\u015f<\/p>\n<\/li>\n<li>\n<p class=\"ds-markdown-paragraph\">Normal ve kanserli deri benleri, evre 1 sakral \u00fclser sim\u00fclasyonu<\/p>\n<\/li>\n<\/ul>\n<p class=\"ds-markdown-paragraph\">\u2714\u00a0<strong>Klinik Beceri Uygulamalar\u0131:<\/strong><\/p>\n<ul>\n<li>\n<p class=\"ds-markdown-paragraph\">Pasif eklem hareket a\u00e7\u0131kl\u0131\u011f\u0131 egzersizleri<\/p>\n<\/li>\n<li>\n<p class=\"ds-markdown-paragraph\">Nazogastrik t\u00fcp yerle\u015ftirme ve bak\u0131m\u0131<\/p>\n<\/li>\n<li>\n<p class=\"ds-markdown-paragraph\">\u0130ntraven\u00f6z ve subkutan enjeksiyon alanlar\u0131<\/p>\n<\/li>\n<li>\n<p class=\"ds-markdown-paragraph\">Erkek ve kad\u0131n \u00fcriner kateterizasyon<\/p>\n<\/li>\n<li>\n<p class=\"ds-markdown-paragraph\">Pelvik ve prostat muayenesi<\/p>\n<\/li>\n<li>\n<p class=\"ds-markdown-paragraph\">Trakeostomi bak\u0131m\u0131 ve aspirasyon<\/p>\n<\/li>\n<li>\n<p class=\"ds-markdown-paragraph\">Ostomi bak\u0131m\u0131<\/p>\n<\/li>\n<\/ul>\n<h3><strong>Teknik \u00d6zellikler:<\/strong><\/h3>\n<ul>\n<li>\n<p class=\"ds-markdown-paragraph\"><strong>A\u011f\u0131rl\u0131k:<\/strong>\u00a080 lbs (36 kg)<\/p>\n<\/li>\n<li>\n<p class=\"ds-markdown-paragraph\"><strong>Boyutlar:<\/strong>\u00a022.25&#8243; x 44.5&#8243; x 22.5&#8243; (56cm x 113cm x 57cm)<\/p>\n<\/li>\n<li>\n<p class=\"ds-markdown-paragraph\"><strong>Garanti:<\/strong>\u00a05 y\u0131l<\/p>\n<\/li>\n<li>\n<p class=\"ds-markdown-paragraph\"><strong>Ten Rengi:<\/strong>\u00a0A\u00e7\u0131k ton<\/p>\n<\/li>\n<\/ul>\n<h3><strong>E\u011fitim Avantajlar\u0131:<\/strong><\/h3>\n<ul>\n<li>\n<p class=\"ds-markdown-paragraph\">Geriatrik hasta bak\u0131m\u0131n\u0131n t\u00fcm y\u00f6nlerini kapsayan uygulamalar<\/p>\n<\/li>\n<li>\n<p class=\"ds-markdown-paragraph\">Ger\u00e7ek hasta deneyimine en yak\u0131n sim\u00fclasyon<\/p>\n<\/li>\n<li>\n<p class=\"ds-markdown-paragraph\">\u00c7oklu enjeksiyon ve kateterizasyon noktalar\u0131<\/p>\n<\/li>\n<li>\n<p class=\"ds-markdown-paragraph\">\u00d6l\u00e7\u00fclebilir \u00f6\u011frenme \u00e7\u0131kt\u0131lar\u0131<\/p>\n<\/li>\n<li>\n<p class=\"ds-markdown-paragraph\">Uzun s\u00fcreli kullan\u0131m i\u00e7in dayan\u0131kl\u0131 tasar\u0131m<\/p>\n<\/li>\n<\/ul>\n","protected":false},"excerpt":{"rendered":"<p><strong>TERi\u2122 Elderly Auscultation Trainer<\/strong>, geriatri ve yeti\u015fkin hasta bak\u0131m\u0131 e\u011fitimleri i\u00e7in tasarlanm\u0131\u015f\u00a0<strong>tam v\u00fccut osk\u00fcltasyon ve klinik beceri sim\u00fclat\u00f6r\u00fcd\u00fcr<\/strong>. Ger\u00e7ek\u00e7i anatomik yap\u0131s\u0131 ve \u00e7oklu klinik uygulama noktalar\u0131 ile kapsaml\u0131 bir e\u011fitim deneyimi sunar.<\/p>\n","protected":false},"featured_media":47,"comment_status":"open","ping_status":"closed","template":"","meta":[],"product_brand":[16],"product_cat":[15,17,78],"product_tag":[105,96,109,27,108,106,41,107],"class_list":{"0":"post-46","1":"product","2":"type-product","3":"status-publish","4":"has-post-thumbnail","6":"product_brand-nasco-healthcare","7":"product_cat-genel","8":"product_cat-nursing-patient-care","9":"product_cat-nasco-healthcare","10":"product_tag-geriatri-simulatoru","11":"product_tag-hemsirelik-egitim-ekipmanlari","12":"product_tag-klinik-beceri-egitimi","13":"product_tag-nasco-healthcare","14":"product_tag-oskultasyon-simulatoru","15":"product_tag-teri","16":"product_tag-tibbi-simulasyon","17":"product_tag-yasli-hasta-bakim-mankeni","19":"first","20":"instock","21":"shipping-taxable","22":"product-type-simple"},"yoast_head":"<!-- This site is optimized with the Yoast SEO plugin v25.2 - https:\/\/yoast.com\/wordpress\/plugins\/seo\/ -->\n<title>TERi\u2122 Elderly Auscultation Trainer - Light [SKU: LF04299] - Ya\u015fl\u0131 Hasta Bak\u0131m ve Osk\u00fcltasyon Sim\u00fclat\u00f6r\u00fc - Nasco Healthcare - Merkim Maket<\/title>\n<meta name=\"robots\" content=\"index, follow, max-snippet:-1, max-image-preview:large, max-video-preview:-1\" \/>\n<link rel=\"canonical\" href=\"https:\/\/merkim.com.tr\/merkim-maket\/urun\/teri-elderly-auscultation-trainer-light-sku-lf04299-yasli-hasta-bakim-ve-oskultasyon-simulatoru-nasco-healthcare\/\" \/>\n<meta property=\"og:locale\" content=\"tr_TR\" \/>\n<meta property=\"og:type\" content=\"article\" \/>\n<meta property=\"og:title\" content=\"TERi\u2122 Elderly Auscultation Trainer - Light [SKU: LF04299] - Ya\u015fl\u0131 Hasta Bak\u0131m ve Osk\u00fcltasyon Sim\u00fclat\u00f6r\u00fc - Nasco Healthcare - Merkim Maket\" \/>\n<meta property=\"og:description\" content=\"TERi\u2122 Elderly Auscultation Trainer, geriatri ve yeti\u015fkin hasta bak\u0131m\u0131 e\u011fitimleri i\u00e7in tasarlanm\u0131\u015f\u00a0tam v\u00fccut osk\u00fcltasyon ve klinik beceri sim\u00fclat\u00f6r\u00fcd\u00fcr. Ger\u00e7ek\u00e7i anatomik yap\u0131s\u0131 ve \u00e7oklu klinik uygulama noktalar\u0131 ile kapsaml\u0131 bir e\u011fitim deneyimi sunar.\" \/>\n<meta property=\"og:url\" content=\"https:\/\/merkim.com.tr\/merkim-maket\/urun\/teri-elderly-auscultation-trainer-light-sku-lf04299-yasli-hasta-bakim-ve-oskultasyon-simulatoru-nasco-healthcare\/\" \/>\n<meta property=\"og:site_name\" content=\"Merkim Maket\" \/>\n<meta property=\"og:image\" content=\"https:\/\/merkim.com.tr\/merkim-maket\/wp-content\/uploads\/2025\/06\/teri-elderly-auscultation-trainer-light-nasco-healthcare.png\" \/>\n\t<meta property=\"og:image:width\" content=\"800\" \/>\n\t<meta property=\"og:image:height\" content=\"800\" \/>\n\t<meta property=\"og:image:type\" content=\"image\/png\" \/>\n<meta name=\"twitter:card\" content=\"summary_large_image\" \/>\n<meta name=\"twitter:label1\" content=\"Tahmini okuma s\u00fcresi\" \/>\n\t<meta name=\"twitter:data1\" content=\"2 dakika\" \/>\n<script type=\"application\/ld+json\" class=\"yoast-schema-graph\">{\"@context\":\"https:\/\/schema.org\",\"@graph\":[{\"@type\":\"WebPage\",\"@id\":\"https:\/\/merkim.com.tr\/merkim-maket\/urun\/teri-elderly-auscultation-trainer-light-sku-lf04299-yasli-hasta-bakim-ve-oskultasyon-simulatoru-nasco-healthcare\/\",\"url\":\"https:\/\/merkim.com.tr\/merkim-maket\/urun\/teri-elderly-auscultation-trainer-light-sku-lf04299-yasli-hasta-bakim-ve-oskultasyon-simulatoru-nasco-healthcare\/\",\"name\":\"TERi\u2122 Elderly Auscultation Trainer - Light [SKU: LF04299] - Ya\u015fl\u0131 Hasta Bak\u0131m ve Osk\u00fcltasyon Sim\u00fclat\u00f6r\u00fc - Nasco Healthcare - Merkim Maket\",\"isPartOf\":{\"@id\":\"https:\/\/merkim.com.tr\/merkim-maket\/#website\"},\"primaryImageOfPage\":{\"@id\":\"https:\/\/merkim.com.tr\/merkim-maket\/urun\/teri-elderly-auscultation-trainer-light-sku-lf04299-yasli-hasta-bakim-ve-oskultasyon-simulatoru-nasco-healthcare\/#primaryimage\"},\"image\":{\"@id\":\"https:\/\/merkim.com.tr\/merkim-maket\/urun\/teri-elderly-auscultation-trainer-light-sku-lf04299-yasli-hasta-bakim-ve-oskultasyon-simulatoru-nasco-healthcare\/#primaryimage\"},\"thumbnailUrl\":\"https:\/\/merkim.com.tr\/merkim-maket\/wp-content\/uploads\/2025\/06\/teri-elderly-auscultation-trainer-light-nasco-healthcare.png\",\"datePublished\":\"2025-06-05T20:01:44+00:00\",\"breadcrumb\":{\"@id\":\"https:\/\/merkim.com.tr\/merkim-maket\/urun\/teri-elderly-auscultation-trainer-light-sku-lf04299-yasli-hasta-bakim-ve-oskultasyon-simulatoru-nasco-healthcare\/#breadcrumb\"},\"inLanguage\":\"tr\",\"potentialAction\":[{\"@type\":\"ReadAction\",\"target\":[\"https:\/\/merkim.com.tr\/merkim-maket\/urun\/teri-elderly-auscultation-trainer-light-sku-lf04299-yasli-hasta-bakim-ve-oskultasyon-simulatoru-nasco-healthcare\/\"]}]},{\"@type\":\"ImageObject\",\"inLanguage\":\"tr\",\"@id\":\"https:\/\/merkim.com.tr\/merkim-maket\/urun\/teri-elderly-auscultation-trainer-light-sku-lf04299-yasli-hasta-bakim-ve-oskultasyon-simulatoru-nasco-healthcare\/#primaryimage\",\"url\":\"https:\/\/merkim.com.tr\/merkim-maket\/wp-content\/uploads\/2025\/06\/teri-elderly-auscultation-trainer-light-nasco-healthcare.png\",\"contentUrl\":\"https:\/\/merkim.com.tr\/merkim-maket\/wp-content\/uploads\/2025\/06\/teri-elderly-auscultation-trainer-light-nasco-healthcare.png\",\"width\":800,\"height\":800,\"caption\":\"Ya\u015fl\u0131 Hasta Osk\u00fcltasyon ve Klinik Beceri Sim\u00fclat\u00f6r\u00fc\"},{\"@type\":\"BreadcrumbList\",\"@id\":\"https:\/\/merkim.com.tr\/merkim-maket\/urun\/teri-elderly-auscultation-trainer-light-sku-lf04299-yasli-hasta-bakim-ve-oskultasyon-simulatoru-nasco-healthcare\/#breadcrumb\",\"itemListElement\":[{\"@type\":\"ListItem\",\"position\":1,\"name\":\"Anasayfa\",\"item\":\"https:\/\/merkim.com.tr\/merkim-maket\/\"},{\"@type\":\"ListItem\",\"position\":2,\"name\":\"Ma\u011faza\",\"item\":\"https:\/\/merkim.com.tr\/merkim-maket\/magaza\/\"},{\"@type\":\"ListItem\",\"position\":3,\"name\":\"TERi\u2122 Elderly Auscultation Trainer &#8211; Light [SKU: LF04299] &#8211; Ya\u015fl\u0131 Hasta Bak\u0131m ve Osk\u00fcltasyon Sim\u00fclat\u00f6r\u00fc &#8211; Nasco Healthcare\"}]},{\"@type\":\"WebSite\",\"@id\":\"https:\/\/merkim.com.tr\/merkim-maket\/#website\",\"url\":\"https:\/\/merkim.com.tr\/merkim-maket\/\",\"name\":\"Merkim Maket\",\"description\":\"\",\"potentialAction\":[{\"@type\":\"SearchAction\",\"target\":{\"@type\":\"EntryPoint\",\"urlTemplate\":\"https:\/\/merkim.com.tr\/merkim-maket\/?s={search_term_string}\"},\"query-input\":{\"@type\":\"PropertyValueSpecification\",\"valueRequired\":true,\"valueName\":\"search_term_string\"}}],\"inLanguage\":\"tr\"}]}<\/script>\n<!-- \/ Yoast SEO plugin. -->","yoast_head_json":{"title":"TERi\u2122 Elderly Auscultation Trainer - Light [SKU: LF04299] - Ya\u015fl\u0131 Hasta Bak\u0131m ve Osk\u00fcltasyon Sim\u00fclat\u00f6r\u00fc - Nasco Healthcare - Merkim Maket","robots":{"index":"index","follow":"follow","max-snippet":"max-snippet:-1","max-image-preview":"max-image-preview:large","max-video-preview":"max-video-preview:-1"},"canonical":"https:\/\/merkim.com.tr\/merkim-maket\/urun\/teri-elderly-auscultation-trainer-light-sku-lf04299-yasli-hasta-bakim-ve-oskultasyon-simulatoru-nasco-healthcare\/","og_locale":"tr_TR","og_type":"article","og_title":"TERi\u2122 Elderly Auscultation Trainer - Light [SKU: LF04299] - Ya\u015fl\u0131 Hasta Bak\u0131m ve Osk\u00fcltasyon Sim\u00fclat\u00f6r\u00fc - Nasco Healthcare - Merkim Maket","og_description":"TERi\u2122 Elderly Auscultation Trainer, geriatri ve yeti\u015fkin hasta bak\u0131m\u0131 e\u011fitimleri i\u00e7in tasarlanm\u0131\u015f\u00a0tam v\u00fccut osk\u00fcltasyon ve klinik beceri sim\u00fclat\u00f6r\u00fcd\u00fcr. Ger\u00e7ek\u00e7i anatomik yap\u0131s\u0131 ve \u00e7oklu klinik uygulama noktalar\u0131 ile kapsaml\u0131 bir e\u011fitim deneyimi sunar.","og_url":"https:\/\/merkim.com.tr\/merkim-maket\/urun\/teri-elderly-auscultation-trainer-light-sku-lf04299-yasli-hasta-bakim-ve-oskultasyon-simulatoru-nasco-healthcare\/","og_site_name":"Merkim Maket","og_image":[{"width":800,"height":800,"url":"https:\/\/merkim.com.tr\/merkim-maket\/wp-content\/uploads\/2025\/06\/teri-elderly-auscultation-trainer-light-nasco-healthcare.png","type":"image\/png"}],"twitter_card":"summary_large_image","twitter_misc":{"Tahmini okuma s\u00fcresi":"2 dakika"},"schema":{"@context":"https:\/\/schema.org","@graph":[{"@type":"WebPage","@id":"https:\/\/merkim.com.tr\/merkim-maket\/urun\/teri-elderly-auscultation-trainer-light-sku-lf04299-yasli-hasta-bakim-ve-oskultasyon-simulatoru-nasco-healthcare\/","url":"https:\/\/merkim.com.tr\/merkim-maket\/urun\/teri-elderly-auscultation-trainer-light-sku-lf04299-yasli-hasta-bakim-ve-oskultasyon-simulatoru-nasco-healthcare\/","name":"TERi\u2122 Elderly Auscultation Trainer - Light [SKU: LF04299] - Ya\u015fl\u0131 Hasta Bak\u0131m ve Osk\u00fcltasyon Sim\u00fclat\u00f6r\u00fc - Nasco Healthcare - Merkim Maket","isPartOf":{"@id":"https:\/\/merkim.com.tr\/merkim-maket\/#website"},"primaryImageOfPage":{"@id":"https:\/\/merkim.com.tr\/merkim-maket\/urun\/teri-elderly-auscultation-trainer-light-sku-lf04299-yasli-hasta-bakim-ve-oskultasyon-simulatoru-nasco-healthcare\/#primaryimage"},"image":{"@id":"https:\/\/merkim.com.tr\/merkim-maket\/urun\/teri-elderly-auscultation-trainer-light-sku-lf04299-yasli-hasta-bakim-ve-oskultasyon-simulatoru-nasco-healthcare\/#primaryimage"},"thumbnailUrl":"https:\/\/merkim.com.tr\/merkim-maket\/wp-content\/uploads\/2025\/06\/teri-elderly-auscultation-trainer-light-nasco-healthcare.png","datePublished":"2025-06-05T20:01:44+00:00","breadcrumb":{"@id":"https:\/\/merkim.com.tr\/merkim-maket\/urun\/teri-elderly-auscultation-trainer-light-sku-lf04299-yasli-hasta-bakim-ve-oskultasyon-simulatoru-nasco-healthcare\/#breadcrumb"},"inLanguage":"tr","potentialAction":[{"@type":"ReadAction","target":["https:\/\/merkim.com.tr\/merkim-maket\/urun\/teri-elderly-auscultation-trainer-light-sku-lf04299-yasli-hasta-bakim-ve-oskultasyon-simulatoru-nasco-healthcare\/"]}]},{"@type":"ImageObject","inLanguage":"tr","@id":"https:\/\/merkim.com.tr\/merkim-maket\/urun\/teri-elderly-auscultation-trainer-light-sku-lf04299-yasli-hasta-bakim-ve-oskultasyon-simulatoru-nasco-healthcare\/#primaryimage","url":"https:\/\/merkim.com.tr\/merkim-maket\/wp-content\/uploads\/2025\/06\/teri-elderly-auscultation-trainer-light-nasco-healthcare.png","contentUrl":"https:\/\/merkim.com.tr\/merkim-maket\/wp-content\/uploads\/2025\/06\/teri-elderly-auscultation-trainer-light-nasco-healthcare.png","width":800,"height":800,"caption":"Ya\u015fl\u0131 Hasta Osk\u00fcltasyon ve Klinik Beceri Sim\u00fclat\u00f6r\u00fc"},{"@type":"BreadcrumbList","@id":"https:\/\/merkim.com.tr\/merkim-maket\/urun\/teri-elderly-auscultation-trainer-light-sku-lf04299-yasli-hasta-bakim-ve-oskultasyon-simulatoru-nasco-healthcare\/#breadcrumb","itemListElement":[{"@type":"ListItem","position":1,"name":"Anasayfa","item":"https:\/\/merkim.com.tr\/merkim-maket\/"},{"@type":"ListItem","position":2,"name":"Ma\u011faza","item":"https:\/\/merkim.com.tr\/merkim-maket\/magaza\/"},{"@type":"ListItem","position":3,"name":"TERi\u2122 Elderly Auscultation Trainer &#8211; Light [SKU: LF04299] &#8211; Ya\u015fl\u0131 Hasta Bak\u0131m ve Osk\u00fcltasyon Sim\u00fclat\u00f6r\u00fc &#8211; Nasco Healthcare"}]},{"@type":"WebSite","@id":"https:\/\/merkim.com.tr\/merkim-maket\/#website","url":"https:\/\/merkim.com.tr\/merkim-maket\/","name":"Merkim Maket","description":"","potentialAction":[{"@type":"SearchAction","target":{"@type":"EntryPoint","urlTemplate":"https:\/\/merkim.com.tr\/merkim-maket\/?s={search_term_string}"},"query-input":{"@type":"PropertyValueSpecification","valueRequired":true,"valueName":"search_term_string"}}],"inLanguage":"tr"}]}},"_links":{"self":[{"href":"https:\/\/merkim.com.tr\/merkim-maket\/wp-json\/wp\/v2\/product\/46","targetHints":{"allow":["GET"]}}],"collection":[{"href":"https:\/\/merkim.com.tr\/merkim-maket\/wp-json\/wp\/v2\/product"}],"about":[{"href":"https:\/\/merkim.com.tr\/merkim-maket\/wp-json\/wp\/v2\/types\/product"}],"replies":[{"embeddable":true,"href":"https:\/\/merkim.com.tr\/merkim-maket\/wp-json\/wp\/v2\/comments?post=46"}],"wp:featuredmedia":[{"embeddable":true,"href":"https:\/\/merkim.com.tr\/merkim-maket\/wp-json\/wp\/v2\/media\/47"}],"wp:attachment":[{"href":"https:\/\/merkim.com.tr\/merkim-maket\/wp-json\/wp\/v2\/media?parent=46"}],"wp:term":[{"taxonomy":"product_brand","embeddable":true,"href":"https:\/\/merkim.com.tr\/merkim-maket\/wp-json\/wp\/v2\/product_brand?post=46"},{"taxonomy":"product_cat","embeddable":true,"href":"https:\/\/merkim.com.tr\/merkim-maket\/wp-json\/wp\/v2\/product_cat?post=46"},{"taxonomy":"product_tag","embeddable":true,"href":"https:\/\/merkim.com.tr\/merkim-maket\/wp-json\/wp\/v2\/product_tag?post=46"}],"curies":[{"name":"wp","href":"https:\/\/api.w.org\/{rel}","templated":true}]}}