{"id":421,"date":"2025-07-05T16:07:09","date_gmt":"2025-07-05T16:07:09","guid":{"rendered":"https:\/\/merkim.com.tr\/merkim-maket\/?post_type=product&#038;p=421"},"modified":"2025-07-05T16:07:10","modified_gmt":"2025-07-05T16:07:10","slug":"pedi-blue-newborn-s320-101-yenidogan-hasta-simulatoru-hal-govdeli-siyanoz-simulasyonlu","status":"publish","type":"product","link":"https:\/\/merkim.com.tr\/merkim-maket\/urun\/pedi-blue-newborn-s320-101-yenidogan-hasta-simulatoru-hal-govdeli-siyanoz-simulasyonlu\/","title":{"rendered":"PEDI\u00ae Blue Newborn S320.101 &#8211; Yenido\u011fan Hasta Sim\u00fclat\u00f6r\u00fc (HAL\u00ae G\u00f6vdeli + Siyanoz Sim\u00fclasyonlu)"},"content":{"rendered":"<p class=\"ds-markdown-paragraph\"><strong>PEDI\u00ae Blue Newborn S320.101<\/strong>, yenido\u011fan res\u00fcsitasyonu ve acil m\u00fcdahale e\u011fitimleri i\u00e7in \u00f6zel olarak tasarlanm\u0131\u015f\u00a0<strong>ileri d\u00fczey hasta sim\u00fclat\u00f6r\u00fcd\u00fcr<\/strong>. Yenido\u011fan HAL\u00ae g\u00f6vdesi ve ger\u00e7ek\u00e7i fizyolojik \u00f6zellikleriyle\u00a0<strong>tam kapsaml\u0131 klinik e\u011fitim<\/strong>\u00a0imkan\u0131 sunar.<\/p>\n<h4><strong>Benzersiz \u00d6zellikler ve Klinik Uygulamalar:<\/strong><\/h4>\n<p class=\"ds-markdown-paragraph\">\u2705\u00a0<strong>Ger\u00e7ek\u00e7i Yenido\u011fan Fizyolojisi:<\/strong><\/p>\n<ul>\n<li>\n<p class=\"ds-markdown-paragraph\"><strong>Dinamik siyanoz sim\u00fclasyonu<\/strong>\u00a0(periferik ve santral siyanoz g\u00f6r\u00fcnt\u00fcs\u00fc)<\/p>\n<\/li>\n<li>\n<p class=\"ds-markdown-paragraph\"><strong>Belirgin ven\u00f6z a\u011f yap\u0131s\u0131<\/strong>\u00a0ile ger\u00e7ek\u00e7i g\u00f6r\u00fcn\u00fcm<\/p>\n<\/li>\n<li>\n<p class=\"ds-markdown-paragraph\"><strong>Sa\u011fl\u0131kl\u0131\/hasta cilt tonu<\/strong>\u00a0ge\u00e7i\u015fleri<\/p>\n<\/li>\n<\/ul>\n<p class=\"ds-markdown-paragraph\">\u2705\u00a0<strong>Kapsaml\u0131 Res\u00fcsitasyon E\u011fitimi:<\/strong><\/p>\n<ul>\n<li>\n<p class=\"ds-markdown-paragraph\"><strong>Ger\u00e7ek\u00e7i g\u00f6\u011f\u00fcs kalk\u0131\u015f\u0131<\/strong>\u00a0ile BVM etkinli\u011finin g\u00f6zlemlenmesi<\/p>\n<\/li>\n<li>\n<p class=\"ds-markdown-paragraph\"><strong>\u0130ki ba\u015fparmak &#8220;\u00e7evreleme&#8221; tekni\u011fi<\/strong>\u00a0veya\u00a0<strong>iki parmak alternatif kompresyon<\/strong>\u00a0y\u00f6ntemi<\/p>\n<\/li>\n<li>\n<p class=\"ds-markdown-paragraph\"><strong>OMNI\u00ae entegrasyonu<\/strong>\u00a0ile ger\u00e7ek zamanl\u0131 CPR geri bildirimi (opsiyonel)<\/p>\n<\/li>\n<\/ul>\n<p class=\"ds-markdown-paragraph\">\u2705\u00a0<strong>Profesyonel Hava Yolu Y\u00f6netimi:<\/strong><\/p>\n<ul>\n<li>\n<p class=\"ds-markdown-paragraph\"><strong>Oral\/nazal ent\u00fcbasyon<\/strong>\u00a0(Miller 1 blade ve 2.5 ET t\u00fcp uyumlu)<\/p>\n<\/li>\n<li>\n<p class=\"ds-markdown-paragraph\"><strong>LMA yerle\u015ftirme<\/strong>\u00a0e\u011fitimi<\/p>\n<\/li>\n<li>\n<p class=\"ds-markdown-paragraph\"><strong>Sellick manevras\u0131<\/strong>\u00a0uygulanabilir krikoid \u00e7\u0131k\u0131nt\u0131<\/p>\n<\/li>\n<\/ul>\n<p class=\"ds-markdown-paragraph\">\u2705\u00a0<strong>Di\u011fer Kritik Prosed\u00fcrler:<\/strong><\/p>\n<ul>\n<li>\n<p class=\"ds-markdown-paragraph\"><strong>Umbilikal kateterizasyon<\/strong>\u00a0(el tipi s\u0131kma balonu ile pulsatil element sim\u00fclasyonu)<\/p>\n<\/li>\n<li>\n<p class=\"ds-markdown-paragraph\"><strong>\u0130ntraosse\u00f6z giri\u015fim<\/strong>\u00a0(opsiyonel IO bacak ile)<\/p>\n<\/li>\n<li>\n<p class=\"ds-markdown-paragraph\"><strong>IV enjeksiyon teknikleri<\/strong>\u00a0(opsiyonel e\u011fitim kolu ile)<\/p>\n<\/li>\n<\/ul>\n<h4><strong>Paket \u0130\u00e7eri\u011fi:<\/strong><\/h4>\n<ul>\n<li>\n<p class=\"ds-markdown-paragraph\">PEDI\u00ae Blue Newborn S320.101 sim\u00fclat\u00f6r (HAL\u00ae g\u00f6vdesi)<\/p>\n<\/li>\n<li>\n<p class=\"ds-markdown-paragraph\">Ent\u00fcbasyon ekipman seti<\/p>\n<\/li>\n<li>\n<p class=\"ds-markdown-paragraph\">Umbilikal kateterizasyon seti<\/p>\n<\/li>\n<li>\n<p class=\"ds-markdown-paragraph\">Detayl\u0131 kullan\u0131m k\u0131lavuzu<\/p>\n<\/li>\n<\/ul>\n<p class=\"ds-markdown-paragraph\"><em>Opsiyonel Aksesuarlar:<\/em><\/p>\n<ul>\n<li>\n<p class=\"ds-markdown-paragraph\">Intraosse\u00f6z bacak mod\u00fcl\u00fc<\/p>\n<\/li>\n<li>\n<p class=\"ds-markdown-paragraph\">Enjeksiyon e\u011fitim kolu<\/p>\n<\/li>\n<li>\n<p class=\"ds-markdown-paragraph\">OMNI\u00ae CPR geri bildirim sistemi<\/p>\n<\/li>\n<\/ul>\n","protected":false},"excerpt":{"rendered":"<p><strong>PEDI\u00ae Blue Newborn S320.101<\/strong>, yenido\u011fan res\u00fcsitasyonu ve acil m\u00fcdahale e\u011fitimleri i\u00e7in geli\u015ftirilmi\u015f\u00a0<strong>HAL\u00ae g\u00f6vdesine sahip profesyonel sim\u00fclat\u00f6rd\u00fcr<\/strong>. Ger\u00e7ek\u00e7i siyanoz sim\u00fclasyonu ve kapsaml\u0131 prosed\u00fcr uygulamalar\u0131yla t\u0131p e\u011fitimlerinde yeni standart.<\/p>\n","protected":false},"featured_media":422,"comment_status":"open","ping_status":"closed","template":"","meta":[],"product_brand":[948],"product_cat":[15,947],"product_tag":[1180,1007,1179,1175,387,1181,1183,1178,1182,73],"class_list":{"0":"post-421","1":"product","2":"type-product","3":"status-publish","4":"has-post-thumbnail","6":"product_brand-gaumard-scientific","7":"product_cat-genel","8":"product_cat-gaumard-scientific","9":"product_tag-hal-govde","10":"product_tag-intraosseoz-girisim","11":"product_tag-neonatal-resusitasyon","12":"product_tag-pedi-blue-newborn","13":"product_tag-pediatrik-simulasyon","14":"product_tag-siyanoz-simulasyonu","15":"product_tag-tip-egitim-ekipmani","16":"product_tag-umbilikal-kateterizasyon","17":"product_tag-yenidogan-cpr","18":"product_tag-yenidogan-simulatoru","20":"first","21":"instock","22":"shipping-taxable","23":"product-type-simple"},"yoast_head":"<!-- This site is optimized with the Yoast SEO plugin v25.2 - https:\/\/yoast.com\/wordpress\/plugins\/seo\/ -->\n<title>PEDI\u00ae Blue Newborn S320.101 - Yenido\u011fan Hasta Sim\u00fclat\u00f6r\u00fc (HAL\u00ae G\u00f6vdeli + Siyanoz Sim\u00fclasyonlu) - Merkim Maket<\/title>\n<meta name=\"description\" content=\"PEDI\u00ae Blue Newborn S320.101 - Newborn Patient Simulator | HAL\u00ae g\u00f6vdesi ve ger\u00e7ek\u00e7i siyanoz sim\u00fclasyonuyla yenido\u011fan res\u00fcsitasyonu ve acil m\u00fcdahale e\u011fitimleri i\u00e7in profesyonel sim\u00fclat\u00f6r. Umbilikal kateterizasyon ve IO giri\u015fim uygulamalar\u0131 i\u00e7in ideal.\" \/>\n<meta name=\"robots\" content=\"index, follow, max-snippet:-1, max-image-preview:large, max-video-preview:-1\" \/>\n<link rel=\"canonical\" href=\"https:\/\/merkim.com.tr\/merkim-maket\/urun\/pedi-blue-newborn-s320-101-yenidogan-hasta-simulatoru-hal-govdeli-siyanoz-simulasyonlu\/\" \/>\n<meta property=\"og:locale\" content=\"tr_TR\" \/>\n<meta property=\"og:type\" content=\"article\" \/>\n<meta property=\"og:title\" content=\"PEDI\u00ae Blue Newborn S320.101 - Yenido\u011fan Hasta Sim\u00fclat\u00f6r\u00fc (HAL\u00ae G\u00f6vdeli + Siyanoz Sim\u00fclasyonlu) - Merkim Maket\" \/>\n<meta property=\"og:description\" content=\"PEDI\u00ae Blue Newborn S320.101 - Newborn Patient Simulator | HAL\u00ae g\u00f6vdesi ve ger\u00e7ek\u00e7i siyanoz sim\u00fclasyonuyla yenido\u011fan res\u00fcsitasyonu ve acil m\u00fcdahale e\u011fitimleri i\u00e7in profesyonel sim\u00fclat\u00f6r. Umbilikal kateterizasyon ve IO giri\u015fim uygulamalar\u0131 i\u00e7in ideal.\" \/>\n<meta property=\"og:url\" content=\"https:\/\/merkim.com.tr\/merkim-maket\/urun\/pedi-blue-newborn-s320-101-yenidogan-hasta-simulatoru-hal-govdeli-siyanoz-simulasyonlu\/\" \/>\n<meta property=\"og:site_name\" content=\"Merkim Maket\" \/>\n<meta property=\"article:modified_time\" content=\"2025-07-05T16:07:10+00:00\" \/>\n<meta property=\"og:image\" content=\"https:\/\/merkim.com.tr\/merkim-maket\/wp-content\/uploads\/2025\/07\/pedi-blue-newborn-s320101-simulator.png\" \/>\n\t<meta property=\"og:image:width\" content=\"1000\" \/>\n\t<meta property=\"og:image:height\" content=\"664\" \/>\n\t<meta property=\"og:image:type\" content=\"image\/png\" \/>\n<meta name=\"twitter:card\" content=\"summary_large_image\" \/>\n<meta name=\"twitter:label1\" content=\"Tahmini okuma s\u00fcresi\" \/>\n\t<meta name=\"twitter:data1\" content=\"2 dakika\" \/>\n<script type=\"application\/ld+json\" class=\"yoast-schema-graph\">{\"@context\":\"https:\/\/schema.org\",\"@graph\":[{\"@type\":\"WebPage\",\"@id\":\"https:\/\/merkim.com.tr\/merkim-maket\/urun\/pedi-blue-newborn-s320-101-yenidogan-hasta-simulatoru-hal-govdeli-siyanoz-simulasyonlu\/\",\"url\":\"https:\/\/merkim.com.tr\/merkim-maket\/urun\/pedi-blue-newborn-s320-101-yenidogan-hasta-simulatoru-hal-govdeli-siyanoz-simulasyonlu\/\",\"name\":\"PEDI\u00ae Blue Newborn S320.101 - Yenido\u011fan Hasta Sim\u00fclat\u00f6r\u00fc (HAL\u00ae G\u00f6vdeli + Siyanoz Sim\u00fclasyonlu) - Merkim Maket\",\"isPartOf\":{\"@id\":\"https:\/\/merkim.com.tr\/merkim-maket\/#website\"},\"primaryImageOfPage\":{\"@id\":\"https:\/\/merkim.com.tr\/merkim-maket\/urun\/pedi-blue-newborn-s320-101-yenidogan-hasta-simulatoru-hal-govdeli-siyanoz-simulasyonlu\/#primaryimage\"},\"image\":{\"@id\":\"https:\/\/merkim.com.tr\/merkim-maket\/urun\/pedi-blue-newborn-s320-101-yenidogan-hasta-simulatoru-hal-govdeli-siyanoz-simulasyonlu\/#primaryimage\"},\"thumbnailUrl\":\"https:\/\/merkim.com.tr\/merkim-maket\/wp-content\/uploads\/2025\/07\/pedi-blue-newborn-s320101-simulator.png\",\"datePublished\":\"2025-07-05T16:07:09+00:00\",\"dateModified\":\"2025-07-05T16:07:10+00:00\",\"description\":\"PEDI\u00ae Blue Newborn S320.101 - Newborn Patient Simulator | HAL\u00ae g\u00f6vdesi ve ger\u00e7ek\u00e7i siyanoz sim\u00fclasyonuyla yenido\u011fan res\u00fcsitasyonu ve acil m\u00fcdahale e\u011fitimleri i\u00e7in profesyonel sim\u00fclat\u00f6r. Umbilikal kateterizasyon ve IO giri\u015fim uygulamalar\u0131 i\u00e7in ideal.\",\"breadcrumb\":{\"@id\":\"https:\/\/merkim.com.tr\/merkim-maket\/urun\/pedi-blue-newborn-s320-101-yenidogan-hasta-simulatoru-hal-govdeli-siyanoz-simulasyonlu\/#breadcrumb\"},\"inLanguage\":\"tr\",\"potentialAction\":[{\"@type\":\"ReadAction\",\"target\":[\"https:\/\/merkim.com.tr\/merkim-maket\/urun\/pedi-blue-newborn-s320-101-yenidogan-hasta-simulatoru-hal-govdeli-siyanoz-simulasyonlu\/\"]}]},{\"@type\":\"ImageObject\",\"inLanguage\":\"tr\",\"@id\":\"https:\/\/merkim.com.tr\/merkim-maket\/urun\/pedi-blue-newborn-s320-101-yenidogan-hasta-simulatoru-hal-govdeli-siyanoz-simulasyonlu\/#primaryimage\",\"url\":\"https:\/\/merkim.com.tr\/merkim-maket\/wp-content\/uploads\/2025\/07\/pedi-blue-newborn-s320101-simulator.png\",\"contentUrl\":\"https:\/\/merkim.com.tr\/merkim-maket\/wp-content\/uploads\/2025\/07\/pedi-blue-newborn-s320101-simulator.png\",\"width\":1000,\"height\":664,\"caption\":\"HAL\u00ae G\u00f6vdeli ve Siyanoz Sim\u00fclasyonlu Profesyonel Sim\u00fclat\u00f6r\"},{\"@type\":\"BreadcrumbList\",\"@id\":\"https:\/\/merkim.com.tr\/merkim-maket\/urun\/pedi-blue-newborn-s320-101-yenidogan-hasta-simulatoru-hal-govdeli-siyanoz-simulasyonlu\/#breadcrumb\",\"itemListElement\":[{\"@type\":\"ListItem\",\"position\":1,\"name\":\"Anasayfa\",\"item\":\"https:\/\/merkim.com.tr\/merkim-maket\/\"},{\"@type\":\"ListItem\",\"position\":2,\"name\":\"Ma\u011faza\",\"item\":\"https:\/\/merkim.com.tr\/merkim-maket\/magaza\/\"},{\"@type\":\"ListItem\",\"position\":3,\"name\":\"PEDI\u00ae Blue Newborn S320.101 &#8211; Yenido\u011fan Hasta Sim\u00fclat\u00f6r\u00fc (HAL\u00ae G\u00f6vdeli + Siyanoz Sim\u00fclasyonlu)\"}]},{\"@type\":\"WebSite\",\"@id\":\"https:\/\/merkim.com.tr\/merkim-maket\/#website\",\"url\":\"https:\/\/merkim.com.tr\/merkim-maket\/\",\"name\":\"Merkim Maket\",\"description\":\"\",\"potentialAction\":[{\"@type\":\"SearchAction\",\"target\":{\"@type\":\"EntryPoint\",\"urlTemplate\":\"https:\/\/merkim.com.tr\/merkim-maket\/?s={search_term_string}\"},\"query-input\":{\"@type\":\"PropertyValueSpecification\",\"valueRequired\":true,\"valueName\":\"search_term_string\"}}],\"inLanguage\":\"tr\"}]}<\/script>\n<!-- \/ Yoast SEO plugin. -->","yoast_head_json":{"title":"PEDI\u00ae Blue Newborn S320.101 - Yenido\u011fan Hasta Sim\u00fclat\u00f6r\u00fc (HAL\u00ae G\u00f6vdeli + Siyanoz Sim\u00fclasyonlu) - Merkim Maket","description":"PEDI\u00ae Blue Newborn S320.101 - Newborn Patient Simulator | HAL\u00ae g\u00f6vdesi ve ger\u00e7ek\u00e7i siyanoz sim\u00fclasyonuyla yenido\u011fan res\u00fcsitasyonu ve acil m\u00fcdahale e\u011fitimleri i\u00e7in profesyonel sim\u00fclat\u00f6r. Umbilikal kateterizasyon ve IO giri\u015fim uygulamalar\u0131 i\u00e7in ideal.","robots":{"index":"index","follow":"follow","max-snippet":"max-snippet:-1","max-image-preview":"max-image-preview:large","max-video-preview":"max-video-preview:-1"},"canonical":"https:\/\/merkim.com.tr\/merkim-maket\/urun\/pedi-blue-newborn-s320-101-yenidogan-hasta-simulatoru-hal-govdeli-siyanoz-simulasyonlu\/","og_locale":"tr_TR","og_type":"article","og_title":"PEDI\u00ae Blue Newborn S320.101 - Yenido\u011fan Hasta Sim\u00fclat\u00f6r\u00fc (HAL\u00ae G\u00f6vdeli + Siyanoz Sim\u00fclasyonlu) - Merkim Maket","og_description":"PEDI\u00ae Blue Newborn S320.101 - Newborn Patient Simulator | HAL\u00ae g\u00f6vdesi ve ger\u00e7ek\u00e7i siyanoz sim\u00fclasyonuyla yenido\u011fan res\u00fcsitasyonu ve acil m\u00fcdahale e\u011fitimleri i\u00e7in profesyonel sim\u00fclat\u00f6r. Umbilikal kateterizasyon ve IO giri\u015fim uygulamalar\u0131 i\u00e7in ideal.","og_url":"https:\/\/merkim.com.tr\/merkim-maket\/urun\/pedi-blue-newborn-s320-101-yenidogan-hasta-simulatoru-hal-govdeli-siyanoz-simulasyonlu\/","og_site_name":"Merkim Maket","article_modified_time":"2025-07-05T16:07:10+00:00","og_image":[{"width":1000,"height":664,"url":"https:\/\/merkim.com.tr\/merkim-maket\/wp-content\/uploads\/2025\/07\/pedi-blue-newborn-s320101-simulator.png","type":"image\/png"}],"twitter_card":"summary_large_image","twitter_misc":{"Tahmini okuma s\u00fcresi":"2 dakika"},"schema":{"@context":"https:\/\/schema.org","@graph":[{"@type":"WebPage","@id":"https:\/\/merkim.com.tr\/merkim-maket\/urun\/pedi-blue-newborn-s320-101-yenidogan-hasta-simulatoru-hal-govdeli-siyanoz-simulasyonlu\/","url":"https:\/\/merkim.com.tr\/merkim-maket\/urun\/pedi-blue-newborn-s320-101-yenidogan-hasta-simulatoru-hal-govdeli-siyanoz-simulasyonlu\/","name":"PEDI\u00ae Blue Newborn S320.101 - Yenido\u011fan Hasta Sim\u00fclat\u00f6r\u00fc (HAL\u00ae G\u00f6vdeli + Siyanoz Sim\u00fclasyonlu) - Merkim Maket","isPartOf":{"@id":"https:\/\/merkim.com.tr\/merkim-maket\/#website"},"primaryImageOfPage":{"@id":"https:\/\/merkim.com.tr\/merkim-maket\/urun\/pedi-blue-newborn-s320-101-yenidogan-hasta-simulatoru-hal-govdeli-siyanoz-simulasyonlu\/#primaryimage"},"image":{"@id":"https:\/\/merkim.com.tr\/merkim-maket\/urun\/pedi-blue-newborn-s320-101-yenidogan-hasta-simulatoru-hal-govdeli-siyanoz-simulasyonlu\/#primaryimage"},"thumbnailUrl":"https:\/\/merkim.com.tr\/merkim-maket\/wp-content\/uploads\/2025\/07\/pedi-blue-newborn-s320101-simulator.png","datePublished":"2025-07-05T16:07:09+00:00","dateModified":"2025-07-05T16:07:10+00:00","description":"PEDI\u00ae Blue Newborn S320.101 - Newborn Patient Simulator | HAL\u00ae g\u00f6vdesi ve ger\u00e7ek\u00e7i siyanoz sim\u00fclasyonuyla yenido\u011fan res\u00fcsitasyonu ve acil m\u00fcdahale e\u011fitimleri i\u00e7in profesyonel sim\u00fclat\u00f6r. Umbilikal kateterizasyon ve IO giri\u015fim uygulamalar\u0131 i\u00e7in ideal.","breadcrumb":{"@id":"https:\/\/merkim.com.tr\/merkim-maket\/urun\/pedi-blue-newborn-s320-101-yenidogan-hasta-simulatoru-hal-govdeli-siyanoz-simulasyonlu\/#breadcrumb"},"inLanguage":"tr","potentialAction":[{"@type":"ReadAction","target":["https:\/\/merkim.com.tr\/merkim-maket\/urun\/pedi-blue-newborn-s320-101-yenidogan-hasta-simulatoru-hal-govdeli-siyanoz-simulasyonlu\/"]}]},{"@type":"ImageObject","inLanguage":"tr","@id":"https:\/\/merkim.com.tr\/merkim-maket\/urun\/pedi-blue-newborn-s320-101-yenidogan-hasta-simulatoru-hal-govdeli-siyanoz-simulasyonlu\/#primaryimage","url":"https:\/\/merkim.com.tr\/merkim-maket\/wp-content\/uploads\/2025\/07\/pedi-blue-newborn-s320101-simulator.png","contentUrl":"https:\/\/merkim.com.tr\/merkim-maket\/wp-content\/uploads\/2025\/07\/pedi-blue-newborn-s320101-simulator.png","width":1000,"height":664,"caption":"HAL\u00ae G\u00f6vdeli ve Siyanoz Sim\u00fclasyonlu Profesyonel Sim\u00fclat\u00f6r"},{"@type":"BreadcrumbList","@id":"https:\/\/merkim.com.tr\/merkim-maket\/urun\/pedi-blue-newborn-s320-101-yenidogan-hasta-simulatoru-hal-govdeli-siyanoz-simulasyonlu\/#breadcrumb","itemListElement":[{"@type":"ListItem","position":1,"name":"Anasayfa","item":"https:\/\/merkim.com.tr\/merkim-maket\/"},{"@type":"ListItem","position":2,"name":"Ma\u011faza","item":"https:\/\/merkim.com.tr\/merkim-maket\/magaza\/"},{"@type":"ListItem","position":3,"name":"PEDI\u00ae Blue Newborn S320.101 &#8211; Yenido\u011fan Hasta Sim\u00fclat\u00f6r\u00fc (HAL\u00ae G\u00f6vdeli + Siyanoz Sim\u00fclasyonlu)"}]},{"@type":"WebSite","@id":"https:\/\/merkim.com.tr\/merkim-maket\/#website","url":"https:\/\/merkim.com.tr\/merkim-maket\/","name":"Merkim Maket","description":"","potentialAction":[{"@type":"SearchAction","target":{"@type":"EntryPoint","urlTemplate":"https:\/\/merkim.com.tr\/merkim-maket\/?s={search_term_string}"},"query-input":{"@type":"PropertyValueSpecification","valueRequired":true,"valueName":"search_term_string"}}],"inLanguage":"tr"}]}},"_links":{"self":[{"href":"https:\/\/merkim.com.tr\/merkim-maket\/wp-json\/wp\/v2\/product\/421","targetHints":{"allow":["GET"]}}],"collection":[{"href":"https:\/\/merkim.com.tr\/merkim-maket\/wp-json\/wp\/v2\/product"}],"about":[{"href":"https:\/\/merkim.com.tr\/merkim-maket\/wp-json\/wp\/v2\/types\/product"}],"replies":[{"embeddable":true,"href":"https:\/\/merkim.com.tr\/merkim-maket\/wp-json\/wp\/v2\/comments?post=421"}],"wp:featuredmedia":[{"embeddable":true,"href":"https:\/\/merkim.com.tr\/merkim-maket\/wp-json\/wp\/v2\/media\/422"}],"wp:attachment":[{"href":"https:\/\/merkim.com.tr\/merkim-maket\/wp-json\/wp\/v2\/media?parent=421"}],"wp:term":[{"taxonomy":"product_brand","embeddable":true,"href":"https:\/\/merkim.com.tr\/merkim-maket\/wp-json\/wp\/v2\/product_brand?post=421"},{"taxonomy":"product_cat","embeddable":true,"href":"https:\/\/merkim.com.tr\/merkim-maket\/wp-json\/wp\/v2\/product_cat?post=421"},{"taxonomy":"product_tag","embeddable":true,"href":"https:\/\/merkim.com.tr\/merkim-maket\/wp-json\/wp\/v2\/product_tag?post=421"}],"curies":[{"name":"wp","href":"https:\/\/api.w.org\/{rel}","templated":true}]}}