{"id":356,"date":"2025-07-01T17:57:49","date_gmt":"2025-07-01T17:57:49","guid":{"rendered":"https:\/\/merkim.com.tr\/merkim-maket\/?post_type=product&#038;p=356"},"modified":"2025-07-10T12:09:37","modified_gmt":"2025-07-10T12:09:37","slug":"newborn-pedi-s105-yenidogan-hemsirelik-becerileri-hasta-simulatoru","status":"publish","type":"product","link":"https:\/\/merkim.com.tr\/merkim-maket\/urun\/newborn-pedi-s105-yenidogan-hemsirelik-becerileri-hasta-simulatoru\/","title":{"rendered":"Newborn PEDI\u00ae S105 &#8211; Yenido\u011fan Hem\u015firelik Becerileri Hasta Sim\u00fclat\u00f6r\u00fc"},"content":{"rendered":"<p dir=\"ltr\" data-pm-slice=\"1 1 []\">Newborn PEDI\u00ae S105 Yenido\u011fan Hem\u015firelik Becerileri Hasta Sim\u00fclat\u00f6r\u00fc, sa\u011fl\u0131k profesyonelleri ve t\u0131p \u00f6\u011frencileri i\u00e7in yenido\u011fan hem\u015firelik ve res\u00fcsitasyon becerilerini geli\u015ftirmek amac\u0131yla tasarlanm\u0131\u015f son teknoloji bir e\u011fitim arac\u0131d\u0131r. Ger\u00e7ek\u00e7i int\u00fcbe edilebilir hava yolu, enjeksiyon e\u011fitim kolu, intraosse\u00f6z inf\u00fczyon sistemi ve \u00e7ok say\u0131da ven\u00f6z ve arteriyel eri\u015fim noktas\u0131 ile donat\u0131lm\u0131\u015f bu tam v\u00fccut sim\u00fclat\u00f6r, hava yolu y\u00f6netimi, CPR, damar i\u00e7i (IV) yerle\u015ftirme ve kateterizasyon gibi geni\u015f bir yelpazede klinik becerilerin pratik yap\u0131lmas\u0131n\u0131 sa\u011flar. OMNI\u00ae Code Blue\u00ae paketi ile entegre edilen sim\u00fclat\u00f6r, kardiyak kompresyonlar\u0131n ritmi ve derinli\u011fi ile ventilasyon performans\u0131n\u0131 ger\u00e7ek zamanl\u0131 olarak izleyerek kullan\u0131c\u0131lar\u0131n becerilerini optimize etmelerine olanak tan\u0131r.<\/p>\n<p dir=\"ltr\">Sim\u00fclat\u00f6r, tamamen hareketli ba\u015f, boyun ve \u00e7ene yap\u0131s\u0131 ile ba\u015f e\u011fme\/\u00e7ene kald\u0131rma, \u00e7ene itme ve &#8220;koklama&#8221; pozisyonu i\u00e7in boyun uzatma gibi ger\u00e7ek\u00e7i manevralar\u0131 destekler. Anatomik olarak do\u011fru hava yolu, dil, ses telleri, trakea ve \u00f6zofagus i\u00e7erir; Miller b\u0131\u00e7a\u011f\u0131 ve cuffsuz ET t\u00fcp\u00fc veya LMA ile int\u00fcbasyon prati\u011fi yap\u0131labilir. Ger\u00e7ek\u00e7i g\u00f6\u011f\u00fcs kafesi, bilateral akci\u011fer geni\u015flemesi ve ventilasyon s\u0131ras\u0131nda do\u011fal g\u00f6\u011f\u00fcs y\u00fckseli\u015fi sunar, bu da do\u011fru CPR ve BVM (torba-valf-maske) uygulamalar\u0131n\u0131 destekler. Dahili organlar, e\u015fsiz bir CPR performans\u0131 i\u00e7in tasarlanm\u0131\u015ft\u0131r.<\/p>\n<p dir=\"ltr\">Newborn PEDI\u00ae S105, nazogastrik (NG), orogastrik (OG), nazofaringeal (NP) ve orofaringeal (OP) egzersizleri i\u00e7in uygun olup, gastrik aspirasyon ve besleme uygulamalar\u0131n\u0131 destekler. Enjeksiyon e\u011fitim kolu ve IV bacak, \u00e7ok say\u0131da ven\u00f6z ve arteriyel eri\u015fim noktas\u0131 ile damar i\u00e7i ve subkutan tekniklerin prati\u011fi i\u00e7in idealdir. Ayr\u0131ca, intraosse\u00f6z inf\u00fczyon i\u00e7in ger\u00e7ek\u00e7i tibia kemikleri ve g\u00f6bek kordonu kateterizasyonu i\u00e7in doldurulabilir umbilical b\u00f6lge bulunur. Manuel s\u0131kma pompas\u0131 ile radial, brakiyal, umbilical, femoral ve popliteal nab\u0131zlar \u00fcretilebilir. \u00dcr\u00fcn, ti\u015f\u00f6rt ve \u015fort veya bebek bezi ve tulum se\u00e7enekleriyle, \u00f6zel naylon ta\u015f\u0131ma \u00e7antas\u0131 ve detayl\u0131 kullan\u0131m k\u0131lavuzu ile birlikte gelir. Newborn PEDI\u00ae S105, hem\u015firelik e\u011fitimi, acil durum m\u00fcdahale programlar\u0131 ve yenido\u011fan res\u00fcsitasyon senaryolar\u0131na haz\u0131rl\u0131k i\u00e7in vazge\u00e7ilmez bir e\u011fitim \u00e7\u00f6z\u00fcm\u00fcd\u00fcr.<\/p>\n","protected":false},"excerpt":{"rendered":"<p dir=\"ltr\" data-pm-slice=\"1 1 []\">Newborn PEDI\u00ae S105 Yenido\u011fan Hem\u015firelik Becerileri Sim\u00fclat\u00f6r\u00fc, hava yolu y\u00f6netimi, CPR, IV yerle\u015ftirme ve kateterizasyon i\u00e7in ger\u00e7ek\u00e7i bir platform sunar. OMNI\u00ae ile ger\u00e7ek zamanl\u0131 izleme ile e\u011fitimde m\u00fckemmeliyet sa\u011flar.<\/p>\n","protected":false},"featured_media":357,"comment_status":"open","ping_status":"closed","template":"","meta":[],"product_brand":[948],"product_cat":[15,1489,947],"product_tag":[920,938,21,935,1109,1105,1106,20,45,1110,1108],"class_list":{"0":"post-356","1":"product","2":"type-product","3":"status-publish","4":"has-post-thumbnail","6":"product_brand-gaumard-scientific","7":"product_cat-genel","8":"product_cat-cpr-mankenleri","9":"product_cat-gaumard-scientific","10":"product_tag-cpr-simulatoru","11":"product_tag-hava-yolu-yonetimi","12":"product_tag-hemsirelik-egitimi","13":"product_tag-intraosseoz-infuzyon","14":"product_tag-iv-egitimi","15":"product_tag-nabiz-palpasyonu","16":"product_tag-resusitasyon-egitimi","17":"product_tag-saglik-simulasyonu","18":"product_tag-tip-egitimi","19":"product_tag-umbilical-kateterizasyon","20":"product_tag-yenidogan-hemsirelik-simulatoru","22":"first","23":"instock","24":"shipping-taxable","25":"product-type-simple"},"yoast_head":"<!-- This site is optimized with the Yoast SEO plugin v25.2 - https:\/\/yoast.com\/wordpress\/plugins\/seo\/ -->\n<title>Newborn PEDI\u00ae S105 - Yenido\u011fan Hem\u015firelik Becerileri Hasta Sim\u00fclat\u00f6r\u00fc - Merkim Maket<\/title>\n<meta name=\"description\" content=\"Newborn PEDI\u00ae S105 Yenido\u011fan Hem\u015firelik Sim\u00fclat\u00f6r\u00fc, CPR, IV yerle\u015ftirme ve hava yolu y\u00f6netimi i\u00e7in ger\u00e7ek\u00e7i e\u011fitim sunar. OMNI\u00ae ile ger\u00e7ek zamanl\u0131 izleme. \u015eimdi ke\u015ffedin!\" \/>\n<meta name=\"robots\" content=\"index, follow, max-snippet:-1, max-image-preview:large, max-video-preview:-1\" \/>\n<link rel=\"canonical\" href=\"https:\/\/merkim.com.tr\/merkim-maket\/urun\/newborn-pedi-s105-yenidogan-hemsirelik-becerileri-hasta-simulatoru\/\" \/>\n<meta property=\"og:locale\" content=\"tr_TR\" \/>\n<meta property=\"og:type\" content=\"article\" \/>\n<meta property=\"og:title\" content=\"Newborn PEDI\u00ae S105 - Yenido\u011fan Hem\u015firelik Becerileri Hasta Sim\u00fclat\u00f6r\u00fc - Merkim Maket\" \/>\n<meta property=\"og:description\" content=\"Newborn PEDI\u00ae S105 Yenido\u011fan Hem\u015firelik Sim\u00fclat\u00f6r\u00fc, CPR, IV yerle\u015ftirme ve hava yolu y\u00f6netimi i\u00e7in ger\u00e7ek\u00e7i e\u011fitim sunar. OMNI\u00ae ile ger\u00e7ek zamanl\u0131 izleme. \u015eimdi ke\u015ffedin!\" \/>\n<meta property=\"og:url\" content=\"https:\/\/merkim.com.tr\/merkim-maket\/urun\/newborn-pedi-s105-yenidogan-hemsirelik-becerileri-hasta-simulatoru\/\" \/>\n<meta property=\"og:site_name\" content=\"Merkim Maket\" \/>\n<meta property=\"article:modified_time\" content=\"2025-07-10T12:09:37+00:00\" \/>\n<meta property=\"og:image\" content=\"https:\/\/merkim.com.tr\/merkim-maket\/wp-content\/uploads\/2025\/07\/newborn-pedi-s105-yenidogan-hemsirelik-simulatoru.png\" \/>\n\t<meta property=\"og:image:width\" content=\"800\" \/>\n\t<meta property=\"og:image:height\" content=\"531\" \/>\n\t<meta property=\"og:image:type\" content=\"image\/png\" \/>\n<meta name=\"twitter:card\" content=\"summary_large_image\" \/>\n<meta name=\"twitter:label1\" content=\"Tahmini okuma s\u00fcresi\" \/>\n\t<meta name=\"twitter:data1\" content=\"2 dakika\" \/>\n<script type=\"application\/ld+json\" class=\"yoast-schema-graph\">{\"@context\":\"https:\/\/schema.org\",\"@graph\":[{\"@type\":\"WebPage\",\"@id\":\"https:\/\/merkim.com.tr\/merkim-maket\/urun\/newborn-pedi-s105-yenidogan-hemsirelik-becerileri-hasta-simulatoru\/\",\"url\":\"https:\/\/merkim.com.tr\/merkim-maket\/urun\/newborn-pedi-s105-yenidogan-hemsirelik-becerileri-hasta-simulatoru\/\",\"name\":\"Newborn PEDI\u00ae S105 - Yenido\u011fan Hem\u015firelik Becerileri Hasta Sim\u00fclat\u00f6r\u00fc - Merkim Maket\",\"isPartOf\":{\"@id\":\"https:\/\/merkim.com.tr\/merkim-maket\/#website\"},\"primaryImageOfPage\":{\"@id\":\"https:\/\/merkim.com.tr\/merkim-maket\/urun\/newborn-pedi-s105-yenidogan-hemsirelik-becerileri-hasta-simulatoru\/#primaryimage\"},\"image\":{\"@id\":\"https:\/\/merkim.com.tr\/merkim-maket\/urun\/newborn-pedi-s105-yenidogan-hemsirelik-becerileri-hasta-simulatoru\/#primaryimage\"},\"thumbnailUrl\":\"https:\/\/merkim.com.tr\/merkim-maket\/wp-content\/uploads\/2025\/07\/newborn-pedi-s105-yenidogan-hemsirelik-simulatoru.png\",\"datePublished\":\"2025-07-01T17:57:49+00:00\",\"dateModified\":\"2025-07-10T12:09:37+00:00\",\"description\":\"Newborn PEDI\u00ae S105 Yenido\u011fan Hem\u015firelik Sim\u00fclat\u00f6r\u00fc, CPR, IV yerle\u015ftirme ve hava yolu y\u00f6netimi i\u00e7in ger\u00e7ek\u00e7i e\u011fitim sunar. OMNI\u00ae ile ger\u00e7ek zamanl\u0131 izleme. \u015eimdi ke\u015ffedin!\",\"breadcrumb\":{\"@id\":\"https:\/\/merkim.com.tr\/merkim-maket\/urun\/newborn-pedi-s105-yenidogan-hemsirelik-becerileri-hasta-simulatoru\/#breadcrumb\"},\"inLanguage\":\"tr\",\"potentialAction\":[{\"@type\":\"ReadAction\",\"target\":[\"https:\/\/merkim.com.tr\/merkim-maket\/urun\/newborn-pedi-s105-yenidogan-hemsirelik-becerileri-hasta-simulatoru\/\"]}]},{\"@type\":\"ImageObject\",\"inLanguage\":\"tr\",\"@id\":\"https:\/\/merkim.com.tr\/merkim-maket\/urun\/newborn-pedi-s105-yenidogan-hemsirelik-becerileri-hasta-simulatoru\/#primaryimage\",\"url\":\"https:\/\/merkim.com.tr\/merkim-maket\/wp-content\/uploads\/2025\/07\/newborn-pedi-s105-yenidogan-hemsirelik-simulatoru.png\",\"contentUrl\":\"https:\/\/merkim.com.tr\/merkim-maket\/wp-content\/uploads\/2025\/07\/newborn-pedi-s105-yenidogan-hemsirelik-simulatoru.png\",\"width\":800,\"height\":531,\"caption\":\"Yenido\u011fan hem\u015firelik ve res\u00fcsitasyon e\u011fitimi i\u00e7in OMNI\u00ae ile profesyonel sim\u00fclat\u00f6r\"},{\"@type\":\"BreadcrumbList\",\"@id\":\"https:\/\/merkim.com.tr\/merkim-maket\/urun\/newborn-pedi-s105-yenidogan-hemsirelik-becerileri-hasta-simulatoru\/#breadcrumb\",\"itemListElement\":[{\"@type\":\"ListItem\",\"position\":1,\"name\":\"Anasayfa\",\"item\":\"https:\/\/merkim.com.tr\/merkim-maket\/\"},{\"@type\":\"ListItem\",\"position\":2,\"name\":\"Ma\u011faza\",\"item\":\"https:\/\/merkim.com.tr\/merkim-maket\/magaza\/\"},{\"@type\":\"ListItem\",\"position\":3,\"name\":\"Newborn PEDI\u00ae S105 &#8211; Yenido\u011fan Hem\u015firelik Becerileri Hasta Sim\u00fclat\u00f6r\u00fc\"}]},{\"@type\":\"WebSite\",\"@id\":\"https:\/\/merkim.com.tr\/merkim-maket\/#website\",\"url\":\"https:\/\/merkim.com.tr\/merkim-maket\/\",\"name\":\"Merkim Maket\",\"description\":\"\",\"potentialAction\":[{\"@type\":\"SearchAction\",\"target\":{\"@type\":\"EntryPoint\",\"urlTemplate\":\"https:\/\/merkim.com.tr\/merkim-maket\/?s={search_term_string}\"},\"query-input\":{\"@type\":\"PropertyValueSpecification\",\"valueRequired\":true,\"valueName\":\"search_term_string\"}}],\"inLanguage\":\"tr\"}]}<\/script>\n<!-- \/ Yoast SEO plugin. -->","yoast_head_json":{"title":"Newborn PEDI\u00ae S105 - Yenido\u011fan Hem\u015firelik Becerileri Hasta Sim\u00fclat\u00f6r\u00fc - Merkim Maket","description":"Newborn PEDI\u00ae S105 Yenido\u011fan Hem\u015firelik Sim\u00fclat\u00f6r\u00fc, CPR, IV yerle\u015ftirme ve hava yolu y\u00f6netimi i\u00e7in ger\u00e7ek\u00e7i e\u011fitim sunar. OMNI\u00ae ile ger\u00e7ek zamanl\u0131 izleme. \u015eimdi ke\u015ffedin!","robots":{"index":"index","follow":"follow","max-snippet":"max-snippet:-1","max-image-preview":"max-image-preview:large","max-video-preview":"max-video-preview:-1"},"canonical":"https:\/\/merkim.com.tr\/merkim-maket\/urun\/newborn-pedi-s105-yenidogan-hemsirelik-becerileri-hasta-simulatoru\/","og_locale":"tr_TR","og_type":"article","og_title":"Newborn PEDI\u00ae S105 - Yenido\u011fan Hem\u015firelik Becerileri Hasta Sim\u00fclat\u00f6r\u00fc - Merkim Maket","og_description":"Newborn PEDI\u00ae S105 Yenido\u011fan Hem\u015firelik Sim\u00fclat\u00f6r\u00fc, CPR, IV yerle\u015ftirme ve hava yolu y\u00f6netimi i\u00e7in ger\u00e7ek\u00e7i e\u011fitim sunar. OMNI\u00ae ile ger\u00e7ek zamanl\u0131 izleme. \u015eimdi ke\u015ffedin!","og_url":"https:\/\/merkim.com.tr\/merkim-maket\/urun\/newborn-pedi-s105-yenidogan-hemsirelik-becerileri-hasta-simulatoru\/","og_site_name":"Merkim Maket","article_modified_time":"2025-07-10T12:09:37+00:00","og_image":[{"width":800,"height":531,"url":"https:\/\/merkim.com.tr\/merkim-maket\/wp-content\/uploads\/2025\/07\/newborn-pedi-s105-yenidogan-hemsirelik-simulatoru.png","type":"image\/png"}],"twitter_card":"summary_large_image","twitter_misc":{"Tahmini okuma s\u00fcresi":"2 dakika"},"schema":{"@context":"https:\/\/schema.org","@graph":[{"@type":"WebPage","@id":"https:\/\/merkim.com.tr\/merkim-maket\/urun\/newborn-pedi-s105-yenidogan-hemsirelik-becerileri-hasta-simulatoru\/","url":"https:\/\/merkim.com.tr\/merkim-maket\/urun\/newborn-pedi-s105-yenidogan-hemsirelik-becerileri-hasta-simulatoru\/","name":"Newborn PEDI\u00ae S105 - Yenido\u011fan Hem\u015firelik Becerileri Hasta Sim\u00fclat\u00f6r\u00fc - Merkim Maket","isPartOf":{"@id":"https:\/\/merkim.com.tr\/merkim-maket\/#website"},"primaryImageOfPage":{"@id":"https:\/\/merkim.com.tr\/merkim-maket\/urun\/newborn-pedi-s105-yenidogan-hemsirelik-becerileri-hasta-simulatoru\/#primaryimage"},"image":{"@id":"https:\/\/merkim.com.tr\/merkim-maket\/urun\/newborn-pedi-s105-yenidogan-hemsirelik-becerileri-hasta-simulatoru\/#primaryimage"},"thumbnailUrl":"https:\/\/merkim.com.tr\/merkim-maket\/wp-content\/uploads\/2025\/07\/newborn-pedi-s105-yenidogan-hemsirelik-simulatoru.png","datePublished":"2025-07-01T17:57:49+00:00","dateModified":"2025-07-10T12:09:37+00:00","description":"Newborn PEDI\u00ae S105 Yenido\u011fan Hem\u015firelik Sim\u00fclat\u00f6r\u00fc, CPR, IV yerle\u015ftirme ve hava yolu y\u00f6netimi i\u00e7in ger\u00e7ek\u00e7i e\u011fitim sunar. OMNI\u00ae ile ger\u00e7ek zamanl\u0131 izleme. \u015eimdi ke\u015ffedin!","breadcrumb":{"@id":"https:\/\/merkim.com.tr\/merkim-maket\/urun\/newborn-pedi-s105-yenidogan-hemsirelik-becerileri-hasta-simulatoru\/#breadcrumb"},"inLanguage":"tr","potentialAction":[{"@type":"ReadAction","target":["https:\/\/merkim.com.tr\/merkim-maket\/urun\/newborn-pedi-s105-yenidogan-hemsirelik-becerileri-hasta-simulatoru\/"]}]},{"@type":"ImageObject","inLanguage":"tr","@id":"https:\/\/merkim.com.tr\/merkim-maket\/urun\/newborn-pedi-s105-yenidogan-hemsirelik-becerileri-hasta-simulatoru\/#primaryimage","url":"https:\/\/merkim.com.tr\/merkim-maket\/wp-content\/uploads\/2025\/07\/newborn-pedi-s105-yenidogan-hemsirelik-simulatoru.png","contentUrl":"https:\/\/merkim.com.tr\/merkim-maket\/wp-content\/uploads\/2025\/07\/newborn-pedi-s105-yenidogan-hemsirelik-simulatoru.png","width":800,"height":531,"caption":"Yenido\u011fan hem\u015firelik ve res\u00fcsitasyon e\u011fitimi i\u00e7in OMNI\u00ae ile profesyonel sim\u00fclat\u00f6r"},{"@type":"BreadcrumbList","@id":"https:\/\/merkim.com.tr\/merkim-maket\/urun\/newborn-pedi-s105-yenidogan-hemsirelik-becerileri-hasta-simulatoru\/#breadcrumb","itemListElement":[{"@type":"ListItem","position":1,"name":"Anasayfa","item":"https:\/\/merkim.com.tr\/merkim-maket\/"},{"@type":"ListItem","position":2,"name":"Ma\u011faza","item":"https:\/\/merkim.com.tr\/merkim-maket\/magaza\/"},{"@type":"ListItem","position":3,"name":"Newborn PEDI\u00ae S105 &#8211; Yenido\u011fan Hem\u015firelik Becerileri Hasta Sim\u00fclat\u00f6r\u00fc"}]},{"@type":"WebSite","@id":"https:\/\/merkim.com.tr\/merkim-maket\/#website","url":"https:\/\/merkim.com.tr\/merkim-maket\/","name":"Merkim Maket","description":"","potentialAction":[{"@type":"SearchAction","target":{"@type":"EntryPoint","urlTemplate":"https:\/\/merkim.com.tr\/merkim-maket\/?s={search_term_string}"},"query-input":{"@type":"PropertyValueSpecification","valueRequired":true,"valueName":"search_term_string"}}],"inLanguage":"tr"}]}},"_links":{"self":[{"href":"https:\/\/merkim.com.tr\/merkim-maket\/wp-json\/wp\/v2\/product\/356","targetHints":{"allow":["GET"]}}],"collection":[{"href":"https:\/\/merkim.com.tr\/merkim-maket\/wp-json\/wp\/v2\/product"}],"about":[{"href":"https:\/\/merkim.com.tr\/merkim-maket\/wp-json\/wp\/v2\/types\/product"}],"replies":[{"embeddable":true,"href":"https:\/\/merkim.com.tr\/merkim-maket\/wp-json\/wp\/v2\/comments?post=356"}],"wp:featuredmedia":[{"embeddable":true,"href":"https:\/\/merkim.com.tr\/merkim-maket\/wp-json\/wp\/v2\/media\/357"}],"wp:attachment":[{"href":"https:\/\/merkim.com.tr\/merkim-maket\/wp-json\/wp\/v2\/media?parent=356"}],"wp:term":[{"taxonomy":"product_brand","embeddable":true,"href":"https:\/\/merkim.com.tr\/merkim-maket\/wp-json\/wp\/v2\/product_brand?post=356"},{"taxonomy":"product_cat","embeddable":true,"href":"https:\/\/merkim.com.tr\/merkim-maket\/wp-json\/wp\/v2\/product_cat?post=356"},{"taxonomy":"product_tag","embeddable":true,"href":"https:\/\/merkim.com.tr\/merkim-maket\/wp-json\/wp\/v2\/product_tag?post=356"}],"curies":[{"name":"wp","href":"https:\/\/api.w.org\/{rel}","templated":true}]}}