{"id":336,"date":"2025-06-30T19:05:22","date_gmt":"2025-06-30T19:05:22","guid":{"rendered":"https:\/\/merkim.com.tr\/merkim-maket\/?post_type=product&#038;p=336"},"modified":"2025-06-30T19:05:23","modified_gmt":"2025-06-30T19:05:23","slug":"symsuit-giyilebilir-hasta-bakim-simulasyon-kiyafeti","status":"publish","type":"product","link":"https:\/\/merkim.com.tr\/merkim-maket\/urun\/symsuit-giyilebilir-hasta-bakim-simulasyon-kiyafeti\/","title":{"rendered":"SYMSuit \u2013 Giyilebilir Hasta Bak\u0131m Sim\u00fclasyon K\u0131yafeti"},"content":{"rendered":"<p data-start=\"323\" data-end=\"735\"><strong data-start=\"323\" data-end=\"334\">SYMSuit<\/strong>, ger\u00e7ek bir ki\u015finin \u00fczerine giyilerek hem\u015firelik ve hasta bak\u0131m becerilerinin birebir prati\u011fini yapmaya olanak tan\u0131yan, yenilik\u00e7i bir sim\u00fclasyon e\u011fitim k\u0131yafetidir. Geleneksel mankenlerle yap\u0131lan uygulamalar\u0131n \u00f6tesine ge\u00e7erek <strong data-start=\"561\" data-end=\"585\">canl\u0131 model \u00fczerinde<\/strong> e\u011fitim yapma f\u0131rsat\u0131 sunar. T\u00fcm hem\u015firelik beceri mod\u00fclleriyle uyumlu olarak tasarlanm\u0131\u015ft\u0131r ve senaryo temelli e\u011fitimlerde maksimum ger\u00e7eklik sa\u011flar.<\/p>\n<p data-start=\"737\" data-end=\"772\"><strong data-start=\"737\" data-end=\"772\">E\u011fitimsel ve Teknik \u00d6zellikler:<\/strong><\/p>\n<p data-start=\"774\" data-end=\"820\">\ud83e\uddcd\u200d\u2642\ufe0f <strong data-start=\"780\" data-end=\"818\">Ger\u00e7ek Ki\u015fi \u00dczerinde E\u011fitim \u0130mk\u00e2n\u0131<\/strong><\/p>\n<ul data-start=\"821\" data-end=\"958\">\n<li data-start=\"821\" data-end=\"899\">\n<p data-start=\"823\" data-end=\"899\">Manken yerine ger\u00e7ek bir ki\u015finin \u00fczerine giyilerek e\u011fitim ger\u00e7ekle\u015ftirilir<\/p>\n<\/li>\n<li data-start=\"900\" data-end=\"958\">\n<p data-start=\"902\" data-end=\"958\">Birebir hasta bak\u0131m\u0131, m\u00fcdahale ve ileti\u015fim prati\u011fi sunar<\/p>\n<\/li>\n<\/ul>\n<p data-start=\"960\" data-end=\"1005\">\ud83e\ude7a <strong data-start=\"963\" data-end=\"1003\">T\u00fcm Hem\u015firelik Becerileri ile Uyumlu<\/strong><\/p>\n<ul data-start=\"1006\" data-end=\"1150\">\n<li data-start=\"1006\" data-end=\"1090\">\n<p data-start=\"1008\" data-end=\"1090\">Wound care, enjeksiyon, kateter, trakeostomi vb. t\u00fcm mod\u00fcller entegre edilebilir<\/p>\n<\/li>\n<li data-start=\"1091\" data-end=\"1150\">\n<p data-start=\"1093\" data-end=\"1150\">T\u00fcm Nursing Skills Trainer aksesuarlar\u0131 ile tam uyumludur<\/p>\n<\/li>\n<\/ul>\n<p data-start=\"1152\" data-end=\"1186\">\ud83d\udc55 <strong data-start=\"1155\" data-end=\"1184\">Esnek ve Konforlu Tasar\u0131m<\/strong><\/p>\n<ul data-start=\"1187\" data-end=\"1318\">\n<li data-start=\"1187\" data-end=\"1229\">\n<p data-start=\"1189\" data-end=\"1229\">Giysilerin \u00fczerine rahat\u00e7a giyilebilir<\/p>\n<\/li>\n<li data-start=\"1230\" data-end=\"1278\">\n<p data-start=\"1232\" data-end=\"1278\">Hareket kabiliyetini k\u0131s\u0131tlamayan esnek yap\u0131<\/p>\n<\/li>\n<li data-start=\"1279\" data-end=\"1318\">\n<p data-start=\"1281\" data-end=\"1318\">Uzun s\u00fcreli e\u011fitimlerde konfor sa\u011flar<\/p>\n<\/li>\n<\/ul>\n<p data-start=\"1320\" data-end=\"1359\">\ud83c\udfad <strong data-start=\"1323\" data-end=\"1357\">Senaryo Tabanl\u0131 E\u011fitim Deste\u011fi<\/strong><\/p>\n<ul data-start=\"1360\" data-end=\"1490\">\n<li data-start=\"1360\" data-end=\"1444\">\n<p data-start=\"1362\" data-end=\"1444\">Rol yapma (role-play), senaryo bazl\u0131 ve sim\u00fclasyon temelli e\u011fitimlerde etkilidir<\/p>\n<\/li>\n<li data-start=\"1445\" data-end=\"1490\">\n<p data-start=\"1447\" data-end=\"1490\">Kat\u0131l\u0131mc\u0131n\u0131n aktif rol almas\u0131n\u0131 te\u015fvik eder<\/p>\n<\/li>\n<\/ul>\n<p data-start=\"1492\" data-end=\"1534\">\ud83d\udde3\ufe0f <strong data-start=\"1496\" data-end=\"1532\">Canl\u0131 Etkile\u015fim ve Geri Bildirim<\/strong><\/p>\n<ul data-start=\"1535\" data-end=\"1715\">\n<li data-start=\"1535\" data-end=\"1615\">\n<p data-start=\"1537\" data-end=\"1615\">Ger\u00e7ek bir ki\u015fiyle ileti\u015fim kurarak sosyal becerilerin geli\u015fmesini destekler<\/p>\n<\/li>\n<li data-start=\"1616\" data-end=\"1715\">\n<p data-start=\"1618\" data-end=\"1715\">Empati kurma, hasta psikolojisini anlama ve ileti\u015fim becerileri \u00fczerine pratik yap\u0131lmas\u0131n\u0131 sa\u011flar<\/p>\n<\/li>\n<\/ul>\n<p data-start=\"1717\" data-end=\"1750\">\ud83d\udccf <strong data-start=\"1720\" data-end=\"1748\">Farkl\u0131 Beden Se\u00e7enekleri<\/strong><\/p>\n<ul data-start=\"1751\" data-end=\"1835\">\n<li data-start=\"1751\" data-end=\"1835\">\n<p data-start=\"1753\" data-end=\"1835\">L ve XL olmak \u00fczere iki farkl\u0131 beden se\u00e7ene\u011fi ile farkl\u0131 v\u00fccut yap\u0131lar\u0131na uygundur<\/p>\n<\/li>\n<\/ul>\n<p data-start=\"1837\" data-end=\"1861\"><strong data-start=\"1837\" data-end=\"1859\">Kullan\u0131m Alanlar\u0131:<\/strong><\/p>\n<ul data-start=\"1862\" data-end=\"2077\">\n<li data-start=\"1862\" data-end=\"1911\">\n<p data-start=\"1864\" data-end=\"1911\">Hem\u015firelik okullar\u0131 ve beceri laboratuvarlar\u0131<\/p>\n<\/li>\n<li data-start=\"1912\" data-end=\"1951\">\n<p data-start=\"1914\" data-end=\"1951\">T\u0131p ve sa\u011fl\u0131k bilimleri fak\u00fclteleri<\/p>\n<\/li>\n<li data-start=\"1952\" data-end=\"1997\">\n<p data-start=\"1954\" data-end=\"1997\">Hastaneler ve hizmet i\u00e7i e\u011fitim birimleri<\/p>\n<\/li>\n<li data-start=\"1998\" data-end=\"2023\">\n<p data-start=\"2000\" data-end=\"2023\">Sim\u00fclasyon merkezleri<\/p>\n<\/li>\n<li data-start=\"2024\" data-end=\"2077\">\n<p data-start=\"2026\" data-end=\"2077\">Acil m\u00fcdahale ve hasta ileti\u015fimi e\u011fitim programlar\u0131<\/p>\n<\/li>\n<\/ul>\n<p data-start=\"2079\" data-end=\"2249\"><strong data-start=\"2079\" data-end=\"2090\">SYMSuit<\/strong>, klasik e\u011fitim yakla\u015f\u0131mlar\u0131n\u0131n \u00f6tesine ge\u00e7erek, sa\u011fl\u0131k profesyonellerinin hem teknik hem de ileti\u015fim becerilerini ger\u00e7ek ki\u015fi \u00fczerinden geli\u015ftirmesini sa\u011flar.<\/p>\n","protected":false},"excerpt":{"rendered":"<p data-start=\"2290\" data-end=\"2506\">SYMSuit, hem\u015firelik ve hasta bak\u0131m e\u011fitimleri i\u00e7in ger\u00e7ek bir ki\u015finin \u00fczerine giyilerek kullan\u0131lan giyilebilir sim\u00fclasyon k\u0131yafetidir. T\u00fcm beceri mod\u00fclleriyle uyumlu, esnek ve senaryo temelli e\u011fitimler i\u00e7in idealdir.<\/p>\n","protected":false},"featured_media":337,"comment_status":"open","ping_status":"closed","template":"","meta":[],"product_brand":[950],"product_cat":[15,949],"product_tag":[1059,1056,1063,1055,838,1064,146,1062,1061,1060,1057,1058],"class_list":{"0":"post-336","1":"product","2":"type-product","3":"status-publish","4":"has-post-thumbnail","6":"product_brand-medical-x","7":"product_cat-genel","8":"product_cat-medical-x","9":"product_tag-canli-model-egitim-kiyafeti","10":"product_tag-full-body-simulation-suit","11":"product_tag-giyilebilir-hasta-simulatoru","12":"product_tag-giyilebilir-simulasyon-kiyafeti","13":"product_tag-hasta-bakim-egitimi","14":"product_tag-hemsirelik-egitimi-kiyafeti","15":"product_tag-hemsirelik-simulasyonu","16":"product_tag-medikal-egitim-donanimi","17":"product_tag-nursing-skills-training","18":"product_tag-patient-care-simulator","19":"product_tag-role-play-medikal-egitim","20":"product_tag-senaryo-temelli-egitim","22":"first","23":"instock","24":"shipping-taxable","25":"product-type-simple"},"yoast_head":"<!-- This site is optimized with the Yoast SEO plugin v25.2 - https:\/\/yoast.com\/wordpress\/plugins\/seo\/ -->\n<title>SYMSuit \u2013 Giyilebilir Hasta Bak\u0131m Sim\u00fclasyon K\u0131yafeti - Merkim Maket<\/title>\n<meta name=\"description\" content=\"SYMSuit, hem\u015firelik ve hasta bak\u0131m e\u011fitimlerinde kullan\u0131lan, ger\u00e7ek ki\u015fi \u00fczerine giyilebilen giyilebilir sim\u00fclasyon k\u0131yafetidir. T\u00fcm e\u011fitim mod\u00fclleriyle uyumludur ve senaryo temelli uygulamalar i\u00e7in ideal bir \u00e7\u00f6z\u00fcmd\u00fcr.\" \/>\n<meta name=\"robots\" content=\"index, follow, max-snippet:-1, max-image-preview:large, max-video-preview:-1\" \/>\n<link rel=\"canonical\" href=\"https:\/\/merkim.com.tr\/merkim-maket\/urun\/symsuit-giyilebilir-hasta-bakim-simulasyon-kiyafeti\/\" \/>\n<meta property=\"og:locale\" content=\"tr_TR\" \/>\n<meta property=\"og:type\" content=\"article\" \/>\n<meta property=\"og:title\" content=\"SYMSuit \u2013 Giyilebilir Hasta Bak\u0131m Sim\u00fclasyon K\u0131yafeti - Merkim Maket\" \/>\n<meta property=\"og:description\" content=\"SYMSuit, hem\u015firelik ve hasta bak\u0131m e\u011fitimlerinde kullan\u0131lan, ger\u00e7ek ki\u015fi \u00fczerine giyilebilen giyilebilir sim\u00fclasyon k\u0131yafetidir. T\u00fcm e\u011fitim mod\u00fclleriyle uyumludur ve senaryo temelli uygulamalar i\u00e7in ideal bir \u00e7\u00f6z\u00fcmd\u00fcr.\" \/>\n<meta property=\"og:url\" content=\"https:\/\/merkim.com.tr\/merkim-maket\/urun\/symsuit-giyilebilir-hasta-bakim-simulasyon-kiyafeti\/\" \/>\n<meta property=\"og:site_name\" content=\"Merkim Maket\" \/>\n<meta property=\"article:modified_time\" content=\"2025-06-30T19:05:23+00:00\" \/>\n<meta property=\"og:image\" content=\"https:\/\/merkim.com.tr\/merkim-maket\/wp-content\/uploads\/2025\/06\/symsuit-giyilebilir-simulasyon-kiyafeti-saglik.png\" \/>\n\t<meta property=\"og:image:width\" content=\"800\" \/>\n\t<meta property=\"og:image:height\" content=\"550\" \/>\n\t<meta property=\"og:image:type\" content=\"image\/png\" \/>\n<meta name=\"twitter:card\" content=\"summary_large_image\" \/>\n<meta name=\"twitter:label1\" content=\"Tahmini okuma s\u00fcresi\" \/>\n\t<meta name=\"twitter:data1\" content=\"2 dakika\" \/>\n<script type=\"application\/ld+json\" class=\"yoast-schema-graph\">{\"@context\":\"https:\/\/schema.org\",\"@graph\":[{\"@type\":\"WebPage\",\"@id\":\"https:\/\/merkim.com.tr\/merkim-maket\/urun\/symsuit-giyilebilir-hasta-bakim-simulasyon-kiyafeti\/\",\"url\":\"https:\/\/merkim.com.tr\/merkim-maket\/urun\/symsuit-giyilebilir-hasta-bakim-simulasyon-kiyafeti\/\",\"name\":\"SYMSuit \u2013 Giyilebilir Hasta Bak\u0131m Sim\u00fclasyon K\u0131yafeti - Merkim Maket\",\"isPartOf\":{\"@id\":\"https:\/\/merkim.com.tr\/merkim-maket\/#website\"},\"primaryImageOfPage\":{\"@id\":\"https:\/\/merkim.com.tr\/merkim-maket\/urun\/symsuit-giyilebilir-hasta-bakim-simulasyon-kiyafeti\/#primaryimage\"},\"image\":{\"@id\":\"https:\/\/merkim.com.tr\/merkim-maket\/urun\/symsuit-giyilebilir-hasta-bakim-simulasyon-kiyafeti\/#primaryimage\"},\"thumbnailUrl\":\"https:\/\/merkim.com.tr\/merkim-maket\/wp-content\/uploads\/2025\/06\/symsuit-giyilebilir-simulasyon-kiyafeti-saglik.png\",\"datePublished\":\"2025-06-30T19:05:22+00:00\",\"dateModified\":\"2025-06-30T19:05:23+00:00\",\"description\":\"SYMSuit, hem\u015firelik ve hasta bak\u0131m e\u011fitimlerinde kullan\u0131lan, ger\u00e7ek ki\u015fi \u00fczerine giyilebilen giyilebilir sim\u00fclasyon k\u0131yafetidir. T\u00fcm e\u011fitim mod\u00fclleriyle uyumludur ve senaryo temelli uygulamalar i\u00e7in ideal bir \u00e7\u00f6z\u00fcmd\u00fcr.\",\"breadcrumb\":{\"@id\":\"https:\/\/merkim.com.tr\/merkim-maket\/urun\/symsuit-giyilebilir-hasta-bakim-simulasyon-kiyafeti\/#breadcrumb\"},\"inLanguage\":\"tr\",\"potentialAction\":[{\"@type\":\"ReadAction\",\"target\":[\"https:\/\/merkim.com.tr\/merkim-maket\/urun\/symsuit-giyilebilir-hasta-bakim-simulasyon-kiyafeti\/\"]}]},{\"@type\":\"ImageObject\",\"inLanguage\":\"tr\",\"@id\":\"https:\/\/merkim.com.tr\/merkim-maket\/urun\/symsuit-giyilebilir-hasta-bakim-simulasyon-kiyafeti\/#primaryimage\",\"url\":\"https:\/\/merkim.com.tr\/merkim-maket\/wp-content\/uploads\/2025\/06\/symsuit-giyilebilir-simulasyon-kiyafeti-saglik.png\",\"contentUrl\":\"https:\/\/merkim.com.tr\/merkim-maket\/wp-content\/uploads\/2025\/06\/symsuit-giyilebilir-simulasyon-kiyafeti-saglik.png\",\"width\":800,\"height\":550,\"caption\":\"Ger\u00e7ek ki\u015fi \u00fczerinde kullan\u0131labilen t\u0131bbi e\u011fitim k\u0131yafeti\"},{\"@type\":\"BreadcrumbList\",\"@id\":\"https:\/\/merkim.com.tr\/merkim-maket\/urun\/symsuit-giyilebilir-hasta-bakim-simulasyon-kiyafeti\/#breadcrumb\",\"itemListElement\":[{\"@type\":\"ListItem\",\"position\":1,\"name\":\"Anasayfa\",\"item\":\"https:\/\/merkim.com.tr\/merkim-maket\/\"},{\"@type\":\"ListItem\",\"position\":2,\"name\":\"Ma\u011faza\",\"item\":\"https:\/\/merkim.com.tr\/merkim-maket\/magaza\/\"},{\"@type\":\"ListItem\",\"position\":3,\"name\":\"SYMSuit \u2013 Giyilebilir Hasta Bak\u0131m Sim\u00fclasyon K\u0131yafeti\"}]},{\"@type\":\"WebSite\",\"@id\":\"https:\/\/merkim.com.tr\/merkim-maket\/#website\",\"url\":\"https:\/\/merkim.com.tr\/merkim-maket\/\",\"name\":\"Merkim Maket\",\"description\":\"\",\"potentialAction\":[{\"@type\":\"SearchAction\",\"target\":{\"@type\":\"EntryPoint\",\"urlTemplate\":\"https:\/\/merkim.com.tr\/merkim-maket\/?s={search_term_string}\"},\"query-input\":{\"@type\":\"PropertyValueSpecification\",\"valueRequired\":true,\"valueName\":\"search_term_string\"}}],\"inLanguage\":\"tr\"}]}<\/script>\n<!-- \/ Yoast SEO plugin. -->","yoast_head_json":{"title":"SYMSuit \u2013 Giyilebilir Hasta Bak\u0131m Sim\u00fclasyon K\u0131yafeti - Merkim Maket","description":"SYMSuit, hem\u015firelik ve hasta bak\u0131m e\u011fitimlerinde kullan\u0131lan, ger\u00e7ek ki\u015fi \u00fczerine giyilebilen giyilebilir sim\u00fclasyon k\u0131yafetidir. T\u00fcm e\u011fitim mod\u00fclleriyle uyumludur ve senaryo temelli uygulamalar i\u00e7in ideal bir \u00e7\u00f6z\u00fcmd\u00fcr.","robots":{"index":"index","follow":"follow","max-snippet":"max-snippet:-1","max-image-preview":"max-image-preview:large","max-video-preview":"max-video-preview:-1"},"canonical":"https:\/\/merkim.com.tr\/merkim-maket\/urun\/symsuit-giyilebilir-hasta-bakim-simulasyon-kiyafeti\/","og_locale":"tr_TR","og_type":"article","og_title":"SYMSuit \u2013 Giyilebilir Hasta Bak\u0131m Sim\u00fclasyon K\u0131yafeti - Merkim Maket","og_description":"SYMSuit, hem\u015firelik ve hasta bak\u0131m e\u011fitimlerinde kullan\u0131lan, ger\u00e7ek ki\u015fi \u00fczerine giyilebilen giyilebilir sim\u00fclasyon k\u0131yafetidir. T\u00fcm e\u011fitim mod\u00fclleriyle uyumludur ve senaryo temelli uygulamalar i\u00e7in ideal bir \u00e7\u00f6z\u00fcmd\u00fcr.","og_url":"https:\/\/merkim.com.tr\/merkim-maket\/urun\/symsuit-giyilebilir-hasta-bakim-simulasyon-kiyafeti\/","og_site_name":"Merkim Maket","article_modified_time":"2025-06-30T19:05:23+00:00","og_image":[{"width":800,"height":550,"url":"https:\/\/merkim.com.tr\/merkim-maket\/wp-content\/uploads\/2025\/06\/symsuit-giyilebilir-simulasyon-kiyafeti-saglik.png","type":"image\/png"}],"twitter_card":"summary_large_image","twitter_misc":{"Tahmini okuma s\u00fcresi":"2 dakika"},"schema":{"@context":"https:\/\/schema.org","@graph":[{"@type":"WebPage","@id":"https:\/\/merkim.com.tr\/merkim-maket\/urun\/symsuit-giyilebilir-hasta-bakim-simulasyon-kiyafeti\/","url":"https:\/\/merkim.com.tr\/merkim-maket\/urun\/symsuit-giyilebilir-hasta-bakim-simulasyon-kiyafeti\/","name":"SYMSuit \u2013 Giyilebilir Hasta Bak\u0131m Sim\u00fclasyon K\u0131yafeti - Merkim Maket","isPartOf":{"@id":"https:\/\/merkim.com.tr\/merkim-maket\/#website"},"primaryImageOfPage":{"@id":"https:\/\/merkim.com.tr\/merkim-maket\/urun\/symsuit-giyilebilir-hasta-bakim-simulasyon-kiyafeti\/#primaryimage"},"image":{"@id":"https:\/\/merkim.com.tr\/merkim-maket\/urun\/symsuit-giyilebilir-hasta-bakim-simulasyon-kiyafeti\/#primaryimage"},"thumbnailUrl":"https:\/\/merkim.com.tr\/merkim-maket\/wp-content\/uploads\/2025\/06\/symsuit-giyilebilir-simulasyon-kiyafeti-saglik.png","datePublished":"2025-06-30T19:05:22+00:00","dateModified":"2025-06-30T19:05:23+00:00","description":"SYMSuit, hem\u015firelik ve hasta bak\u0131m e\u011fitimlerinde kullan\u0131lan, ger\u00e7ek ki\u015fi \u00fczerine giyilebilen giyilebilir sim\u00fclasyon k\u0131yafetidir. T\u00fcm e\u011fitim mod\u00fclleriyle uyumludur ve senaryo temelli uygulamalar i\u00e7in ideal bir \u00e7\u00f6z\u00fcmd\u00fcr.","breadcrumb":{"@id":"https:\/\/merkim.com.tr\/merkim-maket\/urun\/symsuit-giyilebilir-hasta-bakim-simulasyon-kiyafeti\/#breadcrumb"},"inLanguage":"tr","potentialAction":[{"@type":"ReadAction","target":["https:\/\/merkim.com.tr\/merkim-maket\/urun\/symsuit-giyilebilir-hasta-bakim-simulasyon-kiyafeti\/"]}]},{"@type":"ImageObject","inLanguage":"tr","@id":"https:\/\/merkim.com.tr\/merkim-maket\/urun\/symsuit-giyilebilir-hasta-bakim-simulasyon-kiyafeti\/#primaryimage","url":"https:\/\/merkim.com.tr\/merkim-maket\/wp-content\/uploads\/2025\/06\/symsuit-giyilebilir-simulasyon-kiyafeti-saglik.png","contentUrl":"https:\/\/merkim.com.tr\/merkim-maket\/wp-content\/uploads\/2025\/06\/symsuit-giyilebilir-simulasyon-kiyafeti-saglik.png","width":800,"height":550,"caption":"Ger\u00e7ek ki\u015fi \u00fczerinde kullan\u0131labilen t\u0131bbi e\u011fitim k\u0131yafeti"},{"@type":"BreadcrumbList","@id":"https:\/\/merkim.com.tr\/merkim-maket\/urun\/symsuit-giyilebilir-hasta-bakim-simulasyon-kiyafeti\/#breadcrumb","itemListElement":[{"@type":"ListItem","position":1,"name":"Anasayfa","item":"https:\/\/merkim.com.tr\/merkim-maket\/"},{"@type":"ListItem","position":2,"name":"Ma\u011faza","item":"https:\/\/merkim.com.tr\/merkim-maket\/magaza\/"},{"@type":"ListItem","position":3,"name":"SYMSuit \u2013 Giyilebilir Hasta Bak\u0131m Sim\u00fclasyon K\u0131yafeti"}]},{"@type":"WebSite","@id":"https:\/\/merkim.com.tr\/merkim-maket\/#website","url":"https:\/\/merkim.com.tr\/merkim-maket\/","name":"Merkim Maket","description":"","potentialAction":[{"@type":"SearchAction","target":{"@type":"EntryPoint","urlTemplate":"https:\/\/merkim.com.tr\/merkim-maket\/?s={search_term_string}"},"query-input":{"@type":"PropertyValueSpecification","valueRequired":true,"valueName":"search_term_string"}}],"inLanguage":"tr"}]}},"_links":{"self":[{"href":"https:\/\/merkim.com.tr\/merkim-maket\/wp-json\/wp\/v2\/product\/336","targetHints":{"allow":["GET"]}}],"collection":[{"href":"https:\/\/merkim.com.tr\/merkim-maket\/wp-json\/wp\/v2\/product"}],"about":[{"href":"https:\/\/merkim.com.tr\/merkim-maket\/wp-json\/wp\/v2\/types\/product"}],"replies":[{"embeddable":true,"href":"https:\/\/merkim.com.tr\/merkim-maket\/wp-json\/wp\/v2\/comments?post=336"}],"wp:featuredmedia":[{"embeddable":true,"href":"https:\/\/merkim.com.tr\/merkim-maket\/wp-json\/wp\/v2\/media\/337"}],"wp:attachment":[{"href":"https:\/\/merkim.com.tr\/merkim-maket\/wp-json\/wp\/v2\/media?parent=336"}],"wp:term":[{"taxonomy":"product_brand","embeddable":true,"href":"https:\/\/merkim.com.tr\/merkim-maket\/wp-json\/wp\/v2\/product_brand?post=336"},{"taxonomy":"product_cat","embeddable":true,"href":"https:\/\/merkim.com.tr\/merkim-maket\/wp-json\/wp\/v2\/product_cat?post=336"},{"taxonomy":"product_tag","embeddable":true,"href":"https:\/\/merkim.com.tr\/merkim-maket\/wp-json\/wp\/v2\/product_tag?post=336"}],"curies":[{"name":"wp","href":"https:\/\/api.w.org\/{rel}","templated":true}]}}