{"id":231,"date":"2025-06-26T06:50:31","date_gmt":"2025-06-26T06:50:31","guid":{"rendered":"https:\/\/merkim.com.tr\/merkim-maket\/?post_type=product&#038;p=231"},"modified":"2025-06-26T06:50:32","modified_gmt":"2025-06-26T06:50:32","slug":"life-form-diabetic-injection-pad-gercek-deri-hissinde-diyabet-enjeksiyon-pratik-pedi-sku-wa18238","status":"publish","type":"product","link":"https:\/\/merkim.com.tr\/merkim-maket\/urun\/life-form-diabetic-injection-pad-gercek-deri-hissinde-diyabet-enjeksiyon-pratik-pedi-sku-wa18238\/","title":{"rendered":"Life\/form\u00ae Diabetic Injection Pad &#8211; Ger\u00e7ek Deri Hissinde Diyabet Enjeksiyon Pratik Pedi [SKU: WA18238]"},"content":{"rendered":"<p class=\"ds-markdown-paragraph\"><strong>Diyabet Hastalar\u0131 ve Sa\u011fl\u0131k Profesyonelleri \u0130\u00e7in M\u00fckemmel Enjeksiyon Pratik Arac\u0131!<\/strong><\/p>\n<p class=\"ds-markdown-paragraph\">Life\/form\u00ae\u00a0<strong>Diabetic Injection Pad<\/strong>, diyabet hastalar\u0131n\u0131n kendi kendine ins\u00fclin enjeksiyonu yapmay\u0131 g\u00fcvenle \u00f6\u011frenebilmesi i\u00e7in \u00f6zel olarak tasarlanm\u0131\u015f\u00a0<strong>ger\u00e7ek deri hissi veren<\/strong>\u00a0bir e\u011fitim pedidir.\u00a0<strong>5 y\u0131l garanti<\/strong>\u00a0kapsam\u0131nda sunulan bu \u00fcr\u00fcn, hastalar\u0131n enjeksiyon korkusunu yenmelerine ve do\u011fru tekni\u011fi \u00f6\u011frenmelerine yard\u0131mc\u0131 olur.<\/p>\n<h4><strong>\u00dcst\u00fcn \u00d6zellikler:<\/strong><\/h4>\n<p class=\"ds-markdown-paragraph\">\u2714\u00a0<strong>Ger\u00e7ek \u0130nsan Derisi Hissi:<\/strong>\u00a0\u00d6zel materyali sayesinde\u00a0<strong>ger\u00e7ek deri dokusunu birebir taklit eder<\/strong>, enjeksiyon prati\u011fini ger\u00e7e\u011fe yak\u0131n hale getirir.<br \/>\n\u2714\u00a0<strong>V\u00fccuda Tak\u0131labilir Tasar\u0131m:<\/strong>\u00a0Ayarlanabilir naylon kay\u0131\u015f\u0131 sayesinde\u00a0<strong>kar\u0131n, uyluk veya \u00fcst kola<\/strong>\u00a0kolayca tak\u0131labilir.<br \/>\n\u2714\u00a0<strong>Tam G\u00fcvenlik:<\/strong>\u00a0Sert plastik arka tabaka sayesinde i\u011fnelerin\u00a0<strong>pedi delip cilde ula\u015fmas\u0131n\u0131 engeller<\/strong>, kullan\u0131c\u0131 g\u00fcvenli\u011fini maksimuma \u00e7\u0131kar\u0131r.<br \/>\n\u2714\u00a0<strong>T\u00fcm \u0130\u011fne Uzunluklar\u0131na Uyumlu:<\/strong>\u00a0<strong>T\u00fcm ins\u00fclin i\u011fneleriyle<\/strong>\u00a0kullan\u0131ma uygundur.<br \/>\n\u2714\u00a0<strong>5 Y\u0131l Garanti:<\/strong>\u00a0Uzun s\u00fcreli kullan\u0131m i\u00e7in\u00a0<strong>end\u00fcstri lideri garanti<\/strong>.<\/p>\n<p class=\"ds-markdown-paragraph\"><strong>Kullan\u0131m Talimatlar\u0131:<\/strong><\/p>\n<ul>\n<li>\n<p class=\"ds-markdown-paragraph\">Pedi\u00a0<strong>kar\u0131n, uyluk veya \u00fcst kola<\/strong>\u00a0takarak enjeksiyon prati\u011fi yap\u0131n.<\/p>\n<\/li>\n<li>\n<p class=\"ds-markdown-paragraph\">Enjeksiyon noktalar\u0131n\u0131\u00a0<strong>d\u00fczenli olarak de\u011fi\u015ftirerek<\/strong>\u00a0pedin \u00f6mr\u00fcn\u00fc uzat\u0131n.<\/p>\n<\/li>\n<li>\n<p class=\"ds-markdown-paragraph\"><strong>Sadece e\u011fitim ama\u00e7l\u0131 kullan\u0131lmal\u0131d\u0131r<\/strong>\u00a0\u2013 ger\u00e7ek ila\u00e7 enjeksiyonu i\u00e7in kullanmay\u0131n.<\/p>\n<\/li>\n<\/ul>\n<p class=\"ds-markdown-paragraph\"><strong>Teknik \u00d6zellikler:<\/strong><\/p>\n<ul>\n<li>\n<p class=\"ds-markdown-paragraph\"><strong>A\u011f\u0131rl\u0131k:<\/strong>\u00a00.55 lbs (0.25 kg)<\/p>\n<\/li>\n<li>\n<p class=\"ds-markdown-paragraph\"><strong>Boyutlar:<\/strong>\u00a06.5&#8243; x 3.75&#8243; x 6.5&#8243; (16.5&#215;9.5&#215;16.5 cm)<\/p>\n<\/li>\n<li>\n<p class=\"ds-markdown-paragraph\"><strong>Materyal:<\/strong>\u00a0Ger\u00e7ek\u00e7i t\u0131bbi s\u0131n\u0131f vinil<\/p>\n<\/li>\n<\/ul>\n<p class=\"ds-markdown-paragraph\"><strong>Kullan\u0131m Alanlar\u0131:<\/strong><\/p>\n<ul>\n<li>\n<p class=\"ds-markdown-paragraph\"><strong>Diyabet e\u011fitim merkezleri<\/strong><\/p>\n<\/li>\n<li>\n<p class=\"ds-markdown-paragraph\"><strong>Evde kendi kendine enjeksiyon prati\u011fi<\/strong><\/p>\n<\/li>\n<li>\n<p class=\"ds-markdown-paragraph\"><strong>Hem\u015firelik ve t\u0131p \u00f6\u011frencileri i\u00e7in beceri e\u011fitimi<\/strong><\/p>\n<\/li>\n<li>\n<p class=\"ds-markdown-paragraph\"><strong>Hasta e\u011fitim programlar\u0131<\/strong><\/p>\n<\/li>\n<\/ul>\n","protected":false},"excerpt":{"rendered":"<p><strong>Life\/form\u00ae Diabetic Injection Pad<\/strong>, diyabet hastalar\u0131n\u0131n ins\u00fclin enjeksiyonunu g\u00fcvenle \u00f6\u011frenmesi i\u00e7in tasarlanm\u0131\u015f\u00a0<strong>ger\u00e7ek deri hissinde bir e\u011fitim pedidir<\/strong>. Ayarlanabilir kay\u0131\u015f\u0131 ve g\u00fcvenli tasar\u0131m\u0131yla ideal pratik arac\u0131!<\/p>\n","protected":false},"featured_media":232,"comment_status":"open","ping_status":"closed","template":"","meta":[],"product_brand":[16],"product_cat":[15,17,78],"product_tag":[788,780,793,791,786,789,792,763,115,790],"class_list":{"0":"post-231","1":"product","2":"type-product","3":"status-publish","4":"has-post-thumbnail","6":"product_brand-nasco-healthcare","7":"product_cat-genel","8":"product_cat-nursing-patient-care","9":"product_cat-nasco-healthcare","10":"product_tag-diyabet-enjeksiyon-pedi","11":"product_tag-diyabet-hasta-egitimi","12":"product_tag-enjeksiyon-pratik-seti","13":"product_tag-gercekci-enjeksiyon-simulatoru","14":"product_tag-hemsirelik-beceri-lablari","15":"product_tag-insulin-pratik-araci","16":"product_tag-kendi-kendine-enjeksiyon-egitimi","17":"product_tag-life-form-urunleri","18":"product_tag-tip-egitim-ekipmanlari","19":"product_tag-wa18238","21":"first","22":"instock","23":"shipping-taxable","24":"product-type-simple"},"yoast_head":"<!-- This site is optimized with the Yoast SEO plugin v25.2 - https:\/\/yoast.com\/wordpress\/plugins\/seo\/ -->\n<title>Life\/form\u00ae Diabetic Injection Pad - Ger\u00e7ek Deri Hissinde Diyabet Enjeksiyon Pratik Pedi [SKU: WA18238] - Merkim Maket<\/title>\n<meta name=\"description\" content=\"Life\/form\u00ae Diabetic Injection Pad | WA18238Diyabet hastalar\u0131 i\u00e7in ger\u00e7ek\u00e7i enjeksiyon e\u011fitim pedi! G\u00fcvenli tasar\u0131m, ayarlanabilir kay\u0131\u015f ve 5 y\u0131l garanti. \u015eimdi sat\u0131n al\u0131n.\" \/>\n<meta name=\"robots\" content=\"index, follow, max-snippet:-1, max-image-preview:large, max-video-preview:-1\" \/>\n<link rel=\"canonical\" href=\"https:\/\/merkim.com.tr\/merkim-maket\/urun\/life-form-diabetic-injection-pad-gercek-deri-hissinde-diyabet-enjeksiyon-pratik-pedi-sku-wa18238\/\" \/>\n<meta property=\"og:locale\" content=\"tr_TR\" \/>\n<meta property=\"og:type\" content=\"article\" \/>\n<meta property=\"og:title\" content=\"Life\/form\u00ae Diabetic Injection Pad - Ger\u00e7ek Deri Hissinde Diyabet Enjeksiyon Pratik Pedi [SKU: WA18238] - Merkim Maket\" \/>\n<meta property=\"og:description\" content=\"Life\/form\u00ae Diabetic Injection Pad | WA18238Diyabet hastalar\u0131 i\u00e7in ger\u00e7ek\u00e7i enjeksiyon e\u011fitim pedi! G\u00fcvenli tasar\u0131m, ayarlanabilir kay\u0131\u015f ve 5 y\u0131l garanti. \u015eimdi sat\u0131n al\u0131n.\" \/>\n<meta property=\"og:url\" content=\"https:\/\/merkim.com.tr\/merkim-maket\/urun\/life-form-diabetic-injection-pad-gercek-deri-hissinde-diyabet-enjeksiyon-pratik-pedi-sku-wa18238\/\" \/>\n<meta property=\"og:site_name\" content=\"Merkim Maket\" \/>\n<meta property=\"article:modified_time\" content=\"2025-06-26T06:50:32+00:00\" \/>\n<meta property=\"og:image\" content=\"https:\/\/merkim.com.tr\/merkim-maket\/wp-content\/uploads\/2025\/06\/lifeform-diabetic-injection-pad-gercekci-egitim-simulatoru-lifeform-WA18238.png\" \/>\n\t<meta property=\"og:image:width\" content=\"800\" \/>\n\t<meta property=\"og:image:height\" content=\"800\" \/>\n\t<meta property=\"og:image:type\" content=\"image\/png\" \/>\n<meta name=\"twitter:card\" content=\"summary_large_image\" \/>\n<meta name=\"twitter:label1\" content=\"Tahmini okuma s\u00fcresi\" \/>\n\t<meta name=\"twitter:data1\" content=\"2 dakika\" \/>\n<script type=\"application\/ld+json\" class=\"yoast-schema-graph\">{\"@context\":\"https:\/\/schema.org\",\"@graph\":[{\"@type\":\"WebPage\",\"@id\":\"https:\/\/merkim.com.tr\/merkim-maket\/urun\/life-form-diabetic-injection-pad-gercek-deri-hissinde-diyabet-enjeksiyon-pratik-pedi-sku-wa18238\/\",\"url\":\"https:\/\/merkim.com.tr\/merkim-maket\/urun\/life-form-diabetic-injection-pad-gercek-deri-hissinde-diyabet-enjeksiyon-pratik-pedi-sku-wa18238\/\",\"name\":\"Life\/form\u00ae Diabetic Injection Pad - Ger\u00e7ek Deri Hissinde Diyabet Enjeksiyon Pratik Pedi [SKU: WA18238] - Merkim Maket\",\"isPartOf\":{\"@id\":\"https:\/\/merkim.com.tr\/merkim-maket\/#website\"},\"primaryImageOfPage\":{\"@id\":\"https:\/\/merkim.com.tr\/merkim-maket\/urun\/life-form-diabetic-injection-pad-gercek-deri-hissinde-diyabet-enjeksiyon-pratik-pedi-sku-wa18238\/#primaryimage\"},\"image\":{\"@id\":\"https:\/\/merkim.com.tr\/merkim-maket\/urun\/life-form-diabetic-injection-pad-gercek-deri-hissinde-diyabet-enjeksiyon-pratik-pedi-sku-wa18238\/#primaryimage\"},\"thumbnailUrl\":\"https:\/\/merkim.com.tr\/merkim-maket\/wp-content\/uploads\/2025\/06\/lifeform-diabetic-injection-pad-gercekci-egitim-simulatoru-lifeform-WA18238.png\",\"datePublished\":\"2025-06-26T06:50:31+00:00\",\"dateModified\":\"2025-06-26T06:50:32+00:00\",\"description\":\"Life\/form\u00ae Diabetic Injection Pad | WA18238Diyabet hastalar\u0131 i\u00e7in ger\u00e7ek\u00e7i enjeksiyon e\u011fitim pedi! G\u00fcvenli tasar\u0131m, ayarlanabilir kay\u0131\u015f ve 5 y\u0131l garanti. \u015eimdi sat\u0131n al\u0131n.\",\"breadcrumb\":{\"@id\":\"https:\/\/merkim.com.tr\/merkim-maket\/urun\/life-form-diabetic-injection-pad-gercek-deri-hissinde-diyabet-enjeksiyon-pratik-pedi-sku-wa18238\/#breadcrumb\"},\"inLanguage\":\"tr\",\"potentialAction\":[{\"@type\":\"ReadAction\",\"target\":[\"https:\/\/merkim.com.tr\/merkim-maket\/urun\/life-form-diabetic-injection-pad-gercek-deri-hissinde-diyabet-enjeksiyon-pratik-pedi-sku-wa18238\/\"]}]},{\"@type\":\"ImageObject\",\"inLanguage\":\"tr\",\"@id\":\"https:\/\/merkim.com.tr\/merkim-maket\/urun\/life-form-diabetic-injection-pad-gercek-deri-hissinde-diyabet-enjeksiyon-pratik-pedi-sku-wa18238\/#primaryimage\",\"url\":\"https:\/\/merkim.com.tr\/merkim-maket\/wp-content\/uploads\/2025\/06\/lifeform-diabetic-injection-pad-gercekci-egitim-simulatoru-lifeform-WA18238.png\",\"contentUrl\":\"https:\/\/merkim.com.tr\/merkim-maket\/wp-content\/uploads\/2025\/06\/lifeform-diabetic-injection-pad-gercekci-egitim-simulatoru-lifeform-WA18238.png\",\"width\":800,\"height\":800,\"caption\":\"Diyabet hastalar\u0131 i\u00e7in g\u00fcvenli enjeksiyon e\u011fitimi\"},{\"@type\":\"BreadcrumbList\",\"@id\":\"https:\/\/merkim.com.tr\/merkim-maket\/urun\/life-form-diabetic-injection-pad-gercek-deri-hissinde-diyabet-enjeksiyon-pratik-pedi-sku-wa18238\/#breadcrumb\",\"itemListElement\":[{\"@type\":\"ListItem\",\"position\":1,\"name\":\"Anasayfa\",\"item\":\"https:\/\/merkim.com.tr\/merkim-maket\/\"},{\"@type\":\"ListItem\",\"position\":2,\"name\":\"Ma\u011faza\",\"item\":\"https:\/\/merkim.com.tr\/merkim-maket\/magaza\/\"},{\"@type\":\"ListItem\",\"position\":3,\"name\":\"Life\/form\u00ae Diabetic Injection Pad &#8211; Ger\u00e7ek Deri Hissinde Diyabet Enjeksiyon Pratik Pedi [SKU: WA18238]\"}]},{\"@type\":\"WebSite\",\"@id\":\"https:\/\/merkim.com.tr\/merkim-maket\/#website\",\"url\":\"https:\/\/merkim.com.tr\/merkim-maket\/\",\"name\":\"Merkim Maket\",\"description\":\"\",\"potentialAction\":[{\"@type\":\"SearchAction\",\"target\":{\"@type\":\"EntryPoint\",\"urlTemplate\":\"https:\/\/merkim.com.tr\/merkim-maket\/?s={search_term_string}\"},\"query-input\":{\"@type\":\"PropertyValueSpecification\",\"valueRequired\":true,\"valueName\":\"search_term_string\"}}],\"inLanguage\":\"tr\"}]}<\/script>\n<!-- \/ Yoast SEO plugin. -->","yoast_head_json":{"title":"Life\/form\u00ae Diabetic Injection Pad - Ger\u00e7ek Deri Hissinde Diyabet Enjeksiyon Pratik Pedi [SKU: WA18238] - Merkim Maket","description":"Life\/form\u00ae Diabetic Injection Pad | WA18238Diyabet hastalar\u0131 i\u00e7in ger\u00e7ek\u00e7i enjeksiyon e\u011fitim pedi! G\u00fcvenli tasar\u0131m, ayarlanabilir kay\u0131\u015f ve 5 y\u0131l garanti. \u015eimdi sat\u0131n al\u0131n.","robots":{"index":"index","follow":"follow","max-snippet":"max-snippet:-1","max-image-preview":"max-image-preview:large","max-video-preview":"max-video-preview:-1"},"canonical":"https:\/\/merkim.com.tr\/merkim-maket\/urun\/life-form-diabetic-injection-pad-gercek-deri-hissinde-diyabet-enjeksiyon-pratik-pedi-sku-wa18238\/","og_locale":"tr_TR","og_type":"article","og_title":"Life\/form\u00ae Diabetic Injection Pad - Ger\u00e7ek Deri Hissinde Diyabet Enjeksiyon Pratik Pedi [SKU: WA18238] - Merkim Maket","og_description":"Life\/form\u00ae Diabetic Injection Pad | WA18238Diyabet hastalar\u0131 i\u00e7in ger\u00e7ek\u00e7i enjeksiyon e\u011fitim pedi! G\u00fcvenli tasar\u0131m, ayarlanabilir kay\u0131\u015f ve 5 y\u0131l garanti. \u015eimdi sat\u0131n al\u0131n.","og_url":"https:\/\/merkim.com.tr\/merkim-maket\/urun\/life-form-diabetic-injection-pad-gercek-deri-hissinde-diyabet-enjeksiyon-pratik-pedi-sku-wa18238\/","og_site_name":"Merkim Maket","article_modified_time":"2025-06-26T06:50:32+00:00","og_image":[{"width":800,"height":800,"url":"https:\/\/merkim.com.tr\/merkim-maket\/wp-content\/uploads\/2025\/06\/lifeform-diabetic-injection-pad-gercekci-egitim-simulatoru-lifeform-WA18238.png","type":"image\/png"}],"twitter_card":"summary_large_image","twitter_misc":{"Tahmini okuma s\u00fcresi":"2 dakika"},"schema":{"@context":"https:\/\/schema.org","@graph":[{"@type":"WebPage","@id":"https:\/\/merkim.com.tr\/merkim-maket\/urun\/life-form-diabetic-injection-pad-gercek-deri-hissinde-diyabet-enjeksiyon-pratik-pedi-sku-wa18238\/","url":"https:\/\/merkim.com.tr\/merkim-maket\/urun\/life-form-diabetic-injection-pad-gercek-deri-hissinde-diyabet-enjeksiyon-pratik-pedi-sku-wa18238\/","name":"Life\/form\u00ae Diabetic Injection Pad - Ger\u00e7ek Deri Hissinde Diyabet Enjeksiyon Pratik Pedi [SKU: WA18238] - Merkim Maket","isPartOf":{"@id":"https:\/\/merkim.com.tr\/merkim-maket\/#website"},"primaryImageOfPage":{"@id":"https:\/\/merkim.com.tr\/merkim-maket\/urun\/life-form-diabetic-injection-pad-gercek-deri-hissinde-diyabet-enjeksiyon-pratik-pedi-sku-wa18238\/#primaryimage"},"image":{"@id":"https:\/\/merkim.com.tr\/merkim-maket\/urun\/life-form-diabetic-injection-pad-gercek-deri-hissinde-diyabet-enjeksiyon-pratik-pedi-sku-wa18238\/#primaryimage"},"thumbnailUrl":"https:\/\/merkim.com.tr\/merkim-maket\/wp-content\/uploads\/2025\/06\/lifeform-diabetic-injection-pad-gercekci-egitim-simulatoru-lifeform-WA18238.png","datePublished":"2025-06-26T06:50:31+00:00","dateModified":"2025-06-26T06:50:32+00:00","description":"Life\/form\u00ae Diabetic Injection Pad | WA18238Diyabet hastalar\u0131 i\u00e7in ger\u00e7ek\u00e7i enjeksiyon e\u011fitim pedi! G\u00fcvenli tasar\u0131m, ayarlanabilir kay\u0131\u015f ve 5 y\u0131l garanti. \u015eimdi sat\u0131n al\u0131n.","breadcrumb":{"@id":"https:\/\/merkim.com.tr\/merkim-maket\/urun\/life-form-diabetic-injection-pad-gercek-deri-hissinde-diyabet-enjeksiyon-pratik-pedi-sku-wa18238\/#breadcrumb"},"inLanguage":"tr","potentialAction":[{"@type":"ReadAction","target":["https:\/\/merkim.com.tr\/merkim-maket\/urun\/life-form-diabetic-injection-pad-gercek-deri-hissinde-diyabet-enjeksiyon-pratik-pedi-sku-wa18238\/"]}]},{"@type":"ImageObject","inLanguage":"tr","@id":"https:\/\/merkim.com.tr\/merkim-maket\/urun\/life-form-diabetic-injection-pad-gercek-deri-hissinde-diyabet-enjeksiyon-pratik-pedi-sku-wa18238\/#primaryimage","url":"https:\/\/merkim.com.tr\/merkim-maket\/wp-content\/uploads\/2025\/06\/lifeform-diabetic-injection-pad-gercekci-egitim-simulatoru-lifeform-WA18238.png","contentUrl":"https:\/\/merkim.com.tr\/merkim-maket\/wp-content\/uploads\/2025\/06\/lifeform-diabetic-injection-pad-gercekci-egitim-simulatoru-lifeform-WA18238.png","width":800,"height":800,"caption":"Diyabet hastalar\u0131 i\u00e7in g\u00fcvenli enjeksiyon e\u011fitimi"},{"@type":"BreadcrumbList","@id":"https:\/\/merkim.com.tr\/merkim-maket\/urun\/life-form-diabetic-injection-pad-gercek-deri-hissinde-diyabet-enjeksiyon-pratik-pedi-sku-wa18238\/#breadcrumb","itemListElement":[{"@type":"ListItem","position":1,"name":"Anasayfa","item":"https:\/\/merkim.com.tr\/merkim-maket\/"},{"@type":"ListItem","position":2,"name":"Ma\u011faza","item":"https:\/\/merkim.com.tr\/merkim-maket\/magaza\/"},{"@type":"ListItem","position":3,"name":"Life\/form\u00ae Diabetic Injection Pad &#8211; Ger\u00e7ek Deri Hissinde Diyabet Enjeksiyon Pratik Pedi [SKU: WA18238]"}]},{"@type":"WebSite","@id":"https:\/\/merkim.com.tr\/merkim-maket\/#website","url":"https:\/\/merkim.com.tr\/merkim-maket\/","name":"Merkim Maket","description":"","potentialAction":[{"@type":"SearchAction","target":{"@type":"EntryPoint","urlTemplate":"https:\/\/merkim.com.tr\/merkim-maket\/?s={search_term_string}"},"query-input":{"@type":"PropertyValueSpecification","valueRequired":true,"valueName":"search_term_string"}}],"inLanguage":"tr"}]}},"_links":{"self":[{"href":"https:\/\/merkim.com.tr\/merkim-maket\/wp-json\/wp\/v2\/product\/231","targetHints":{"allow":["GET"]}}],"collection":[{"href":"https:\/\/merkim.com.tr\/merkim-maket\/wp-json\/wp\/v2\/product"}],"about":[{"href":"https:\/\/merkim.com.tr\/merkim-maket\/wp-json\/wp\/v2\/types\/product"}],"replies":[{"embeddable":true,"href":"https:\/\/merkim.com.tr\/merkim-maket\/wp-json\/wp\/v2\/comments?post=231"}],"wp:featuredmedia":[{"embeddable":true,"href":"https:\/\/merkim.com.tr\/merkim-maket\/wp-json\/wp\/v2\/media\/232"}],"wp:attachment":[{"href":"https:\/\/merkim.com.tr\/merkim-maket\/wp-json\/wp\/v2\/media?parent=231"}],"wp:term":[{"taxonomy":"product_brand","embeddable":true,"href":"https:\/\/merkim.com.tr\/merkim-maket\/wp-json\/wp\/v2\/product_brand?post=231"},{"taxonomy":"product_cat","embeddable":true,"href":"https:\/\/merkim.com.tr\/merkim-maket\/wp-json\/wp\/v2\/product_cat?post=231"},{"taxonomy":"product_tag","embeddable":true,"href":"https:\/\/merkim.com.tr\/merkim-maket\/wp-json\/wp\/v2\/product_tag?post=231"}],"curies":[{"name":"wp","href":"https:\/\/api.w.org\/{rel}","templated":true}]}}