{"id":229,"date":"2025-06-26T06:42:57","date_gmt":"2025-06-26T06:42:57","guid":{"rendered":"https:\/\/merkim.com.tr\/merkim-maket\/?post_type=product&#038;p=229"},"modified":"2025-06-26T06:42:58","modified_gmt":"2025-06-26T06:42:58","slug":"life-form-advanced-injection-belly-gelismis-insulin-enjeksiyon-ve-infuzyon-seti-egitim-simulatoru-sku-lf09900","status":"publish","type":"product","link":"https:\/\/merkim.com.tr\/merkim-maket\/urun\/life-form-advanced-injection-belly-gelismis-insulin-enjeksiyon-ve-infuzyon-seti-egitim-simulatoru-sku-lf09900\/","title":{"rendered":"Life\/form\u00ae Advanced Injection Belly &#8211; Geli\u015fmi\u015f \u0130ns\u00fclin Enjeksiyon ve \u0130nf\u00fczyon Seti E\u011fitim Sim\u00fclat\u00f6r\u00fc [SKU: LF09900]"},"content":{"rendered":"<p class=\"ds-markdown-paragraph\"><strong>Diyabet E\u011fitimlerinde \u00dcst D\u00fczey Ger\u00e7ek\u00e7ilik!<\/strong><\/p>\n<p class=\"ds-markdown-paragraph\">Life\/form\u00ae\u00a0<strong>Advanced Injection Belly<\/strong>, sa\u011fl\u0131k profesyonelleri ve diyabet hastalar\u0131 i\u00e7in\u00a0<strong>en ger\u00e7ek\u00e7i ins\u00fclin enjeksiyon ve inf\u00fczyon seti e\u011fitim deneyimini<\/strong>\u00a0sunar. \u00d6zel malzemesi ve ayarlanabilir kay\u0131\u015flar\u0131yla\u00a0<strong>t\u0131p e\u011fitimlerinde yeni bir standart<\/strong>\u00a0belirler.<\/p>\n<h4><strong>\u00dcst\u00fcn \u00d6zellikler:<\/strong><\/h4>\n<p class=\"ds-markdown-paragraph\">\u2714\u00a0<strong>Ger\u00e7ek\u00e7i Doku Hissi:<\/strong>\u00a0\u00d6zel materyali sayesinde\u00a0<strong>ger\u00e7ek insan kar\u0131n dokusunu birebir taklit eder<\/strong>\u00a0\u2013 dokunma ve s\u0131k\u0131\u015ft\u0131rma hissiyle tam bir sim\u00fclasyon deneyimi.<br \/>\n\u2714\u00a0<strong>Ayarlanabilir Kay\u0131\u015flar:<\/strong>\u00a0Mankenlere veya insan hastalara kolayca tak\u0131labilir,\u00a0<strong>ger\u00e7ek ortam sim\u00fclasyonu<\/strong>\u00a0sa\u011flar.<br \/>\n\u2714\u00a0<strong>G\u00fcvenli ve Dayan\u0131kl\u0131:<\/strong>\u00a0Arka plastik tabaka sayesinde i\u011fnelerin ge\u00e7i\u015fi engellenir,\u00a0<strong>defalarca kullan\u0131ma uygun<\/strong>\u00a0yap\u0131dad\u0131r.<br \/>\n\u2714\u00a0<strong>Pinchable Skin (S\u0131k\u0131\u015ft\u0131r\u0131labilir Deri):<\/strong>\u00a0Enjeksiyon \u00f6ncesi deriyi s\u0131k\u0131\u015ft\u0131rma prati\u011fi yap\u0131labilir,\u00a0<strong>ger\u00e7ek hasta deneyimini<\/strong>\u00a0yans\u0131t\u0131r.<br \/>\n\u2714\u00a0<strong>5 Y\u0131l Garanti:<\/strong>\u00a0Uzun vadeli kullan\u0131m i\u00e7in\u00a0<strong>end\u00fcstri lideri garanti<\/strong>.<\/p>\n<p class=\"ds-markdown-paragraph\"><strong>Kullan\u0131m Talimatlar\u0131:<\/strong><\/p>\n<ul>\n<li>\n<p class=\"ds-markdown-paragraph\">G\u00f6bek deli\u011finden\u00a0<strong>5 cm (2 in\u00e7) uzakta<\/strong>\u00a0enjeksiyon\/inf\u00fczyon seti uygulanmal\u0131d\u0131r.<\/p>\n<\/li>\n<li>\n<p class=\"ds-markdown-paragraph\"><strong>S\u0131v\u0131 enjeksiyonu \u00f6nerilmez<\/strong>\u00a0\u2013 kuru enjeksiyon prati\u011fi i\u00e7in optimize edilmi\u015ftir.<\/p>\n<\/li>\n<li>\n<p class=\"ds-markdown-paragraph\">Enjeksiyon noktalar\u0131n\u0131\u00a0<strong>d\u00fczenli olarak de\u011fi\u015ftirerek<\/strong>\u00a0\u00fcr\u00fcn \u00f6mr\u00fcn\u00fc uzat\u0131n.<\/p>\n<\/li>\n<\/ul>\n<p class=\"ds-markdown-paragraph\"><strong>Teknik \u00d6zellikler:<\/strong><\/p>\n<ul>\n<li>\n<p class=\"ds-markdown-paragraph\"><strong>A\u011f\u0131rl\u0131k:<\/strong>\u00a00.5 lbs (0.23 kg)<\/p>\n<\/li>\n<li>\n<p class=\"ds-markdown-paragraph\"><strong>Boyutlar:<\/strong>\u00a010&#8243; x 6&#8243; x 2&#8243; (25x15x5 cm)<\/p>\n<\/li>\n<li>\n<p class=\"ds-markdown-paragraph\"><strong>Materyal:<\/strong>\u00a0Ger\u00e7ek\u00e7i t\u0131bbi s\u0131n\u0131f vinil<\/p>\n<\/li>\n<\/ul>\n<p class=\"ds-markdown-paragraph\"><strong>Kullan\u0131m Alanlar\u0131:<\/strong><\/p>\n<ul>\n<li>\n<p class=\"ds-markdown-paragraph\"><strong>Diyabet e\u011fitim merkezleri<\/strong><\/p>\n<\/li>\n<li>\n<p class=\"ds-markdown-paragraph\"><strong>Hem\u015firelik ve t\u0131p fak\u00fclteleri<\/strong><\/p>\n<\/li>\n<li>\n<p class=\"ds-markdown-paragraph\"><strong>Endokrinoloji kliniklerinde hasta e\u011fitimi<\/strong><\/p>\n<\/li>\n<li>\n<p class=\"ds-markdown-paragraph\"><strong>Evde kendi kendine enjeksiyon prati\u011fi<\/strong><\/p>\n<\/li>\n<\/ul>\n","protected":false},"excerpt":{"rendered":"<p><strong>Life\/form\u00ae Advanced Injection Belly<\/strong>, diyabet e\u011fitimlerinde kullan\u0131lan\u00a0<strong>en ger\u00e7ek\u00e7i ins\u00fclin enjeksiyon sim\u00fclat\u00f6r\u00fcd\u00fcr<\/strong>. Pinchable skin \u00f6zelli\u011fi, ayarlanabilir kay\u0131\u015flar ve 5 y\u0131l garanti ile profesyonel \u00e7\u00f6z\u00fcm!<\/p>\n","protected":false},"featured_media":230,"comment_status":"open","ping_status":"closed","template":"","meta":[],"product_brand":[16],"product_cat":[15,17,78],"product_tag":[776,780,781,786,783,784,785,763,787,115],"class_list":{"0":"post-229","1":"product","2":"type-product","3":"status-publish","4":"has-post-thumbnail","6":"product_brand-nasco-healthcare","7":"product_cat-genel","8":"product_cat-nursing-patient-care","9":"product_cat-nasco-healthcare","10":"product_tag-diyabet-egitim-urunleri","11":"product_tag-diyabet-hasta-egitimi","12":"product_tag-gercekci-enjeksiyon-modeli","13":"product_tag-hemsirelik-beceri-lablari","14":"product_tag-ileri-enjeksiyon-simulatoru","15":"product_tag-insulin-infuzyon-seti-pratigi","16":"product_tag-lf09900","17":"product_tag-life-form-urunleri","18":"product_tag-pinchable-skin-simulator","19":"product_tag-tip-egitim-ekipmanlari","21":"first","22":"instock","23":"shipping-taxable","24":"product-type-simple"},"yoast_head":"<!-- This site is optimized with the Yoast SEO plugin v25.2 - https:\/\/yoast.com\/wordpress\/plugins\/seo\/ -->\n<title>Life\/form\u00ae Advanced Injection Belly - Geli\u015fmi\u015f \u0130ns\u00fclin Enjeksiyon ve \u0130nf\u00fczyon Seti E\u011fitim Sim\u00fclat\u00f6r\u00fc [SKU: LF09900] - Merkim Maket<\/title>\n<meta name=\"description\" content=\"Life\/form\u00ae Advanced Injection Belly | LF09900Diyabet e\u011fitimleri i\u00e7in en ger\u00e7ek\u00e7i ins\u00fclin enjeksiyon sim\u00fclat\u00f6r\u00fc! Pinchable skin, ayarlanabilir kay\u0131\u015flar ve 5 y\u0131l garanti. Hemen ke\u015ffedin.\" \/>\n<meta name=\"robots\" content=\"index, follow, max-snippet:-1, max-image-preview:large, max-video-preview:-1\" \/>\n<link rel=\"canonical\" href=\"https:\/\/merkim.com.tr\/merkim-maket\/urun\/life-form-advanced-injection-belly-gelismis-insulin-enjeksiyon-ve-infuzyon-seti-egitim-simulatoru-sku-lf09900\/\" \/>\n<meta property=\"og:locale\" content=\"tr_TR\" \/>\n<meta property=\"og:type\" content=\"article\" \/>\n<meta property=\"og:title\" content=\"Life\/form\u00ae Advanced Injection Belly - Geli\u015fmi\u015f \u0130ns\u00fclin Enjeksiyon ve \u0130nf\u00fczyon Seti E\u011fitim Sim\u00fclat\u00f6r\u00fc [SKU: LF09900] - Merkim Maket\" \/>\n<meta property=\"og:description\" content=\"Life\/form\u00ae Advanced Injection Belly | LF09900Diyabet e\u011fitimleri i\u00e7in en ger\u00e7ek\u00e7i ins\u00fclin enjeksiyon sim\u00fclat\u00f6r\u00fc! Pinchable skin, ayarlanabilir kay\u0131\u015flar ve 5 y\u0131l garanti. Hemen ke\u015ffedin.\" \/>\n<meta property=\"og:url\" content=\"https:\/\/merkim.com.tr\/merkim-maket\/urun\/life-form-advanced-injection-belly-gelismis-insulin-enjeksiyon-ve-infuzyon-seti-egitim-simulatoru-sku-lf09900\/\" \/>\n<meta property=\"og:site_name\" content=\"Merkim Maket\" \/>\n<meta property=\"article:modified_time\" content=\"2025-06-26T06:42:58+00:00\" \/>\n<meta property=\"og:image\" content=\"https:\/\/merkim.com.tr\/merkim-maket\/wp-content\/uploads\/2025\/06\/lifeform-advanced-injection-belly-diyabet-egitim-lifeform-LF09900.png\" \/>\n\t<meta property=\"og:image:width\" content=\"800\" \/>\n\t<meta property=\"og:image:height\" content=\"800\" \/>\n\t<meta property=\"og:image:type\" content=\"image\/png\" \/>\n<meta name=\"twitter:card\" content=\"summary_large_image\" \/>\n<meta name=\"twitter:label1\" content=\"Tahmini okuma s\u00fcresi\" \/>\n\t<meta name=\"twitter:data1\" content=\"2 dakika\" \/>\n<script type=\"application\/ld+json\" class=\"yoast-schema-graph\">{\"@context\":\"https:\/\/schema.org\",\"@graph\":[{\"@type\":\"WebPage\",\"@id\":\"https:\/\/merkim.com.tr\/merkim-maket\/urun\/life-form-advanced-injection-belly-gelismis-insulin-enjeksiyon-ve-infuzyon-seti-egitim-simulatoru-sku-lf09900\/\",\"url\":\"https:\/\/merkim.com.tr\/merkim-maket\/urun\/life-form-advanced-injection-belly-gelismis-insulin-enjeksiyon-ve-infuzyon-seti-egitim-simulatoru-sku-lf09900\/\",\"name\":\"Life\/form\u00ae Advanced Injection Belly - Geli\u015fmi\u015f \u0130ns\u00fclin Enjeksiyon ve \u0130nf\u00fczyon Seti E\u011fitim Sim\u00fclat\u00f6r\u00fc [SKU: LF09900] - Merkim Maket\",\"isPartOf\":{\"@id\":\"https:\/\/merkim.com.tr\/merkim-maket\/#website\"},\"primaryImageOfPage\":{\"@id\":\"https:\/\/merkim.com.tr\/merkim-maket\/urun\/life-form-advanced-injection-belly-gelismis-insulin-enjeksiyon-ve-infuzyon-seti-egitim-simulatoru-sku-lf09900\/#primaryimage\"},\"image\":{\"@id\":\"https:\/\/merkim.com.tr\/merkim-maket\/urun\/life-form-advanced-injection-belly-gelismis-insulin-enjeksiyon-ve-infuzyon-seti-egitim-simulatoru-sku-lf09900\/#primaryimage\"},\"thumbnailUrl\":\"https:\/\/merkim.com.tr\/merkim-maket\/wp-content\/uploads\/2025\/06\/lifeform-advanced-injection-belly-diyabet-egitim-lifeform-LF09900.png\",\"datePublished\":\"2025-06-26T06:42:57+00:00\",\"dateModified\":\"2025-06-26T06:42:58+00:00\",\"description\":\"Life\/form\u00ae Advanced Injection Belly | LF09900Diyabet e\u011fitimleri i\u00e7in en ger\u00e7ek\u00e7i ins\u00fclin enjeksiyon sim\u00fclat\u00f6r\u00fc! Pinchable skin, ayarlanabilir kay\u0131\u015flar ve 5 y\u0131l garanti. Hemen ke\u015ffedin.\",\"breadcrumb\":{\"@id\":\"https:\/\/merkim.com.tr\/merkim-maket\/urun\/life-form-advanced-injection-belly-gelismis-insulin-enjeksiyon-ve-infuzyon-seti-egitim-simulatoru-sku-lf09900\/#breadcrumb\"},\"inLanguage\":\"tr\",\"potentialAction\":[{\"@type\":\"ReadAction\",\"target\":[\"https:\/\/merkim.com.tr\/merkim-maket\/urun\/life-form-advanced-injection-belly-gelismis-insulin-enjeksiyon-ve-infuzyon-seti-egitim-simulatoru-sku-lf09900\/\"]}]},{\"@type\":\"ImageObject\",\"inLanguage\":\"tr\",\"@id\":\"https:\/\/merkim.com.tr\/merkim-maket\/urun\/life-form-advanced-injection-belly-gelismis-insulin-enjeksiyon-ve-infuzyon-seti-egitim-simulatoru-sku-lf09900\/#primaryimage\",\"url\":\"https:\/\/merkim.com.tr\/merkim-maket\/wp-content\/uploads\/2025\/06\/lifeform-advanced-injection-belly-diyabet-egitim-lifeform-LF09900.png\",\"contentUrl\":\"https:\/\/merkim.com.tr\/merkim-maket\/wp-content\/uploads\/2025\/06\/lifeform-advanced-injection-belly-diyabet-egitim-lifeform-LF09900.png\",\"width\":800,\"height\":800,\"caption\":\"Diyabet e\u011fitimlerinde \u00fcst d\u00fczey sim\u00fclasyon deneyimi\"},{\"@type\":\"BreadcrumbList\",\"@id\":\"https:\/\/merkim.com.tr\/merkim-maket\/urun\/life-form-advanced-injection-belly-gelismis-insulin-enjeksiyon-ve-infuzyon-seti-egitim-simulatoru-sku-lf09900\/#breadcrumb\",\"itemListElement\":[{\"@type\":\"ListItem\",\"position\":1,\"name\":\"Anasayfa\",\"item\":\"https:\/\/merkim.com.tr\/merkim-maket\/\"},{\"@type\":\"ListItem\",\"position\":2,\"name\":\"Ma\u011faza\",\"item\":\"https:\/\/merkim.com.tr\/merkim-maket\/magaza\/\"},{\"@type\":\"ListItem\",\"position\":3,\"name\":\"Life\/form\u00ae Advanced Injection Belly &#8211; Geli\u015fmi\u015f \u0130ns\u00fclin Enjeksiyon ve \u0130nf\u00fczyon Seti E\u011fitim Sim\u00fclat\u00f6r\u00fc [SKU: LF09900]\"}]},{\"@type\":\"WebSite\",\"@id\":\"https:\/\/merkim.com.tr\/merkim-maket\/#website\",\"url\":\"https:\/\/merkim.com.tr\/merkim-maket\/\",\"name\":\"Merkim Maket\",\"description\":\"\",\"potentialAction\":[{\"@type\":\"SearchAction\",\"target\":{\"@type\":\"EntryPoint\",\"urlTemplate\":\"https:\/\/merkim.com.tr\/merkim-maket\/?s={search_term_string}\"},\"query-input\":{\"@type\":\"PropertyValueSpecification\",\"valueRequired\":true,\"valueName\":\"search_term_string\"}}],\"inLanguage\":\"tr\"}]}<\/script>\n<!-- \/ Yoast SEO plugin. -->","yoast_head_json":{"title":"Life\/form\u00ae Advanced Injection Belly - Geli\u015fmi\u015f \u0130ns\u00fclin Enjeksiyon ve \u0130nf\u00fczyon Seti E\u011fitim Sim\u00fclat\u00f6r\u00fc [SKU: LF09900] - Merkim Maket","description":"Life\/form\u00ae Advanced Injection Belly | LF09900Diyabet e\u011fitimleri i\u00e7in en ger\u00e7ek\u00e7i ins\u00fclin enjeksiyon sim\u00fclat\u00f6r\u00fc! Pinchable skin, ayarlanabilir kay\u0131\u015flar ve 5 y\u0131l garanti. Hemen ke\u015ffedin.","robots":{"index":"index","follow":"follow","max-snippet":"max-snippet:-1","max-image-preview":"max-image-preview:large","max-video-preview":"max-video-preview:-1"},"canonical":"https:\/\/merkim.com.tr\/merkim-maket\/urun\/life-form-advanced-injection-belly-gelismis-insulin-enjeksiyon-ve-infuzyon-seti-egitim-simulatoru-sku-lf09900\/","og_locale":"tr_TR","og_type":"article","og_title":"Life\/form\u00ae Advanced Injection Belly - Geli\u015fmi\u015f \u0130ns\u00fclin Enjeksiyon ve \u0130nf\u00fczyon Seti E\u011fitim Sim\u00fclat\u00f6r\u00fc [SKU: LF09900] - Merkim Maket","og_description":"Life\/form\u00ae Advanced Injection Belly | LF09900Diyabet e\u011fitimleri i\u00e7in en ger\u00e7ek\u00e7i ins\u00fclin enjeksiyon sim\u00fclat\u00f6r\u00fc! Pinchable skin, ayarlanabilir kay\u0131\u015flar ve 5 y\u0131l garanti. Hemen ke\u015ffedin.","og_url":"https:\/\/merkim.com.tr\/merkim-maket\/urun\/life-form-advanced-injection-belly-gelismis-insulin-enjeksiyon-ve-infuzyon-seti-egitim-simulatoru-sku-lf09900\/","og_site_name":"Merkim Maket","article_modified_time":"2025-06-26T06:42:58+00:00","og_image":[{"width":800,"height":800,"url":"https:\/\/merkim.com.tr\/merkim-maket\/wp-content\/uploads\/2025\/06\/lifeform-advanced-injection-belly-diyabet-egitim-lifeform-LF09900.png","type":"image\/png"}],"twitter_card":"summary_large_image","twitter_misc":{"Tahmini okuma s\u00fcresi":"2 dakika"},"schema":{"@context":"https:\/\/schema.org","@graph":[{"@type":"WebPage","@id":"https:\/\/merkim.com.tr\/merkim-maket\/urun\/life-form-advanced-injection-belly-gelismis-insulin-enjeksiyon-ve-infuzyon-seti-egitim-simulatoru-sku-lf09900\/","url":"https:\/\/merkim.com.tr\/merkim-maket\/urun\/life-form-advanced-injection-belly-gelismis-insulin-enjeksiyon-ve-infuzyon-seti-egitim-simulatoru-sku-lf09900\/","name":"Life\/form\u00ae Advanced Injection Belly - Geli\u015fmi\u015f \u0130ns\u00fclin Enjeksiyon ve \u0130nf\u00fczyon Seti E\u011fitim Sim\u00fclat\u00f6r\u00fc [SKU: LF09900] - Merkim Maket","isPartOf":{"@id":"https:\/\/merkim.com.tr\/merkim-maket\/#website"},"primaryImageOfPage":{"@id":"https:\/\/merkim.com.tr\/merkim-maket\/urun\/life-form-advanced-injection-belly-gelismis-insulin-enjeksiyon-ve-infuzyon-seti-egitim-simulatoru-sku-lf09900\/#primaryimage"},"image":{"@id":"https:\/\/merkim.com.tr\/merkim-maket\/urun\/life-form-advanced-injection-belly-gelismis-insulin-enjeksiyon-ve-infuzyon-seti-egitim-simulatoru-sku-lf09900\/#primaryimage"},"thumbnailUrl":"https:\/\/merkim.com.tr\/merkim-maket\/wp-content\/uploads\/2025\/06\/lifeform-advanced-injection-belly-diyabet-egitim-lifeform-LF09900.png","datePublished":"2025-06-26T06:42:57+00:00","dateModified":"2025-06-26T06:42:58+00:00","description":"Life\/form\u00ae Advanced Injection Belly | LF09900Diyabet e\u011fitimleri i\u00e7in en ger\u00e7ek\u00e7i ins\u00fclin enjeksiyon sim\u00fclat\u00f6r\u00fc! Pinchable skin, ayarlanabilir kay\u0131\u015flar ve 5 y\u0131l garanti. Hemen ke\u015ffedin.","breadcrumb":{"@id":"https:\/\/merkim.com.tr\/merkim-maket\/urun\/life-form-advanced-injection-belly-gelismis-insulin-enjeksiyon-ve-infuzyon-seti-egitim-simulatoru-sku-lf09900\/#breadcrumb"},"inLanguage":"tr","potentialAction":[{"@type":"ReadAction","target":["https:\/\/merkim.com.tr\/merkim-maket\/urun\/life-form-advanced-injection-belly-gelismis-insulin-enjeksiyon-ve-infuzyon-seti-egitim-simulatoru-sku-lf09900\/"]}]},{"@type":"ImageObject","inLanguage":"tr","@id":"https:\/\/merkim.com.tr\/merkim-maket\/urun\/life-form-advanced-injection-belly-gelismis-insulin-enjeksiyon-ve-infuzyon-seti-egitim-simulatoru-sku-lf09900\/#primaryimage","url":"https:\/\/merkim.com.tr\/merkim-maket\/wp-content\/uploads\/2025\/06\/lifeform-advanced-injection-belly-diyabet-egitim-lifeform-LF09900.png","contentUrl":"https:\/\/merkim.com.tr\/merkim-maket\/wp-content\/uploads\/2025\/06\/lifeform-advanced-injection-belly-diyabet-egitim-lifeform-LF09900.png","width":800,"height":800,"caption":"Diyabet e\u011fitimlerinde \u00fcst d\u00fczey sim\u00fclasyon deneyimi"},{"@type":"BreadcrumbList","@id":"https:\/\/merkim.com.tr\/merkim-maket\/urun\/life-form-advanced-injection-belly-gelismis-insulin-enjeksiyon-ve-infuzyon-seti-egitim-simulatoru-sku-lf09900\/#breadcrumb","itemListElement":[{"@type":"ListItem","position":1,"name":"Anasayfa","item":"https:\/\/merkim.com.tr\/merkim-maket\/"},{"@type":"ListItem","position":2,"name":"Ma\u011faza","item":"https:\/\/merkim.com.tr\/merkim-maket\/magaza\/"},{"@type":"ListItem","position":3,"name":"Life\/form\u00ae Advanced Injection Belly &#8211; Geli\u015fmi\u015f \u0130ns\u00fclin Enjeksiyon ve \u0130nf\u00fczyon Seti E\u011fitim Sim\u00fclat\u00f6r\u00fc [SKU: LF09900]"}]},{"@type":"WebSite","@id":"https:\/\/merkim.com.tr\/merkim-maket\/#website","url":"https:\/\/merkim.com.tr\/merkim-maket\/","name":"Merkim Maket","description":"","potentialAction":[{"@type":"SearchAction","target":{"@type":"EntryPoint","urlTemplate":"https:\/\/merkim.com.tr\/merkim-maket\/?s={search_term_string}"},"query-input":{"@type":"PropertyValueSpecification","valueRequired":true,"valueName":"search_term_string"}}],"inLanguage":"tr"}]}},"_links":{"self":[{"href":"https:\/\/merkim.com.tr\/merkim-maket\/wp-json\/wp\/v2\/product\/229","targetHints":{"allow":["GET"]}}],"collection":[{"href":"https:\/\/merkim.com.tr\/merkim-maket\/wp-json\/wp\/v2\/product"}],"about":[{"href":"https:\/\/merkim.com.tr\/merkim-maket\/wp-json\/wp\/v2\/types\/product"}],"replies":[{"embeddable":true,"href":"https:\/\/merkim.com.tr\/merkim-maket\/wp-json\/wp\/v2\/comments?post=229"}],"wp:featuredmedia":[{"embeddable":true,"href":"https:\/\/merkim.com.tr\/merkim-maket\/wp-json\/wp\/v2\/media\/230"}],"wp:attachment":[{"href":"https:\/\/merkim.com.tr\/merkim-maket\/wp-json\/wp\/v2\/media?parent=229"}],"wp:term":[{"taxonomy":"product_brand","embeddable":true,"href":"https:\/\/merkim.com.tr\/merkim-maket\/wp-json\/wp\/v2\/product_brand?post=229"},{"taxonomy":"product_cat","embeddable":true,"href":"https:\/\/merkim.com.tr\/merkim-maket\/wp-json\/wp\/v2\/product_cat?post=229"},{"taxonomy":"product_tag","embeddable":true,"href":"https:\/\/merkim.com.tr\/merkim-maket\/wp-json\/wp\/v2\/product_tag?post=229"}],"curies":[{"name":"wp","href":"https:\/\/api.w.org\/{rel}","templated":true}]}}