{"id":162,"date":"2025-06-10T11:52:45","date_gmt":"2025-06-10T11:52:45","guid":{"rendered":"https:\/\/merkim.com.tr\/merkim-maket\/?post_type=product&#038;p=162"},"modified":"2025-06-10T11:52:46","modified_gmt":"2025-06-10T11:52:46","slug":"erkek-kateterizasyon-modulu-hafif-ten-rengi","status":"publish","type":"product","link":"https:\/\/merkim.com.tr\/merkim-maket\/urun\/erkek-kateterizasyon-modulu-hafif-ten-rengi\/","title":{"rendered":"Erkek Kateterizasyon Mod\u00fcl\u00fc (Hafif Ten Rengi)"},"content":{"rendered":"<p dir=\"ltr\" data-pm-slice=\"1 1 []\"><strong>Erkek Kateterizasyon Mod\u00fcl\u00fc: Ger\u00e7ek\u00e7i ve G\u00fcvenilir Kateterizasyon E\u011fitimi i\u00e7in \u00dcst\u00fcn \u00c7\u00f6z\u00fcm<\/strong><\/p>\n<p dir=\"ltr\">Erkek Kateterizasyon Mod\u00fcl\u00fc (Hafif Ten Rengi), erkek kateterizasyon tekniklerini \u00f6\u011fretmek ve m\u00fckemmelle\u015ftirmek i\u00e7in tasarlanm\u0131\u015f son teknoloji bir e\u011fitim arac\u0131d\u0131r. Erkek Kateterizasyon E\u011fitmeni, Standart Kateterizasyon E\u011fitim Seti ve Geli\u015fmi\u015f Kateterizasyon E\u011fitim Seti ile uyumlu olan bu yedek par\u00e7a, t\u0131p \u00f6\u011frencileri, hem\u015fireler, \u00fcrologlar ve sa\u011fl\u0131k uzmanlar\u0131 i\u00e7in ger\u00e7ek\u00e7i bir \u00f6\u011frenme deneyimi sunar. Yumu\u015fak \u00fcretra ve diren\u00e7li sfinkter yap\u0131s\u0131, kateterizasyon s\u0131ras\u0131nda ger\u00e7ek hayattaki tepkileri taklit ederek kullan\u0131c\u0131lar\u0131n prosed\u00fcr\u00fc do\u011fru bir \u015fekilde uygulamalar\u0131n\u0131 sa\u011flar.<\/p>\n<p dir=\"ltr\">Bu mod\u00fcl, anatomik olarak do\u011fru bir erkek pelvisini temsil eder ve pubik kemik, ger\u00e7ek\u00e7i meatus, flasid penis ve de\u011fi\u015ftirilebilir\/\u00e7\u0131kar\u0131labilir s\u00fcnnet derisi ile donat\u0131lm\u0131\u015ft\u0131r. Bu \u00f6zellikler, aseptik temass\u0131z tekniklerin uygulanmas\u0131n\u0131 destekler ve kateter yolunun g\u00f6rselle\u015ftirilmesini sa\u011flayarak kullan\u0131c\u0131lar\u0131n prosed\u00fcr\u00fc ad\u0131m ad\u0131m takip etmesine olanak tan\u0131r. Damlama yapmayan valf tasar\u0131m\u0131, s\u0131v\u0131 y\u00f6netimini kolayla\u015ft\u0131r\u0131r ve e\u011fitim s\u0131ras\u0131nda temiz bir \u00e7al\u0131\u015fma ortam\u0131 sunar. Lateks i\u00e7ermeyen d\u0131\u015f y\u00fczeyler (sa\u011flanan kateterler hari\u00e7), alerji riskini ortadan kald\u0131r\u0131r ve g\u00fcvenli bir e\u011fitim ortam\u0131 sa\u011flar. Mod\u00fcl\u00fcn y\u00fczeyi sabun ve su ile kolayca temizlenebilir, bu da hijyenik ve uzun s\u00fcreli kullan\u0131m sunar.<\/p>\n<p dir=\"ltr\">Erkek Kateterizasyon Mod\u00fcl\u00fc, erkek anatomisinin do\u011fru \u015fekilde ele al\u0131nmas\u0131, aseptik kateterizasyon teknikleri, kateter \u00e7ekme, \u00fcriner kateterizasyon ve s\u0131v\u0131 y\u00f6netimi gibi temel becerilerin geli\u015ftirilmesine yard\u0131mc\u0131 olur. Hem\u015firelik okullar\u0131, hastaneler ve sa\u011fl\u0131k e\u011fitim merkezleri i\u00e7in ideal olan bu mod\u00fcl, kateterizasyon e\u011fitiminde en y\u00fcksek standartlar\u0131 kar\u015f\u0131lamak \u00fczere tasarlanm\u0131\u015ft\u0131r. Erkek kateterizasyon e\u011fitiminde lider bir \u00e7\u00f6z\u00fcm arayanlar i\u00e7in bu mod\u00fcl, yenilik, do\u011fruluk ve g\u00fcvenilirli\u011fin m\u00fckemmel bir birle\u015fimidir.<\/p>\n<p dir=\"ltr\"><strong>Neden Erkek Kateterizasyon Mod\u00fcl\u00fcn\u00fc Se\u00e7melisiniz?<\/strong><\/p>\n<ul class=\"tight\" dir=\"ltr\" data-tight=\"true\">\n<li>\n<p dir=\"ltr\">Ger\u00e7ek\u00e7i \u00fcretra ve sfinkter tepkisi ile otantik kateterizasyon deneyimi<\/p>\n<\/li>\n<li>\n<p dir=\"ltr\">De\u011fi\u015ftirilebilir s\u00fcnnet derisi ile s\u00fcnnetli ve s\u00fcnnetsiz anatomi sim\u00fclasyonu<\/p>\n<\/li>\n<li>\n<p dir=\"ltr\">Kateter yolunun g\u00f6rselle\u015ftirilmesi i\u00e7in kullan\u0131c\u0131 dostu yap\u0131<\/p>\n<\/li>\n<li>\n<p dir=\"ltr\">Lateks i\u00e7ermeyen y\u00fczeyler (kateterler hari\u00e7) ile g\u00fcvenli kullan\u0131m<\/p>\n<\/li>\n<li>\n<p dir=\"ltr\">Kolay temizlenebilir tasar\u0131m i\u00e7in sabun ve suyla y\u0131kanabilir y\u00fczey<\/p>\n<\/li>\n<li>\n<p dir=\"ltr\">S\u0131v\u0131 y\u00f6netimi i\u00e7in damlama yapmayan valf<\/p>\n<\/li>\n<\/ul>\n<p dir=\"ltr\">Erkek kateterizasyon e\u011fitiminde standartlar\u0131 y\u00fckseltmek i\u00e7in Erkek Kateterizasyon Mod\u00fcl\u00fcn\u00fc tercih edin ve hasta bak\u0131m\u0131nda fark yarat\u0131n.<\/p>\n","protected":false},"excerpt":{"rendered":"<p dir=\"ltr\" data-pm-slice=\"1 1 []\">Erkek Kateterizasyon Mod\u00fcl\u00fc (Hafif Ten Rengi), erkek kateterizasyon e\u011fitimi i\u00e7in ger\u00e7ek\u00e7i bir yedek par\u00e7ad\u0131r. Yumu\u015fak \u00fcretra, diren\u00e7li sfinkter, de\u011fi\u015ftirilebilir s\u00fcnnet derisi ve damlama yapmayan valf ile aseptik teknikleri \u00f6\u011fretir. Lateks i\u00e7ermez, kolay temizlenir.<\/p>\n","protected":false},"featured_media":163,"comment_status":"open","ping_status":"closed","template":"","meta":[],"product_brand":[129],"product_cat":[15,523,130,128],"product_tag":[174,480,546,532,21,545,166,542,478,45,543,243],"class_list":{"0":"post-162","1":"product","2":"type-product","3":"status-publish","4":"has-post-thumbnail","6":"product_brand-limbs-things","7":"product_cat-genel","8":"product_cat-acil-tip","9":"product_cat-nursing","10":"product_cat-limbs-things","11":"product_tag-aseptik-teknik","12":"product_tag-erkek-kateterizasyon","13":"product_tag-erkek-pelvis","14":"product_tag-hafif-ten-rengi","15":"product_tag-hemsirelik-egitimi","16":"product_tag-kateter-yonetimi","17":"product_tag-kateterizasyon-egitimi","18":"product_tag-sunnet-derisi","19":"product_tag-tibbi-simulator","20":"product_tag-tip-egitimi","21":"product_tag-uriner-kateterizasyon","22":"product_tag-uroloji-egitimi","24":"first","25":"instock","26":"shipping-taxable","27":"product-type-simple"},"yoast_head":"<!-- This site is optimized with the Yoast SEO plugin v25.2 - https:\/\/yoast.com\/wordpress\/plugins\/seo\/ -->\n<title>Erkek Kateterizasyon Mod\u00fcl\u00fc (Hafif Ten Rengi) - Merkim Maket<\/title>\n<meta name=\"description\" content=\"Erkek Kateterizasyon Mod\u00fcl\u00fc (Hafif Ten Rengi), ger\u00e7ek\u00e7i \u00fcretra, sfinkter ve s\u00fcnnet derisi ile kateterizasyon e\u011fitimi sunar. Lateks i\u00e7ermez, kolay temizlenir. T\u0131p ve hem\u015firelik e\u011fitiminde m\u00fckemmeliyet i\u00e7in \u015fimdi ke\u015ffedin!\" \/>\n<meta name=\"robots\" content=\"index, follow, max-snippet:-1, max-image-preview:large, max-video-preview:-1\" \/>\n<link rel=\"canonical\" href=\"https:\/\/merkim.com.tr\/merkim-maket\/urun\/erkek-kateterizasyon-modulu-hafif-ten-rengi\/\" \/>\n<meta property=\"og:locale\" content=\"tr_TR\" \/>\n<meta property=\"og:type\" content=\"article\" \/>\n<meta property=\"og:title\" content=\"Erkek Kateterizasyon Mod\u00fcl\u00fc (Hafif Ten Rengi) - Merkim Maket\" \/>\n<meta property=\"og:description\" content=\"Erkek Kateterizasyon Mod\u00fcl\u00fc (Hafif Ten Rengi), ger\u00e7ek\u00e7i \u00fcretra, sfinkter ve s\u00fcnnet derisi ile kateterizasyon e\u011fitimi sunar. Lateks i\u00e7ermez, kolay temizlenir. T\u0131p ve hem\u015firelik e\u011fitiminde m\u00fckemmeliyet i\u00e7in \u015fimdi ke\u015ffedin!\" \/>\n<meta property=\"og:url\" content=\"https:\/\/merkim.com.tr\/merkim-maket\/urun\/erkek-kateterizasyon-modulu-hafif-ten-rengi\/\" \/>\n<meta property=\"og:site_name\" content=\"Merkim Maket\" \/>\n<meta property=\"article:modified_time\" content=\"2025-06-10T11:52:46+00:00\" \/>\n<meta property=\"og:image\" content=\"https:\/\/merkim.com.tr\/merkim-maket\/wp-content\/uploads\/2025\/06\/urun-erkekkateterizasyonmodulu-uroloji-simulator.png\" \/>\n\t<meta property=\"og:image:width\" content=\"800\" \/>\n\t<meta property=\"og:image:height\" content=\"800\" \/>\n\t<meta property=\"og:image:type\" content=\"image\/png\" \/>\n<meta name=\"twitter:card\" content=\"summary_large_image\" \/>\n<meta name=\"twitter:label1\" content=\"Tahmini okuma s\u00fcresi\" \/>\n\t<meta name=\"twitter:data1\" content=\"3 dakika\" \/>\n<script type=\"application\/ld+json\" class=\"yoast-schema-graph\">{\"@context\":\"https:\/\/schema.org\",\"@graph\":[{\"@type\":\"WebPage\",\"@id\":\"https:\/\/merkim.com.tr\/merkim-maket\/urun\/erkek-kateterizasyon-modulu-hafif-ten-rengi\/\",\"url\":\"https:\/\/merkim.com.tr\/merkim-maket\/urun\/erkek-kateterizasyon-modulu-hafif-ten-rengi\/\",\"name\":\"Erkek Kateterizasyon Mod\u00fcl\u00fc (Hafif Ten Rengi) - Merkim Maket\",\"isPartOf\":{\"@id\":\"https:\/\/merkim.com.tr\/merkim-maket\/#website\"},\"primaryImageOfPage\":{\"@id\":\"https:\/\/merkim.com.tr\/merkim-maket\/urun\/erkek-kateterizasyon-modulu-hafif-ten-rengi\/#primaryimage\"},\"image\":{\"@id\":\"https:\/\/merkim.com.tr\/merkim-maket\/urun\/erkek-kateterizasyon-modulu-hafif-ten-rengi\/#primaryimage\"},\"thumbnailUrl\":\"https:\/\/merkim.com.tr\/merkim-maket\/wp-content\/uploads\/2025\/06\/urun-erkekkateterizasyonmodulu-uroloji-simulator.png\",\"datePublished\":\"2025-06-10T11:52:45+00:00\",\"dateModified\":\"2025-06-10T11:52:46+00:00\",\"description\":\"Erkek Kateterizasyon Mod\u00fcl\u00fc (Hafif Ten Rengi), ger\u00e7ek\u00e7i \u00fcretra, sfinkter ve s\u00fcnnet derisi ile kateterizasyon e\u011fitimi sunar. Lateks i\u00e7ermez, kolay temizlenir. T\u0131p ve hem\u015firelik e\u011fitiminde m\u00fckemmeliyet i\u00e7in \u015fimdi ke\u015ffedin!\",\"breadcrumb\":{\"@id\":\"https:\/\/merkim.com.tr\/merkim-maket\/urun\/erkek-kateterizasyon-modulu-hafif-ten-rengi\/#breadcrumb\"},\"inLanguage\":\"tr\",\"potentialAction\":[{\"@type\":\"ReadAction\",\"target\":[\"https:\/\/merkim.com.tr\/merkim-maket\/urun\/erkek-kateterizasyon-modulu-hafif-ten-rengi\/\"]}]},{\"@type\":\"ImageObject\",\"inLanguage\":\"tr\",\"@id\":\"https:\/\/merkim.com.tr\/merkim-maket\/urun\/erkek-kateterizasyon-modulu-hafif-ten-rengi\/#primaryimage\",\"url\":\"https:\/\/merkim.com.tr\/merkim-maket\/wp-content\/uploads\/2025\/06\/urun-erkekkateterizasyonmodulu-uroloji-simulator.png\",\"contentUrl\":\"https:\/\/merkim.com.tr\/merkim-maket\/wp-content\/uploads\/2025\/06\/urun-erkekkateterizasyonmodulu-uroloji-simulator.png\",\"width\":800,\"height\":800,\"caption\":\"Erkek kateterizasyon e\u011fitiminde ger\u00e7ek\u00e7i ve etkili sim\u00fclasyon\"},{\"@type\":\"BreadcrumbList\",\"@id\":\"https:\/\/merkim.com.tr\/merkim-maket\/urun\/erkek-kateterizasyon-modulu-hafif-ten-rengi\/#breadcrumb\",\"itemListElement\":[{\"@type\":\"ListItem\",\"position\":1,\"name\":\"Anasayfa\",\"item\":\"https:\/\/merkim.com.tr\/merkim-maket\/\"},{\"@type\":\"ListItem\",\"position\":2,\"name\":\"Ma\u011faza\",\"item\":\"https:\/\/merkim.com.tr\/merkim-maket\/magaza\/\"},{\"@type\":\"ListItem\",\"position\":3,\"name\":\"Erkek Kateterizasyon Mod\u00fcl\u00fc (Hafif Ten Rengi)\"}]},{\"@type\":\"WebSite\",\"@id\":\"https:\/\/merkim.com.tr\/merkim-maket\/#website\",\"url\":\"https:\/\/merkim.com.tr\/merkim-maket\/\",\"name\":\"Merkim Maket\",\"description\":\"\",\"potentialAction\":[{\"@type\":\"SearchAction\",\"target\":{\"@type\":\"EntryPoint\",\"urlTemplate\":\"https:\/\/merkim.com.tr\/merkim-maket\/?s={search_term_string}\"},\"query-input\":{\"@type\":\"PropertyValueSpecification\",\"valueRequired\":true,\"valueName\":\"search_term_string\"}}],\"inLanguage\":\"tr\"}]}<\/script>\n<!-- \/ Yoast SEO plugin. -->","yoast_head_json":{"title":"Erkek Kateterizasyon Mod\u00fcl\u00fc (Hafif Ten Rengi) - Merkim Maket","description":"Erkek Kateterizasyon Mod\u00fcl\u00fc (Hafif Ten Rengi), ger\u00e7ek\u00e7i \u00fcretra, sfinkter ve s\u00fcnnet derisi ile kateterizasyon e\u011fitimi sunar. Lateks i\u00e7ermez, kolay temizlenir. T\u0131p ve hem\u015firelik e\u011fitiminde m\u00fckemmeliyet i\u00e7in \u015fimdi ke\u015ffedin!","robots":{"index":"index","follow":"follow","max-snippet":"max-snippet:-1","max-image-preview":"max-image-preview:large","max-video-preview":"max-video-preview:-1"},"canonical":"https:\/\/merkim.com.tr\/merkim-maket\/urun\/erkek-kateterizasyon-modulu-hafif-ten-rengi\/","og_locale":"tr_TR","og_type":"article","og_title":"Erkek Kateterizasyon Mod\u00fcl\u00fc (Hafif Ten Rengi) - Merkim Maket","og_description":"Erkek Kateterizasyon Mod\u00fcl\u00fc (Hafif Ten Rengi), ger\u00e7ek\u00e7i \u00fcretra, sfinkter ve s\u00fcnnet derisi ile kateterizasyon e\u011fitimi sunar. Lateks i\u00e7ermez, kolay temizlenir. T\u0131p ve hem\u015firelik e\u011fitiminde m\u00fckemmeliyet i\u00e7in \u015fimdi ke\u015ffedin!","og_url":"https:\/\/merkim.com.tr\/merkim-maket\/urun\/erkek-kateterizasyon-modulu-hafif-ten-rengi\/","og_site_name":"Merkim Maket","article_modified_time":"2025-06-10T11:52:46+00:00","og_image":[{"width":800,"height":800,"url":"https:\/\/merkim.com.tr\/merkim-maket\/wp-content\/uploads\/2025\/06\/urun-erkekkateterizasyonmodulu-uroloji-simulator.png","type":"image\/png"}],"twitter_card":"summary_large_image","twitter_misc":{"Tahmini okuma s\u00fcresi":"3 dakika"},"schema":{"@context":"https:\/\/schema.org","@graph":[{"@type":"WebPage","@id":"https:\/\/merkim.com.tr\/merkim-maket\/urun\/erkek-kateterizasyon-modulu-hafif-ten-rengi\/","url":"https:\/\/merkim.com.tr\/merkim-maket\/urun\/erkek-kateterizasyon-modulu-hafif-ten-rengi\/","name":"Erkek Kateterizasyon Mod\u00fcl\u00fc (Hafif Ten Rengi) - Merkim Maket","isPartOf":{"@id":"https:\/\/merkim.com.tr\/merkim-maket\/#website"},"primaryImageOfPage":{"@id":"https:\/\/merkim.com.tr\/merkim-maket\/urun\/erkek-kateterizasyon-modulu-hafif-ten-rengi\/#primaryimage"},"image":{"@id":"https:\/\/merkim.com.tr\/merkim-maket\/urun\/erkek-kateterizasyon-modulu-hafif-ten-rengi\/#primaryimage"},"thumbnailUrl":"https:\/\/merkim.com.tr\/merkim-maket\/wp-content\/uploads\/2025\/06\/urun-erkekkateterizasyonmodulu-uroloji-simulator.png","datePublished":"2025-06-10T11:52:45+00:00","dateModified":"2025-06-10T11:52:46+00:00","description":"Erkek Kateterizasyon Mod\u00fcl\u00fc (Hafif Ten Rengi), ger\u00e7ek\u00e7i \u00fcretra, sfinkter ve s\u00fcnnet derisi ile kateterizasyon e\u011fitimi sunar. Lateks i\u00e7ermez, kolay temizlenir. T\u0131p ve hem\u015firelik e\u011fitiminde m\u00fckemmeliyet i\u00e7in \u015fimdi ke\u015ffedin!","breadcrumb":{"@id":"https:\/\/merkim.com.tr\/merkim-maket\/urun\/erkek-kateterizasyon-modulu-hafif-ten-rengi\/#breadcrumb"},"inLanguage":"tr","potentialAction":[{"@type":"ReadAction","target":["https:\/\/merkim.com.tr\/merkim-maket\/urun\/erkek-kateterizasyon-modulu-hafif-ten-rengi\/"]}]},{"@type":"ImageObject","inLanguage":"tr","@id":"https:\/\/merkim.com.tr\/merkim-maket\/urun\/erkek-kateterizasyon-modulu-hafif-ten-rengi\/#primaryimage","url":"https:\/\/merkim.com.tr\/merkim-maket\/wp-content\/uploads\/2025\/06\/urun-erkekkateterizasyonmodulu-uroloji-simulator.png","contentUrl":"https:\/\/merkim.com.tr\/merkim-maket\/wp-content\/uploads\/2025\/06\/urun-erkekkateterizasyonmodulu-uroloji-simulator.png","width":800,"height":800,"caption":"Erkek kateterizasyon e\u011fitiminde ger\u00e7ek\u00e7i ve etkili sim\u00fclasyon"},{"@type":"BreadcrumbList","@id":"https:\/\/merkim.com.tr\/merkim-maket\/urun\/erkek-kateterizasyon-modulu-hafif-ten-rengi\/#breadcrumb","itemListElement":[{"@type":"ListItem","position":1,"name":"Anasayfa","item":"https:\/\/merkim.com.tr\/merkim-maket\/"},{"@type":"ListItem","position":2,"name":"Ma\u011faza","item":"https:\/\/merkim.com.tr\/merkim-maket\/magaza\/"},{"@type":"ListItem","position":3,"name":"Erkek Kateterizasyon Mod\u00fcl\u00fc (Hafif Ten Rengi)"}]},{"@type":"WebSite","@id":"https:\/\/merkim.com.tr\/merkim-maket\/#website","url":"https:\/\/merkim.com.tr\/merkim-maket\/","name":"Merkim Maket","description":"","potentialAction":[{"@type":"SearchAction","target":{"@type":"EntryPoint","urlTemplate":"https:\/\/merkim.com.tr\/merkim-maket\/?s={search_term_string}"},"query-input":{"@type":"PropertyValueSpecification","valueRequired":true,"valueName":"search_term_string"}}],"inLanguage":"tr"}]}},"_links":{"self":[{"href":"https:\/\/merkim.com.tr\/merkim-maket\/wp-json\/wp\/v2\/product\/162","targetHints":{"allow":["GET"]}}],"collection":[{"href":"https:\/\/merkim.com.tr\/merkim-maket\/wp-json\/wp\/v2\/product"}],"about":[{"href":"https:\/\/merkim.com.tr\/merkim-maket\/wp-json\/wp\/v2\/types\/product"}],"replies":[{"embeddable":true,"href":"https:\/\/merkim.com.tr\/merkim-maket\/wp-json\/wp\/v2\/comments?post=162"}],"wp:featuredmedia":[{"embeddable":true,"href":"https:\/\/merkim.com.tr\/merkim-maket\/wp-json\/wp\/v2\/media\/163"}],"wp:attachment":[{"href":"https:\/\/merkim.com.tr\/merkim-maket\/wp-json\/wp\/v2\/media?parent=162"}],"wp:term":[{"taxonomy":"product_brand","embeddable":true,"href":"https:\/\/merkim.com.tr\/merkim-maket\/wp-json\/wp\/v2\/product_brand?post=162"},{"taxonomy":"product_cat","embeddable":true,"href":"https:\/\/merkim.com.tr\/merkim-maket\/wp-json\/wp\/v2\/product_cat?post=162"},{"taxonomy":"product_tag","embeddable":true,"href":"https:\/\/merkim.com.tr\/merkim-maket\/wp-json\/wp\/v2\/product_tag?post=162"}],"curies":[{"name":"wp","href":"https:\/\/api.w.org\/{rel}","templated":true}]}}