{"id":141,"date":"2025-06-10T08:45:45","date_gmt":"2025-06-10T08:45:45","guid":{"rendered":"https:\/\/merkim.com.tr\/merkim-maket\/?post_type=product&#038;p=141"},"modified":"2025-06-10T11:15:17","modified_gmt":"2025-06-10T11:15:17","slug":"cutdown-pad-venoz-kesme-venous-cutdown-prosedur-egitim-pedi","status":"publish","type":"product","link":"https:\/\/merkim.com.tr\/merkim-maket\/urun\/cutdown-pad-venoz-kesme-venous-cutdown-prosedur-egitim-pedi\/","title":{"rendered":"Cutdown Pad &#8211; Ven\u00f6z Kesme (Venous Cutdown) Prosed\u00fcr E\u011fitim Pedi"},"content":{"rendered":"<h3><strong>Ven\u00f6z Cutdown E\u011fitimi i\u00e7in Ger\u00e7ek\u00e7i ve \u00c7ok Katmanl\u0131 E\u011fitim Pedi<\/strong><\/h3>\n<p class=\"ds-markdown-paragraph\"><strong>Cutdown Pad<\/strong>, t\u0131p \u00f6\u011frencileri, acil t\u0131p teknisyenleri ve cerrahi ekipler i\u00e7in\u00a0<strong>ven\u00f6z kesme (venous cutdown) prosed\u00fcrlerinin<\/strong>\u00a0g\u00fcvenli bir ortamda pratik edilmesini sa\u011flayan \u00f6zel bir e\u011fitim arac\u0131d\u0131r. Bu sim\u00fclat\u00f6r, ger\u00e7ek\u00e7i damar yap\u0131s\u0131 ve katmanl\u0131 doku tasar\u0131m\u0131yla klinik becerilerin geli\u015ftirilmesine yard\u0131mc\u0131 olur.<\/p>\n<h3><strong>\u00d6ne \u00c7\u0131kan \u00d6zellikler:<\/strong><\/h3>\n<p class=\"ds-markdown-paragraph\">\u2714\u00a0<strong>Ger\u00e7ek\u00e7i Damar Yap\u0131s\u0131:<\/strong><\/p>\n<ul>\n<li>\n<p class=\"ds-markdown-paragraph\"><strong>3 adet d\u00fcz ven (150mm uzunlu\u011funda)<\/strong>\u00a0i\u00e7erir.<\/p>\n<\/li>\n<li>\n<p class=\"ds-markdown-paragraph\"><strong>Mock Blood (Yapay Kan)<\/strong>\u00a0ile damarlar\u0131n g\u00f6rsel ve dokunsal ger\u00e7ek\u00e7ili\u011fi art\u0131r\u0131lm\u0131\u015ft\u0131r.<\/p>\n<\/li>\n<\/ul>\n<p class=\"ds-markdown-paragraph\">\u2714\u00a0<strong>\u00c7ok Katmanl\u0131 Doku Sim\u00fclasyonu:<\/strong><\/p>\n<ul>\n<li>\n<p class=\"ds-markdown-paragraph\"><strong>Epidermis ve subdermal katmanlar<\/strong>\u00a0ger\u00e7e\u011fe yak\u0131n \u015fekilde modellenmi\u015ftir.<\/p>\n<\/li>\n<li>\n<p class=\"ds-markdown-paragraph\"><strong>Doku kesme ve damar bulma<\/strong>\u00a0becerilerini geli\u015ftirir.<\/p>\n<\/li>\n<\/ul>\n<p class=\"ds-markdown-paragraph\">\u2714\u00a0<strong>Pratik ve Ekonomik Kullan\u0131m:<\/strong><\/p>\n<ul>\n<li>\n<p class=\"ds-markdown-paragraph\"><strong>Mock Blood Giving Set<\/strong>\u00a0ba\u011flant\u0131s\u0131 ile kan ak\u0131\u015f\u0131 sim\u00fcle edilebilir.<\/p>\n<\/li>\n<li>\n<p class=\"ds-markdown-paragraph\"><strong>Damarlar ba\u011fland\u0131ktan sonra tekrar kullan\u0131labilir<\/strong>, e\u011fitim maliyetlerini d\u00fc\u015f\u00fcr\u00fcr.<\/p>\n<\/li>\n<\/ul>\n<p class=\"ds-markdown-paragraph\">\u2714\u00a0<strong>G\u00fcvenli ve Hijyenik:<\/strong><\/p>\n<ul>\n<li>\n<p class=\"ds-markdown-paragraph\"><strong>Latex i\u00e7ermez<\/strong>, alerji riski yoktur.<\/p>\n<\/li>\n<li>\n<p class=\"ds-markdown-paragraph\"><strong>Sadece \u00f6zel Mock Blood (00223)<\/strong>\u00a0ile kullan\u0131lmal\u0131d\u0131r.<\/p>\n<\/li>\n<\/ul>\n<h3><strong>Kazan\u0131lan Beceriler:<\/strong><\/h3>\n<ul>\n<li>\n<p class=\"ds-markdown-paragraph\"><strong>Damar palpasyonu ile pozisyon belirleme<\/strong><\/p>\n<\/li>\n<li>\n<p class=\"ds-markdown-paragraph\"><strong>Doku katmanlar\u0131n\u0131 kesme teknikleri<\/strong><\/p>\n<\/li>\n<li>\n<p class=\"ds-markdown-paragraph\"><strong>Kann\u00fcla yerle\u015ftirme ve ven\u00f6z enjeksiyon<\/strong><\/p>\n<\/li>\n<li>\n<p class=\"ds-markdown-paragraph\"><strong>Distal ve proksimal ven\u00f6z m\u00fcdahale<\/strong><\/p>\n<\/li>\n<li>\n<p class=\"ds-markdown-paragraph\"><strong>Damar ba\u011flama (ligasyon) uygulamalar\u0131<\/strong><\/p>\n<\/li>\n<\/ul>\n","protected":false},"excerpt":{"rendered":"<p><strong>Cutdown Pad<\/strong>, ven\u00f6z kesme prosed\u00fcrleri i\u00e7in\u00a0<strong>ger\u00e7ek\u00e7i damar ve doku sim\u00fclasyonu<\/strong>\u00a0sunar. Mock Blood ba\u011flant\u0131s\u0131 ile kan ak\u0131\u015f\u0131 sim\u00fcle edilebilir, \u00e7oklu kullan\u0131m avantaj\u0131 ile t\u0131p e\u011fitiminde verimlilik sa\u011flar.<\/p>\n","protected":false},"featured_media":142,"comment_status":"open","ping_status":"closed","template":"","meta":[],"product_brand":[129],"product_cat":[15,523,485,128],"product_tag":[497,324,495,500,499,496,494,498],"class_list":{"0":"post-141","1":"product","2":"type-product","3":"status-publish","4":"has-post-thumbnail","6":"product_brand-limbs-things","7":"product_cat-genel","8":"product_cat-acil-tip","9":"product_cat-anestezi","10":"product_cat-limbs-things","11":"product_tag-acil-cerrahi-egitimi","12":"product_tag-cerrahi-beceri-gelistirme","13":"product_tag-damar-kesme-simulatoru","14":"product_tag-latex-free-tip-simulatoru","15":"product_tag-mock-blood-uyumlu","16":"product_tag-tip-egitim-malzemeleri","17":"product_tag-venous-cutdown-egitim-pedi","18":"product_tag-venoz-enjeksiyon","20":"first","21":"instock","22":"shipping-taxable","23":"product-type-simple"},"yoast_head":"<!-- This site is optimized with the Yoast SEO plugin v25.2 - https:\/\/yoast.com\/wordpress\/plugins\/seo\/ -->\n<title>Cutdown Pad - Ven\u00f6z Kesme (Venous Cutdown) Prosed\u00fcr E\u011fitim Pedi - Merkim Maket<\/title>\n<meta name=\"description\" content=\"Cutdown Pad ile ven\u00f6z kesme prosed\u00fcrlerini ger\u00e7ek\u00e7i bir \u015fekilde \u00f6\u011frenin! Mock Blood uyumlu, \u00e7ok katmanl\u0131 doku sim\u00fclasyonu ve tekrar kullan\u0131labilir damarlar ile t\u0131p e\u011fitiminde pratik \u00e7\u00f6z\u00fcm.\" \/>\n<meta name=\"robots\" content=\"index, follow, max-snippet:-1, max-image-preview:large, max-video-preview:-1\" \/>\n<link rel=\"canonical\" href=\"https:\/\/merkim.com.tr\/merkim-maket\/urun\/cutdown-pad-venoz-kesme-venous-cutdown-prosedur-egitim-pedi\/\" \/>\n<meta property=\"og:locale\" content=\"tr_TR\" \/>\n<meta property=\"og:type\" content=\"article\" \/>\n<meta property=\"og:title\" content=\"Cutdown Pad - Ven\u00f6z Kesme (Venous Cutdown) Prosed\u00fcr E\u011fitim Pedi - Merkim Maket\" \/>\n<meta property=\"og:description\" content=\"Cutdown Pad ile ven\u00f6z kesme prosed\u00fcrlerini ger\u00e7ek\u00e7i bir \u015fekilde \u00f6\u011frenin! Mock Blood uyumlu, \u00e7ok katmanl\u0131 doku sim\u00fclasyonu ve tekrar kullan\u0131labilir damarlar ile t\u0131p e\u011fitiminde pratik \u00e7\u00f6z\u00fcm.\" \/>\n<meta property=\"og:url\" content=\"https:\/\/merkim.com.tr\/merkim-maket\/urun\/cutdown-pad-venoz-kesme-venous-cutdown-prosedur-egitim-pedi\/\" \/>\n<meta property=\"og:site_name\" content=\"Merkim Maket\" \/>\n<meta property=\"article:modified_time\" content=\"2025-06-10T11:15:17+00:00\" \/>\n<meta property=\"og:image\" content=\"https:\/\/merkim.com.tr\/merkim-maket\/wp-content\/uploads\/2025\/06\/cutdown-pad-venous-procedure-trainer.png\" \/>\n\t<meta property=\"og:image:width\" content=\"800\" \/>\n\t<meta property=\"og:image:height\" content=\"800\" \/>\n\t<meta property=\"og:image:type\" content=\"image\/png\" \/>\n<meta name=\"twitter:card\" content=\"summary_large_image\" \/>\n<meta name=\"twitter:label1\" content=\"Tahmini okuma s\u00fcresi\" \/>\n\t<meta name=\"twitter:data1\" content=\"2 dakika\" \/>\n<script type=\"application\/ld+json\" class=\"yoast-schema-graph\">{\"@context\":\"https:\/\/schema.org\",\"@graph\":[{\"@type\":\"WebPage\",\"@id\":\"https:\/\/merkim.com.tr\/merkim-maket\/urun\/cutdown-pad-venoz-kesme-venous-cutdown-prosedur-egitim-pedi\/\",\"url\":\"https:\/\/merkim.com.tr\/merkim-maket\/urun\/cutdown-pad-venoz-kesme-venous-cutdown-prosedur-egitim-pedi\/\",\"name\":\"Cutdown Pad - Ven\u00f6z Kesme (Venous Cutdown) Prosed\u00fcr E\u011fitim Pedi - Merkim Maket\",\"isPartOf\":{\"@id\":\"https:\/\/merkim.com.tr\/merkim-maket\/#website\"},\"primaryImageOfPage\":{\"@id\":\"https:\/\/merkim.com.tr\/merkim-maket\/urun\/cutdown-pad-venoz-kesme-venous-cutdown-prosedur-egitim-pedi\/#primaryimage\"},\"image\":{\"@id\":\"https:\/\/merkim.com.tr\/merkim-maket\/urun\/cutdown-pad-venoz-kesme-venous-cutdown-prosedur-egitim-pedi\/#primaryimage\"},\"thumbnailUrl\":\"https:\/\/merkim.com.tr\/merkim-maket\/wp-content\/uploads\/2025\/06\/cutdown-pad-venous-procedure-trainer.png\",\"datePublished\":\"2025-06-10T08:45:45+00:00\",\"dateModified\":\"2025-06-10T11:15:17+00:00\",\"description\":\"Cutdown Pad ile ven\u00f6z kesme prosed\u00fcrlerini ger\u00e7ek\u00e7i bir \u015fekilde \u00f6\u011frenin! Mock Blood uyumlu, \u00e7ok katmanl\u0131 doku sim\u00fclasyonu ve tekrar kullan\u0131labilir damarlar ile t\u0131p e\u011fitiminde pratik \u00e7\u00f6z\u00fcm.\",\"breadcrumb\":{\"@id\":\"https:\/\/merkim.com.tr\/merkim-maket\/urun\/cutdown-pad-venoz-kesme-venous-cutdown-prosedur-egitim-pedi\/#breadcrumb\"},\"inLanguage\":\"tr\",\"potentialAction\":[{\"@type\":\"ReadAction\",\"target\":[\"https:\/\/merkim.com.tr\/merkim-maket\/urun\/cutdown-pad-venoz-kesme-venous-cutdown-prosedur-egitim-pedi\/\"]}]},{\"@type\":\"ImageObject\",\"inLanguage\":\"tr\",\"@id\":\"https:\/\/merkim.com.tr\/merkim-maket\/urun\/cutdown-pad-venoz-kesme-venous-cutdown-prosedur-egitim-pedi\/#primaryimage\",\"url\":\"https:\/\/merkim.com.tr\/merkim-maket\/wp-content\/uploads\/2025\/06\/cutdown-pad-venous-procedure-trainer.png\",\"contentUrl\":\"https:\/\/merkim.com.tr\/merkim-maket\/wp-content\/uploads\/2025\/06\/cutdown-pad-venous-procedure-trainer.png\",\"width\":800,\"height\":800,\"caption\":\"\\\"T\u0131p E\u011fitiminde Ven\u00f6z Kesme Tekniklerini G\u00fcvenle \u00d6\u011frenin!\\\"\"},{\"@type\":\"BreadcrumbList\",\"@id\":\"https:\/\/merkim.com.tr\/merkim-maket\/urun\/cutdown-pad-venoz-kesme-venous-cutdown-prosedur-egitim-pedi\/#breadcrumb\",\"itemListElement\":[{\"@type\":\"ListItem\",\"position\":1,\"name\":\"Anasayfa\",\"item\":\"https:\/\/merkim.com.tr\/merkim-maket\/\"},{\"@type\":\"ListItem\",\"position\":2,\"name\":\"Ma\u011faza\",\"item\":\"https:\/\/merkim.com.tr\/merkim-maket\/magaza\/\"},{\"@type\":\"ListItem\",\"position\":3,\"name\":\"Cutdown Pad &#8211; Ven\u00f6z Kesme (Venous Cutdown) Prosed\u00fcr E\u011fitim Pedi\"}]},{\"@type\":\"WebSite\",\"@id\":\"https:\/\/merkim.com.tr\/merkim-maket\/#website\",\"url\":\"https:\/\/merkim.com.tr\/merkim-maket\/\",\"name\":\"Merkim Maket\",\"description\":\"\",\"potentialAction\":[{\"@type\":\"SearchAction\",\"target\":{\"@type\":\"EntryPoint\",\"urlTemplate\":\"https:\/\/merkim.com.tr\/merkim-maket\/?s={search_term_string}\"},\"query-input\":{\"@type\":\"PropertyValueSpecification\",\"valueRequired\":true,\"valueName\":\"search_term_string\"}}],\"inLanguage\":\"tr\"}]}<\/script>\n<!-- \/ Yoast SEO plugin. -->","yoast_head_json":{"title":"Cutdown Pad - Ven\u00f6z Kesme (Venous Cutdown) Prosed\u00fcr E\u011fitim Pedi - Merkim Maket","description":"Cutdown Pad ile ven\u00f6z kesme prosed\u00fcrlerini ger\u00e7ek\u00e7i bir \u015fekilde \u00f6\u011frenin! Mock Blood uyumlu, \u00e7ok katmanl\u0131 doku sim\u00fclasyonu ve tekrar kullan\u0131labilir damarlar ile t\u0131p e\u011fitiminde pratik \u00e7\u00f6z\u00fcm.","robots":{"index":"index","follow":"follow","max-snippet":"max-snippet:-1","max-image-preview":"max-image-preview:large","max-video-preview":"max-video-preview:-1"},"canonical":"https:\/\/merkim.com.tr\/merkim-maket\/urun\/cutdown-pad-venoz-kesme-venous-cutdown-prosedur-egitim-pedi\/","og_locale":"tr_TR","og_type":"article","og_title":"Cutdown Pad - Ven\u00f6z Kesme (Venous Cutdown) Prosed\u00fcr E\u011fitim Pedi - Merkim Maket","og_description":"Cutdown Pad ile ven\u00f6z kesme prosed\u00fcrlerini ger\u00e7ek\u00e7i bir \u015fekilde \u00f6\u011frenin! Mock Blood uyumlu, \u00e7ok katmanl\u0131 doku sim\u00fclasyonu ve tekrar kullan\u0131labilir damarlar ile t\u0131p e\u011fitiminde pratik \u00e7\u00f6z\u00fcm.","og_url":"https:\/\/merkim.com.tr\/merkim-maket\/urun\/cutdown-pad-venoz-kesme-venous-cutdown-prosedur-egitim-pedi\/","og_site_name":"Merkim Maket","article_modified_time":"2025-06-10T11:15:17+00:00","og_image":[{"width":800,"height":800,"url":"https:\/\/merkim.com.tr\/merkim-maket\/wp-content\/uploads\/2025\/06\/cutdown-pad-venous-procedure-trainer.png","type":"image\/png"}],"twitter_card":"summary_large_image","twitter_misc":{"Tahmini okuma s\u00fcresi":"2 dakika"},"schema":{"@context":"https:\/\/schema.org","@graph":[{"@type":"WebPage","@id":"https:\/\/merkim.com.tr\/merkim-maket\/urun\/cutdown-pad-venoz-kesme-venous-cutdown-prosedur-egitim-pedi\/","url":"https:\/\/merkim.com.tr\/merkim-maket\/urun\/cutdown-pad-venoz-kesme-venous-cutdown-prosedur-egitim-pedi\/","name":"Cutdown Pad - Ven\u00f6z Kesme (Venous Cutdown) Prosed\u00fcr E\u011fitim Pedi - Merkim Maket","isPartOf":{"@id":"https:\/\/merkim.com.tr\/merkim-maket\/#website"},"primaryImageOfPage":{"@id":"https:\/\/merkim.com.tr\/merkim-maket\/urun\/cutdown-pad-venoz-kesme-venous-cutdown-prosedur-egitim-pedi\/#primaryimage"},"image":{"@id":"https:\/\/merkim.com.tr\/merkim-maket\/urun\/cutdown-pad-venoz-kesme-venous-cutdown-prosedur-egitim-pedi\/#primaryimage"},"thumbnailUrl":"https:\/\/merkim.com.tr\/merkim-maket\/wp-content\/uploads\/2025\/06\/cutdown-pad-venous-procedure-trainer.png","datePublished":"2025-06-10T08:45:45+00:00","dateModified":"2025-06-10T11:15:17+00:00","description":"Cutdown Pad ile ven\u00f6z kesme prosed\u00fcrlerini ger\u00e7ek\u00e7i bir \u015fekilde \u00f6\u011frenin! Mock Blood uyumlu, \u00e7ok katmanl\u0131 doku sim\u00fclasyonu ve tekrar kullan\u0131labilir damarlar ile t\u0131p e\u011fitiminde pratik \u00e7\u00f6z\u00fcm.","breadcrumb":{"@id":"https:\/\/merkim.com.tr\/merkim-maket\/urun\/cutdown-pad-venoz-kesme-venous-cutdown-prosedur-egitim-pedi\/#breadcrumb"},"inLanguage":"tr","potentialAction":[{"@type":"ReadAction","target":["https:\/\/merkim.com.tr\/merkim-maket\/urun\/cutdown-pad-venoz-kesme-venous-cutdown-prosedur-egitim-pedi\/"]}]},{"@type":"ImageObject","inLanguage":"tr","@id":"https:\/\/merkim.com.tr\/merkim-maket\/urun\/cutdown-pad-venoz-kesme-venous-cutdown-prosedur-egitim-pedi\/#primaryimage","url":"https:\/\/merkim.com.tr\/merkim-maket\/wp-content\/uploads\/2025\/06\/cutdown-pad-venous-procedure-trainer.png","contentUrl":"https:\/\/merkim.com.tr\/merkim-maket\/wp-content\/uploads\/2025\/06\/cutdown-pad-venous-procedure-trainer.png","width":800,"height":800,"caption":"\"T\u0131p E\u011fitiminde Ven\u00f6z Kesme Tekniklerini G\u00fcvenle \u00d6\u011frenin!\""},{"@type":"BreadcrumbList","@id":"https:\/\/merkim.com.tr\/merkim-maket\/urun\/cutdown-pad-venoz-kesme-venous-cutdown-prosedur-egitim-pedi\/#breadcrumb","itemListElement":[{"@type":"ListItem","position":1,"name":"Anasayfa","item":"https:\/\/merkim.com.tr\/merkim-maket\/"},{"@type":"ListItem","position":2,"name":"Ma\u011faza","item":"https:\/\/merkim.com.tr\/merkim-maket\/magaza\/"},{"@type":"ListItem","position":3,"name":"Cutdown Pad &#8211; Ven\u00f6z Kesme (Venous Cutdown) Prosed\u00fcr E\u011fitim Pedi"}]},{"@type":"WebSite","@id":"https:\/\/merkim.com.tr\/merkim-maket\/#website","url":"https:\/\/merkim.com.tr\/merkim-maket\/","name":"Merkim Maket","description":"","potentialAction":[{"@type":"SearchAction","target":{"@type":"EntryPoint","urlTemplate":"https:\/\/merkim.com.tr\/merkim-maket\/?s={search_term_string}"},"query-input":{"@type":"PropertyValueSpecification","valueRequired":true,"valueName":"search_term_string"}}],"inLanguage":"tr"}]}},"_links":{"self":[{"href":"https:\/\/merkim.com.tr\/merkim-maket\/wp-json\/wp\/v2\/product\/141","targetHints":{"allow":["GET"]}}],"collection":[{"href":"https:\/\/merkim.com.tr\/merkim-maket\/wp-json\/wp\/v2\/product"}],"about":[{"href":"https:\/\/merkim.com.tr\/merkim-maket\/wp-json\/wp\/v2\/types\/product"}],"replies":[{"embeddable":true,"href":"https:\/\/merkim.com.tr\/merkim-maket\/wp-json\/wp\/v2\/comments?post=141"}],"wp:featuredmedia":[{"embeddable":true,"href":"https:\/\/merkim.com.tr\/merkim-maket\/wp-json\/wp\/v2\/media\/142"}],"wp:attachment":[{"href":"https:\/\/merkim.com.tr\/merkim-maket\/wp-json\/wp\/v2\/media?parent=141"}],"wp:term":[{"taxonomy":"product_brand","embeddable":true,"href":"https:\/\/merkim.com.tr\/merkim-maket\/wp-json\/wp\/v2\/product_brand?post=141"},{"taxonomy":"product_cat","embeddable":true,"href":"https:\/\/merkim.com.tr\/merkim-maket\/wp-json\/wp\/v2\/product_cat?post=141"},{"taxonomy":"product_tag","embeddable":true,"href":"https:\/\/merkim.com.tr\/merkim-maket\/wp-json\/wp\/v2\/product_tag?post=141"}],"curies":[{"name":"wp","href":"https:\/\/api.w.org\/{rel}","templated":true}]}}