{"id":116,"date":"2025-06-08T18:18:44","date_gmt":"2025-06-08T18:18:44","guid":{"rendered":"https:\/\/merkim.com.tr\/merkim-maket\/?post_type=product&#038;p=116"},"modified":"2025-06-08T21:36:53","modified_gmt":"2025-06-08T21:36:53","slug":"nickie-tibbi-egitim-bebegi-beyaz-erkek","status":"publish","type":"product","link":"https:\/\/merkim.com.tr\/merkim-maket\/urun\/nickie-tibbi-egitim-bebegi-beyaz-erkek\/","title":{"rendered":"Nickie T\u0131bbi E\u011fitim Bebe\u011fi &#8211; Beyaz Erkek"},"content":{"rendered":"<p><strong>Nickie T\u0131bbi E\u011fitim Bebe\u011fi &#8211; Beyaz Erkek<\/strong>, \u00f6zel t\u0131bbi ihtiya\u00e7lar\u0131 olan \u00e7ocuklar i\u00e7in t\u0131bbi cihaz kullan\u0131m\u0131 ve bak\u0131m e\u011fitimini g\u00fcvenli ve etkili bir \u015fekilde \u00f6\u011fretmek amac\u0131yla tasarlanm\u0131\u015f anatomik bir sim\u00fclasyon arac\u0131d\u0131r. Hem\u015fireler, paramedikler, okul ve hastane personeli, ebeveynler ve evde bak\u0131m sa\u011flay\u0131c\u0131lar\u0131 i\u00e7in geli\u015ftirilen bu bebek, \u201c\u00c7ocuk yerine bebekte e\u011fitim\u201d felsefesiyle, hassas t\u0131bbi prosed\u00fcrlerin risk almadan uygulanmas\u0131n\u0131 sa\u011flar. Hands on Learning taraf\u0131ndan bir hem\u015fire tasar\u0131m\u0131yla geli\u015ftirilen Nickie, pediatrik sa\u011fl\u0131k e\u011fitiminde lider bir \u00e7\u00f6z\u00fcm sunar.<\/p>\n<p>Nickie, ger\u00e7ek\u00e7i anatomik \u00f6zellikleriyle dikkat \u00e7eker. Sa\u011f alt kar\u0131nda ileostomi stomas\u0131, gastrostomi cihaz\u0131 ve besleme t\u00fcp\u00fc, trakeostomi t\u00fcp\u00fc (standart trakeostomi t\u00fcp tutucusu ile sabitlenmi\u015f), sol \u00f6n kolda sabitlenmi\u015f bir PICC hatt\u0131 (Stat-Lock ile), sol uylukta enjeksiyon portu, sol topukta s\u0131v\u0131 drenaj\u0131 ve Diastat \u015f\u0131r\u0131ngas\u0131 i\u00e7in uygun boyutlu an\u00fcs gibi \u00f6zellikler i\u00e7erir. A\u00e7\u0131k a\u011f\u0131z ve burun ge\u00e7i\u015fleri, oral ve nazal prosed\u00fcrlerin ger\u00e7ek\u00e7i bir \u015fekilde uygulanmas\u0131na olanak tan\u0131r.<\/p>\n<p>Bu e\u011fitim bebe\u011fi, trakeostomi y\u00f6netimi, trakeal t\u00fcp aspirasyonu, gastrostomi bak\u0131m\u0131, \u00fcretral kateter yerle\u015ftirme, stoma bak\u0131m\u0131, oral aspirasyon ve periferik olarak yerle\u015ftirilmi\u015f merkezi kateter (PICC) y\u00f6netimi gibi kritik becerilerin \u00f6\u011fretilmesi i\u00e7in optimize edilmi\u015ftir. Ek olarak, \u00f6rnek Hem\u015firelik Bak\u0131m Planlar\u0131 ile birlikte sunularak Bireysel E\u011fitim Planlar\u0131 (IEP) ve Bireysel Sa\u011fl\u0131k Planlar\u0131 (IHP) haz\u0131rlanmas\u0131nda destek sa\u011flar. Lateks i\u00e7ermeyen yap\u0131s\u0131 ve dayan\u0131kl\u0131 malzemeleri, tekrarlanan kullan\u0131mlar i\u00e7in uzun \u00f6m\u00fcrl\u00fc bir kullan\u0131m sunar.<\/p>\n<p>Temizli\u011fi kolay olan Nickie, hafif deterjanl\u0131 \u0131l\u0131k su ve yumu\u015fak bir bezle temizlenebilir. Eldiven kullan\u0131m\u0131 \u00f6nerilir, \u00e7\u00fcnk\u00fc kullan\u0131lan malzemeler ciltte ve k\u0131yafetlerde leke b\u0131rakabilir. Nickie T\u0131bbi E\u011fitim Bebe\u011fi, \u00f6zel ihtiya\u00e7l\u0131 \u00e7ocuklar\u0131n bak\u0131m\u0131nda uzmanla\u015fmak isteyen sa\u011fl\u0131k profesyonelleri ve bak\u0131m sa\u011flay\u0131c\u0131lar\u0131 i\u00e7in g\u00fcvenilir, \u00e7ok y\u00f6nl\u00fc ve ger\u00e7ek\u00e7i bir e\u011fitim \u00e7\u00f6z\u00fcm\u00fcd\u00fcr.<\/p>\n","protected":false},"excerpt":{"rendered":"<p>Nickie T\u0131bbi E\u011fitim Bebe\u011fi &#8211; Beyaz Erkek, \u00f6zel t\u0131bbi ihtiya\u00e7lar\u0131 olan \u00e7ocuklar i\u00e7in t\u0131bbi cihaz e\u011fitimi sunar. Trakeostomi, gastrostomi, \u00fcretral kateter ve stoma bak\u0131m\u0131 i\u00e7in ideal.<\/p>\n","protected":false},"featured_media":117,"comment_status":"open","ping_status":"closed","template":"","meta":[],"product_brand":[129],"product_cat":[15,130,128,477],"product_tag":[400,396,402,21,393,394,387,399,34,398,401,392,395,397],"class_list":{"0":"post-116","1":"product","2":"type-product","3":"status-publish","4":"has-post-thumbnail","6":"product_brand-limbs-things","7":"product_cat-genel","8":"product_cat-nursing","9":"product_cat-limbs-things","10":"product_cat-limbs-things-limbs-things","11":"product_tag-diastat-egitimi","12":"product_tag-gastrostomi-bakimi","13":"product_tag-hands-on-learning","14":"product_tag-hemsirelik-egitimi","15":"product_tag-nickie","16":"product_tag-ozel-ihtiyacli-cocuklar","17":"product_tag-pediatrik-simulasyon","18":"product_tag-picc-hatti","19":"product_tag-saglik-egitimi","20":"product_tag-stoma-bakimi","21":"product_tag-tibbi-cihaz-egitimi","22":"product_tag-tibbi-egitim-bebegi","23":"product_tag-trakeostomi-egitimi","24":"product_tag-uretral-kateter","26":"first","27":"instock","28":"shipping-taxable","29":"product-type-simple"},"yoast_head":"<!-- This site is optimized with the Yoast SEO plugin v25.2 - https:\/\/yoast.com\/wordpress\/plugins\/seo\/ -->\n<title>Nickie T\u0131bbi E\u011fitim Bebe\u011fi - Beyaz Erkek - Merkim Maket<\/title>\n<meta name=\"description\" content=\"Nickie T\u0131bbi E\u011fitim Bebe\u011fi - Beyaz Erkek ile \u00f6zel ihtiya\u00e7l\u0131 \u00e7ocuklar i\u00e7in e\u011fitim. Trakeostomi, gastrostomi ve stoma bak\u0131m\u0131 sim\u00fclasyonu. \u015eimdi ke\u015ffedin!\" \/>\n<meta name=\"robots\" content=\"index, follow, max-snippet:-1, max-image-preview:large, max-video-preview:-1\" \/>\n<link rel=\"canonical\" href=\"https:\/\/merkim.com.tr\/merkim-maket\/urun\/nickie-tibbi-egitim-bebegi-beyaz-erkek\/\" \/>\n<meta property=\"og:locale\" content=\"tr_TR\" \/>\n<meta property=\"og:type\" content=\"article\" \/>\n<meta property=\"og:title\" content=\"Nickie T\u0131bbi E\u011fitim Bebe\u011fi - Beyaz Erkek - Merkim Maket\" \/>\n<meta property=\"og:description\" content=\"Nickie T\u0131bbi E\u011fitim Bebe\u011fi - Beyaz Erkek ile \u00f6zel ihtiya\u00e7l\u0131 \u00e7ocuklar i\u00e7in e\u011fitim. Trakeostomi, gastrostomi ve stoma bak\u0131m\u0131 sim\u00fclasyonu. \u015eimdi ke\u015ffedin!\" \/>\n<meta property=\"og:url\" content=\"https:\/\/merkim.com.tr\/merkim-maket\/urun\/nickie-tibbi-egitim-bebegi-beyaz-erkek\/\" \/>\n<meta property=\"og:site_name\" content=\"Merkim Maket\" \/>\n<meta property=\"article:modified_time\" content=\"2025-06-08T21:36:53+00:00\" \/>\n<meta property=\"og:image\" content=\"https:\/\/merkim.com.tr\/merkim-maket\/wp-content\/uploads\/2025\/06\/nickie-tibbi-egitim-bebegi-beyaz-erkek-hands-on-learning.png\" \/>\n\t<meta property=\"og:image:width\" content=\"800\" \/>\n\t<meta property=\"og:image:height\" content=\"800\" \/>\n\t<meta property=\"og:image:type\" content=\"image\/png\" \/>\n<meta name=\"twitter:card\" content=\"summary_large_image\" \/>\n<meta name=\"twitter:label1\" content=\"Tahmini okuma s\u00fcresi\" \/>\n\t<meta name=\"twitter:data1\" content=\"2 dakika\" \/>\n<script type=\"application\/ld+json\" class=\"yoast-schema-graph\">{\"@context\":\"https:\/\/schema.org\",\"@graph\":[{\"@type\":\"WebPage\",\"@id\":\"https:\/\/merkim.com.tr\/merkim-maket\/urun\/nickie-tibbi-egitim-bebegi-beyaz-erkek\/\",\"url\":\"https:\/\/merkim.com.tr\/merkim-maket\/urun\/nickie-tibbi-egitim-bebegi-beyaz-erkek\/\",\"name\":\"Nickie T\u0131bbi E\u011fitim Bebe\u011fi - Beyaz Erkek - Merkim Maket\",\"isPartOf\":{\"@id\":\"https:\/\/merkim.com.tr\/merkim-maket\/#website\"},\"primaryImageOfPage\":{\"@id\":\"https:\/\/merkim.com.tr\/merkim-maket\/urun\/nickie-tibbi-egitim-bebegi-beyaz-erkek\/#primaryimage\"},\"image\":{\"@id\":\"https:\/\/merkim.com.tr\/merkim-maket\/urun\/nickie-tibbi-egitim-bebegi-beyaz-erkek\/#primaryimage\"},\"thumbnailUrl\":\"https:\/\/merkim.com.tr\/merkim-maket\/wp-content\/uploads\/2025\/06\/nickie-tibbi-egitim-bebegi-beyaz-erkek-hands-on-learning.png\",\"datePublished\":\"2025-06-08T18:18:44+00:00\",\"dateModified\":\"2025-06-08T21:36:53+00:00\",\"description\":\"Nickie T\u0131bbi E\u011fitim Bebe\u011fi - Beyaz Erkek ile \u00f6zel ihtiya\u00e7l\u0131 \u00e7ocuklar i\u00e7in e\u011fitim. Trakeostomi, gastrostomi ve stoma bak\u0131m\u0131 sim\u00fclasyonu. \u015eimdi ke\u015ffedin!\",\"breadcrumb\":{\"@id\":\"https:\/\/merkim.com.tr\/merkim-maket\/urun\/nickie-tibbi-egitim-bebegi-beyaz-erkek\/#breadcrumb\"},\"inLanguage\":\"tr\",\"potentialAction\":[{\"@type\":\"ReadAction\",\"target\":[\"https:\/\/merkim.com.tr\/merkim-maket\/urun\/nickie-tibbi-egitim-bebegi-beyaz-erkek\/\"]}]},{\"@type\":\"ImageObject\",\"inLanguage\":\"tr\",\"@id\":\"https:\/\/merkim.com.tr\/merkim-maket\/urun\/nickie-tibbi-egitim-bebegi-beyaz-erkek\/#primaryimage\",\"url\":\"https:\/\/merkim.com.tr\/merkim-maket\/wp-content\/uploads\/2025\/06\/nickie-tibbi-egitim-bebegi-beyaz-erkek-hands-on-learning.png\",\"contentUrl\":\"https:\/\/merkim.com.tr\/merkim-maket\/wp-content\/uploads\/2025\/06\/nickie-tibbi-egitim-bebegi-beyaz-erkek-hands-on-learning.png\",\"width\":800,\"height\":800,\"caption\":\"Nickie ile \u00f6zel ihtiya\u00e7l\u0131 \u00e7ocuklar i\u00e7in t\u0131bbi cihaz e\u011fitimi: Trakeostomi, gastrostomi ve stoma bak\u0131m\u0131.\"},{\"@type\":\"BreadcrumbList\",\"@id\":\"https:\/\/merkim.com.tr\/merkim-maket\/urun\/nickie-tibbi-egitim-bebegi-beyaz-erkek\/#breadcrumb\",\"itemListElement\":[{\"@type\":\"ListItem\",\"position\":1,\"name\":\"Anasayfa\",\"item\":\"https:\/\/merkim.com.tr\/merkim-maket\/\"},{\"@type\":\"ListItem\",\"position\":2,\"name\":\"Ma\u011faza\",\"item\":\"https:\/\/merkim.com.tr\/merkim-maket\/magaza\/\"},{\"@type\":\"ListItem\",\"position\":3,\"name\":\"Nickie T\u0131bbi E\u011fitim Bebe\u011fi &#8211; Beyaz Erkek\"}]},{\"@type\":\"WebSite\",\"@id\":\"https:\/\/merkim.com.tr\/merkim-maket\/#website\",\"url\":\"https:\/\/merkim.com.tr\/merkim-maket\/\",\"name\":\"Merkim Maket\",\"description\":\"\",\"potentialAction\":[{\"@type\":\"SearchAction\",\"target\":{\"@type\":\"EntryPoint\",\"urlTemplate\":\"https:\/\/merkim.com.tr\/merkim-maket\/?s={search_term_string}\"},\"query-input\":{\"@type\":\"PropertyValueSpecification\",\"valueRequired\":true,\"valueName\":\"search_term_string\"}}],\"inLanguage\":\"tr\"}]}<\/script>\n<!-- \/ Yoast SEO plugin. -->","yoast_head_json":{"title":"Nickie T\u0131bbi E\u011fitim Bebe\u011fi - Beyaz Erkek - Merkim Maket","description":"Nickie T\u0131bbi E\u011fitim Bebe\u011fi - Beyaz Erkek ile \u00f6zel ihtiya\u00e7l\u0131 \u00e7ocuklar i\u00e7in e\u011fitim. Trakeostomi, gastrostomi ve stoma bak\u0131m\u0131 sim\u00fclasyonu. \u015eimdi ke\u015ffedin!","robots":{"index":"index","follow":"follow","max-snippet":"max-snippet:-1","max-image-preview":"max-image-preview:large","max-video-preview":"max-video-preview:-1"},"canonical":"https:\/\/merkim.com.tr\/merkim-maket\/urun\/nickie-tibbi-egitim-bebegi-beyaz-erkek\/","og_locale":"tr_TR","og_type":"article","og_title":"Nickie T\u0131bbi E\u011fitim Bebe\u011fi - Beyaz Erkek - Merkim Maket","og_description":"Nickie T\u0131bbi E\u011fitim Bebe\u011fi - Beyaz Erkek ile \u00f6zel ihtiya\u00e7l\u0131 \u00e7ocuklar i\u00e7in e\u011fitim. Trakeostomi, gastrostomi ve stoma bak\u0131m\u0131 sim\u00fclasyonu. \u015eimdi ke\u015ffedin!","og_url":"https:\/\/merkim.com.tr\/merkim-maket\/urun\/nickie-tibbi-egitim-bebegi-beyaz-erkek\/","og_site_name":"Merkim Maket","article_modified_time":"2025-06-08T21:36:53+00:00","og_image":[{"width":800,"height":800,"url":"https:\/\/merkim.com.tr\/merkim-maket\/wp-content\/uploads\/2025\/06\/nickie-tibbi-egitim-bebegi-beyaz-erkek-hands-on-learning.png","type":"image\/png"}],"twitter_card":"summary_large_image","twitter_misc":{"Tahmini okuma s\u00fcresi":"2 dakika"},"schema":{"@context":"https:\/\/schema.org","@graph":[{"@type":"WebPage","@id":"https:\/\/merkim.com.tr\/merkim-maket\/urun\/nickie-tibbi-egitim-bebegi-beyaz-erkek\/","url":"https:\/\/merkim.com.tr\/merkim-maket\/urun\/nickie-tibbi-egitim-bebegi-beyaz-erkek\/","name":"Nickie T\u0131bbi E\u011fitim Bebe\u011fi - Beyaz Erkek - Merkim Maket","isPartOf":{"@id":"https:\/\/merkim.com.tr\/merkim-maket\/#website"},"primaryImageOfPage":{"@id":"https:\/\/merkim.com.tr\/merkim-maket\/urun\/nickie-tibbi-egitim-bebegi-beyaz-erkek\/#primaryimage"},"image":{"@id":"https:\/\/merkim.com.tr\/merkim-maket\/urun\/nickie-tibbi-egitim-bebegi-beyaz-erkek\/#primaryimage"},"thumbnailUrl":"https:\/\/merkim.com.tr\/merkim-maket\/wp-content\/uploads\/2025\/06\/nickie-tibbi-egitim-bebegi-beyaz-erkek-hands-on-learning.png","datePublished":"2025-06-08T18:18:44+00:00","dateModified":"2025-06-08T21:36:53+00:00","description":"Nickie T\u0131bbi E\u011fitim Bebe\u011fi - Beyaz Erkek ile \u00f6zel ihtiya\u00e7l\u0131 \u00e7ocuklar i\u00e7in e\u011fitim. Trakeostomi, gastrostomi ve stoma bak\u0131m\u0131 sim\u00fclasyonu. \u015eimdi ke\u015ffedin!","breadcrumb":{"@id":"https:\/\/merkim.com.tr\/merkim-maket\/urun\/nickie-tibbi-egitim-bebegi-beyaz-erkek\/#breadcrumb"},"inLanguage":"tr","potentialAction":[{"@type":"ReadAction","target":["https:\/\/merkim.com.tr\/merkim-maket\/urun\/nickie-tibbi-egitim-bebegi-beyaz-erkek\/"]}]},{"@type":"ImageObject","inLanguage":"tr","@id":"https:\/\/merkim.com.tr\/merkim-maket\/urun\/nickie-tibbi-egitim-bebegi-beyaz-erkek\/#primaryimage","url":"https:\/\/merkim.com.tr\/merkim-maket\/wp-content\/uploads\/2025\/06\/nickie-tibbi-egitim-bebegi-beyaz-erkek-hands-on-learning.png","contentUrl":"https:\/\/merkim.com.tr\/merkim-maket\/wp-content\/uploads\/2025\/06\/nickie-tibbi-egitim-bebegi-beyaz-erkek-hands-on-learning.png","width":800,"height":800,"caption":"Nickie ile \u00f6zel ihtiya\u00e7l\u0131 \u00e7ocuklar i\u00e7in t\u0131bbi cihaz e\u011fitimi: Trakeostomi, gastrostomi ve stoma bak\u0131m\u0131."},{"@type":"BreadcrumbList","@id":"https:\/\/merkim.com.tr\/merkim-maket\/urun\/nickie-tibbi-egitim-bebegi-beyaz-erkek\/#breadcrumb","itemListElement":[{"@type":"ListItem","position":1,"name":"Anasayfa","item":"https:\/\/merkim.com.tr\/merkim-maket\/"},{"@type":"ListItem","position":2,"name":"Ma\u011faza","item":"https:\/\/merkim.com.tr\/merkim-maket\/magaza\/"},{"@type":"ListItem","position":3,"name":"Nickie T\u0131bbi E\u011fitim Bebe\u011fi &#8211; Beyaz Erkek"}]},{"@type":"WebSite","@id":"https:\/\/merkim.com.tr\/merkim-maket\/#website","url":"https:\/\/merkim.com.tr\/merkim-maket\/","name":"Merkim Maket","description":"","potentialAction":[{"@type":"SearchAction","target":{"@type":"EntryPoint","urlTemplate":"https:\/\/merkim.com.tr\/merkim-maket\/?s={search_term_string}"},"query-input":{"@type":"PropertyValueSpecification","valueRequired":true,"valueName":"search_term_string"}}],"inLanguage":"tr"}]}},"_links":{"self":[{"href":"https:\/\/merkim.com.tr\/merkim-maket\/wp-json\/wp\/v2\/product\/116","targetHints":{"allow":["GET"]}}],"collection":[{"href":"https:\/\/merkim.com.tr\/merkim-maket\/wp-json\/wp\/v2\/product"}],"about":[{"href":"https:\/\/merkim.com.tr\/merkim-maket\/wp-json\/wp\/v2\/types\/product"}],"replies":[{"embeddable":true,"href":"https:\/\/merkim.com.tr\/merkim-maket\/wp-json\/wp\/v2\/comments?post=116"}],"wp:featuredmedia":[{"embeddable":true,"href":"https:\/\/merkim.com.tr\/merkim-maket\/wp-json\/wp\/v2\/media\/117"}],"wp:attachment":[{"href":"https:\/\/merkim.com.tr\/merkim-maket\/wp-json\/wp\/v2\/media?parent=116"}],"wp:term":[{"taxonomy":"product_brand","embeddable":true,"href":"https:\/\/merkim.com.tr\/merkim-maket\/wp-json\/wp\/v2\/product_brand?post=116"},{"taxonomy":"product_cat","embeddable":true,"href":"https:\/\/merkim.com.tr\/merkim-maket\/wp-json\/wp\/v2\/product_cat?post=116"},{"taxonomy":"product_tag","embeddable":true,"href":"https:\/\/merkim.com.tr\/merkim-maket\/wp-json\/wp\/v2\/product_tag?post=116"}],"curies":[{"name":"wp","href":"https:\/\/api.w.org\/{rel}","templated":true}]}}