{"id":108,"date":"2025-06-08T17:27:56","date_gmt":"2025-06-08T17:27:56","guid":{"rendered":"https:\/\/merkim.com.tr\/merkim-maket\/?post_type=product&#038;p=108"},"modified":"2025-06-10T12:58:54","modified_gmt":"2025-06-10T12:58:54","slug":"postpartum-hemoraji-kiti-prompt-flex","status":"publish","type":"product","link":"https:\/\/merkim.com.tr\/merkim-maket\/urun\/postpartum-hemoraji-kiti-prompt-flex\/","title":{"rendered":"Postpartum Hemoraji Kiti &#8211; PROMPT Flex"},"content":{"rendered":"<p><strong>Postpartum Hemoraji Kiti &#8211; PROMPT Flex<\/strong>, PROMPT Flex Standart veya Geli\u015fmi\u015f Do\u011fum Sim\u00fclat\u00f6rleri ile birlikte kullan\u0131larak postpartum kanama y\u00f6netimi ve bak\u0131m\u0131nda kapsaml\u0131 bir e\u011fitim sunmak i\u00e7in tasarlanm\u0131\u015f yenilik\u00e7i bir sim\u00fclasyon setidir. T\u0131p uzmanlar\u0131, sa\u011fl\u0131k e\u011fitmenleri ve kurumlar i\u00e7in geli\u015ftirilen bu kit, postpartum komplikasyonlar\u0131n etkili bir \u015fekilde y\u00f6netilmesini \u00f6\u011fretmek amac\u0131yla ger\u00e7ek\u00e7i ve \u00e7ok y\u00f6nl\u00fc bir e\u011fitim platformu sa\u011flar.<\/p>\n<p>Kit, Postpartum Hemoraji Mod\u00fcl\u00fc, Kompresyon S\u00fct\u00fcr Mod\u00fcl\u00fc ve ECSM i\u00e7in \u00f6nceden kesilmi\u015f do\u011fum derisi i\u00e7erir. Bu bile\u015fenler, fundal masaj, bi-manual kompresyon, hemostatik balon yerle\u015ftirme, kan kayb\u0131 tahmini, B-Lynch, Hayman ve Pereira gibi kompresyon s\u00fct\u00fcr teknikleri, geni\u015f ba\u011f diseksiyonu ve uterin arter ligasyonu gibi kritik becerilerin \u00f6\u011fretilmesi i\u00e7in optimize edilmi\u015ftir. Ayr\u0131ca, sim\u00fcle hasta ile birlikte kullan\u0131ld\u0131\u011f\u0131nda profesyonel-hasta ileti\u015fim becerilerini geli\u015ftirmek i\u00e7in ideal bir ortam sunar.<\/p>\n<p>Ger\u00e7ek\u00e7i sim\u00fclasyon yetenekleriyle dikkat \u00e7eken bu kit, 2 litreye kadar kan kayb\u0131n\u0131 taklit edebilir ve kan ak\u0131\u015f\u0131n\u0131 kontrol etmek i\u00e7in hava pompalar\u0131 kullan\u0131r. Atnik uterus durumunu sim\u00fcle eden sistem, fundal masaj ile uterus kas\u0131lmas\u0131n\u0131 ger\u00e7e\u011fe uygun \u015fekilde yans\u0131t\u0131r ve kullan\u0131c\u0131lara m\u00fcdahalenin ba\u015far\u0131s\u0131 hakk\u0131nda dokunsal geri bildirim sa\u011flar. Kompresyon s\u00fct\u00fcr uygulamalar\u0131 i\u00e7in birden fazla kullan\u0131m imkan\u0131 sunarak uzun s\u00fcreli e\u011fitim s\u00fcre\u00e7lerinde maliyet etkin bir \u00e7\u00f6z\u00fcm sunar.<\/p>\n<p>Kullan\u0131lan sim\u00fcle kan, AB kozmetik d\u00fczenlemelerine uygun yeni bir koruyucu i\u00e7erir ve seyreltildi\u011finde uzun s\u00fcreli cilt temas\u0131 i\u00e7in g\u00fcvenlidir. Lateks i\u00e7ermeyen yap\u0131s\u0131, kolay temizlenebilir tasar\u0131m\u0131 ve dayan\u0131kl\u0131 malzemeleri ile bu kit, obstetrik e\u011fitimde uzun \u00f6m\u00fcrl\u00fc bir yat\u0131r\u0131m sunar. PROMPT Flex Do\u011fum Sim\u00fclat\u00f6rleri ile h\u0131zl\u0131ca entegre edilerek do\u011fum sonras\u0131 kanama senaryolar\u0131n\u0131 ger\u00e7ek\u00e7i bir \u015fekilde sim\u00fcle eder.<\/p>\n<p>Postpartum Hemoraji Kiti, obstetrik acil durumlara haz\u0131rl\u0131kta m\u00fckemmeliyet arayan sa\u011fl\u0131k profesyonelleri i\u00e7in vazge\u00e7ilmez bir e\u011fitim arac\u0131d\u0131r. Klinik becerileri geli\u015ftirmek ve hasta g\u00fcvenli\u011fini art\u0131rmak i\u00e7in tasarlanm\u0131\u015ft\u0131r.<\/p>\n","protected":false},"excerpt":{"rendered":"<p>Postpartum Hemoraji Kiti &#8211; PROMPT Flex, postpartum kanama y\u00f6netimi i\u00e7in kapsaml\u0131 bir e\u011fitim setidir. Fundal masaj, kompresyon s\u00fct\u00fcr (B-Lynch, Hayman, Pereira), hemostatik balon ve uterin arter ligasyonu becerilerini \u00f6\u011fretir.<\/p>\n","protected":false},"featured_media":109,"comment_status":"open","ping_status":"closed","template":"","meta":[],"product_brand":[129],"product_cat":[15,523,130,128],"product_tag":[359,352,336,351,360,353,363,358,337,361,349,338,34,41,362],"class_list":{"0":"post-108","1":"product","2":"type-product","3":"status-publish","4":"has-post-thumbnail","6":"product_brand-limbs-things","7":"product_cat-genel","8":"product_cat-acil-tip","9":"product_cat-nursing","10":"product_cat-limbs-things","11":"product_tag-b-lynch-sutur","12":"product_tag-bi-manual-kompresyon","13":"product_tag-dogum-simulatoru","14":"product_tag-fundal-masaj","15":"product_tag-hayman-sutur","16":"product_tag-hemostatik-balon","17":"product_tag-kan-kaybi-tahmini","18":"product_tag-kompresyon-sutur","19":"product_tag-obstetrik-egitim","20":"product_tag-pereira-sutur","21":"product_tag-postpartum-hemoraji","22":"product_tag-prompt-flex","23":"product_tag-saglik-egitimi","24":"product_tag-tibbi-simulasyon","25":"product_tag-uterin-arter-ligasyonu","27":"first","28":"instock","29":"shipping-taxable","30":"product-type-simple"},"yoast_head":"<!-- This site is optimized with the Yoast SEO plugin v25.2 - https:\/\/yoast.com\/wordpress\/plugins\/seo\/ -->\n<title>Postpartum Hemoraji Kiti - PROMPT Flex - Merkim Maket<\/title>\n<meta name=\"description\" content=\"Postpartum Hemoraji Kiti - PROMPT Flex ile kanama y\u00f6netimi e\u011fitimi. Kompresyon s\u00fct\u00fcr, hemostatik balon ve uterin arter ligasyonu sim\u00fclasyonu. \u015eimdi ke\u015ffedin!\" \/>\n<meta name=\"robots\" content=\"index, follow, max-snippet:-1, max-image-preview:large, max-video-preview:-1\" \/>\n<link rel=\"canonical\" href=\"https:\/\/merkim.com.tr\/merkim-maket\/urun\/postpartum-hemoraji-kiti-prompt-flex\/\" \/>\n<meta property=\"og:locale\" content=\"tr_TR\" \/>\n<meta property=\"og:type\" content=\"article\" \/>\n<meta property=\"og:title\" content=\"Postpartum Hemoraji Kiti - PROMPT Flex - Merkim Maket\" \/>\n<meta property=\"og:description\" content=\"Postpartum Hemoraji Kiti - PROMPT Flex ile kanama y\u00f6netimi e\u011fitimi. Kompresyon s\u00fct\u00fcr, hemostatik balon ve uterin arter ligasyonu sim\u00fclasyonu. \u015eimdi ke\u015ffedin!\" \/>\n<meta property=\"og:url\" content=\"https:\/\/merkim.com.tr\/merkim-maket\/urun\/postpartum-hemoraji-kiti-prompt-flex\/\" \/>\n<meta property=\"og:site_name\" content=\"Merkim Maket\" \/>\n<meta property=\"article:modified_time\" content=\"2025-06-10T12:58:54+00:00\" \/>\n<meta property=\"og:image\" content=\"https:\/\/merkim.com.tr\/merkim-maket\/wp-content\/uploads\/2025\/06\/postpartum-hemoraji-kiti-dogum-simulatoru-prompt-flex.png\" \/>\n\t<meta property=\"og:image:width\" content=\"800\" \/>\n\t<meta property=\"og:image:height\" content=\"800\" \/>\n\t<meta property=\"og:image:type\" content=\"image\/png\" \/>\n<meta name=\"twitter:card\" content=\"summary_large_image\" \/>\n<meta name=\"twitter:label1\" content=\"Tahmini okuma s\u00fcresi\" \/>\n\t<meta name=\"twitter:data1\" content=\"2 dakika\" \/>\n<script type=\"application\/ld+json\" class=\"yoast-schema-graph\">{\"@context\":\"https:\/\/schema.org\",\"@graph\":[{\"@type\":\"WebPage\",\"@id\":\"https:\/\/merkim.com.tr\/merkim-maket\/urun\/postpartum-hemoraji-kiti-prompt-flex\/\",\"url\":\"https:\/\/merkim.com.tr\/merkim-maket\/urun\/postpartum-hemoraji-kiti-prompt-flex\/\",\"name\":\"Postpartum Hemoraji Kiti - PROMPT Flex - Merkim Maket\",\"isPartOf\":{\"@id\":\"https:\/\/merkim.com.tr\/merkim-maket\/#website\"},\"primaryImageOfPage\":{\"@id\":\"https:\/\/merkim.com.tr\/merkim-maket\/urun\/postpartum-hemoraji-kiti-prompt-flex\/#primaryimage\"},\"image\":{\"@id\":\"https:\/\/merkim.com.tr\/merkim-maket\/urun\/postpartum-hemoraji-kiti-prompt-flex\/#primaryimage\"},\"thumbnailUrl\":\"https:\/\/merkim.com.tr\/merkim-maket\/wp-content\/uploads\/2025\/06\/postpartum-hemoraji-kiti-dogum-simulatoru-prompt-flex.png\",\"datePublished\":\"2025-06-08T17:27:56+00:00\",\"dateModified\":\"2025-06-10T12:58:54+00:00\",\"description\":\"Postpartum Hemoraji Kiti - PROMPT Flex ile kanama y\u00f6netimi e\u011fitimi. Kompresyon s\u00fct\u00fcr, hemostatik balon ve uterin arter ligasyonu sim\u00fclasyonu. \u015eimdi ke\u015ffedin!\",\"breadcrumb\":{\"@id\":\"https:\/\/merkim.com.tr\/merkim-maket\/urun\/postpartum-hemoraji-kiti-prompt-flex\/#breadcrumb\"},\"inLanguage\":\"tr\",\"potentialAction\":[{\"@type\":\"ReadAction\",\"target\":[\"https:\/\/merkim.com.tr\/merkim-maket\/urun\/postpartum-hemoraji-kiti-prompt-flex\/\"]}]},{\"@type\":\"ImageObject\",\"inLanguage\":\"tr\",\"@id\":\"https:\/\/merkim.com.tr\/merkim-maket\/urun\/postpartum-hemoraji-kiti-prompt-flex\/#primaryimage\",\"url\":\"https:\/\/merkim.com.tr\/merkim-maket\/wp-content\/uploads\/2025\/06\/postpartum-hemoraji-kiti-dogum-simulatoru-prompt-flex.png\",\"contentUrl\":\"https:\/\/merkim.com.tr\/merkim-maket\/wp-content\/uploads\/2025\/06\/postpartum-hemoraji-kiti-dogum-simulatoru-prompt-flex.png\",\"width\":800,\"height\":800,\"caption\":\"PROMPT Flex ile postpartum kanama e\u011fitimi: Kompresyon s\u00fct\u00fcr, fundal masaj ve uterin arter ligasyonu.\"},{\"@type\":\"BreadcrumbList\",\"@id\":\"https:\/\/merkim.com.tr\/merkim-maket\/urun\/postpartum-hemoraji-kiti-prompt-flex\/#breadcrumb\",\"itemListElement\":[{\"@type\":\"ListItem\",\"position\":1,\"name\":\"Anasayfa\",\"item\":\"https:\/\/merkim.com.tr\/merkim-maket\/\"},{\"@type\":\"ListItem\",\"position\":2,\"name\":\"Ma\u011faza\",\"item\":\"https:\/\/merkim.com.tr\/merkim-maket\/magaza\/\"},{\"@type\":\"ListItem\",\"position\":3,\"name\":\"Postpartum Hemoraji Kiti &#8211; PROMPT Flex\"}]},{\"@type\":\"WebSite\",\"@id\":\"https:\/\/merkim.com.tr\/merkim-maket\/#website\",\"url\":\"https:\/\/merkim.com.tr\/merkim-maket\/\",\"name\":\"Merkim Maket\",\"description\":\"\",\"potentialAction\":[{\"@type\":\"SearchAction\",\"target\":{\"@type\":\"EntryPoint\",\"urlTemplate\":\"https:\/\/merkim.com.tr\/merkim-maket\/?s={search_term_string}\"},\"query-input\":{\"@type\":\"PropertyValueSpecification\",\"valueRequired\":true,\"valueName\":\"search_term_string\"}}],\"inLanguage\":\"tr\"}]}<\/script>\n<!-- \/ Yoast SEO plugin. -->","yoast_head_json":{"title":"Postpartum Hemoraji Kiti - PROMPT Flex - Merkim Maket","description":"Postpartum Hemoraji Kiti - PROMPT Flex ile kanama y\u00f6netimi e\u011fitimi. Kompresyon s\u00fct\u00fcr, hemostatik balon ve uterin arter ligasyonu sim\u00fclasyonu. \u015eimdi ke\u015ffedin!","robots":{"index":"index","follow":"follow","max-snippet":"max-snippet:-1","max-image-preview":"max-image-preview:large","max-video-preview":"max-video-preview:-1"},"canonical":"https:\/\/merkim.com.tr\/merkim-maket\/urun\/postpartum-hemoraji-kiti-prompt-flex\/","og_locale":"tr_TR","og_type":"article","og_title":"Postpartum Hemoraji Kiti - PROMPT Flex - Merkim Maket","og_description":"Postpartum Hemoraji Kiti - PROMPT Flex ile kanama y\u00f6netimi e\u011fitimi. Kompresyon s\u00fct\u00fcr, hemostatik balon ve uterin arter ligasyonu sim\u00fclasyonu. \u015eimdi ke\u015ffedin!","og_url":"https:\/\/merkim.com.tr\/merkim-maket\/urun\/postpartum-hemoraji-kiti-prompt-flex\/","og_site_name":"Merkim Maket","article_modified_time":"2025-06-10T12:58:54+00:00","og_image":[{"width":800,"height":800,"url":"https:\/\/merkim.com.tr\/merkim-maket\/wp-content\/uploads\/2025\/06\/postpartum-hemoraji-kiti-dogum-simulatoru-prompt-flex.png","type":"image\/png"}],"twitter_card":"summary_large_image","twitter_misc":{"Tahmini okuma s\u00fcresi":"2 dakika"},"schema":{"@context":"https:\/\/schema.org","@graph":[{"@type":"WebPage","@id":"https:\/\/merkim.com.tr\/merkim-maket\/urun\/postpartum-hemoraji-kiti-prompt-flex\/","url":"https:\/\/merkim.com.tr\/merkim-maket\/urun\/postpartum-hemoraji-kiti-prompt-flex\/","name":"Postpartum Hemoraji Kiti - PROMPT Flex - Merkim Maket","isPartOf":{"@id":"https:\/\/merkim.com.tr\/merkim-maket\/#website"},"primaryImageOfPage":{"@id":"https:\/\/merkim.com.tr\/merkim-maket\/urun\/postpartum-hemoraji-kiti-prompt-flex\/#primaryimage"},"image":{"@id":"https:\/\/merkim.com.tr\/merkim-maket\/urun\/postpartum-hemoraji-kiti-prompt-flex\/#primaryimage"},"thumbnailUrl":"https:\/\/merkim.com.tr\/merkim-maket\/wp-content\/uploads\/2025\/06\/postpartum-hemoraji-kiti-dogum-simulatoru-prompt-flex.png","datePublished":"2025-06-08T17:27:56+00:00","dateModified":"2025-06-10T12:58:54+00:00","description":"Postpartum Hemoraji Kiti - PROMPT Flex ile kanama y\u00f6netimi e\u011fitimi. Kompresyon s\u00fct\u00fcr, hemostatik balon ve uterin arter ligasyonu sim\u00fclasyonu. \u015eimdi ke\u015ffedin!","breadcrumb":{"@id":"https:\/\/merkim.com.tr\/merkim-maket\/urun\/postpartum-hemoraji-kiti-prompt-flex\/#breadcrumb"},"inLanguage":"tr","potentialAction":[{"@type":"ReadAction","target":["https:\/\/merkim.com.tr\/merkim-maket\/urun\/postpartum-hemoraji-kiti-prompt-flex\/"]}]},{"@type":"ImageObject","inLanguage":"tr","@id":"https:\/\/merkim.com.tr\/merkim-maket\/urun\/postpartum-hemoraji-kiti-prompt-flex\/#primaryimage","url":"https:\/\/merkim.com.tr\/merkim-maket\/wp-content\/uploads\/2025\/06\/postpartum-hemoraji-kiti-dogum-simulatoru-prompt-flex.png","contentUrl":"https:\/\/merkim.com.tr\/merkim-maket\/wp-content\/uploads\/2025\/06\/postpartum-hemoraji-kiti-dogum-simulatoru-prompt-flex.png","width":800,"height":800,"caption":"PROMPT Flex ile postpartum kanama e\u011fitimi: Kompresyon s\u00fct\u00fcr, fundal masaj ve uterin arter ligasyonu."},{"@type":"BreadcrumbList","@id":"https:\/\/merkim.com.tr\/merkim-maket\/urun\/postpartum-hemoraji-kiti-prompt-flex\/#breadcrumb","itemListElement":[{"@type":"ListItem","position":1,"name":"Anasayfa","item":"https:\/\/merkim.com.tr\/merkim-maket\/"},{"@type":"ListItem","position":2,"name":"Ma\u011faza","item":"https:\/\/merkim.com.tr\/merkim-maket\/magaza\/"},{"@type":"ListItem","position":3,"name":"Postpartum Hemoraji Kiti &#8211; PROMPT Flex"}]},{"@type":"WebSite","@id":"https:\/\/merkim.com.tr\/merkim-maket\/#website","url":"https:\/\/merkim.com.tr\/merkim-maket\/","name":"Merkim Maket","description":"","potentialAction":[{"@type":"SearchAction","target":{"@type":"EntryPoint","urlTemplate":"https:\/\/merkim.com.tr\/merkim-maket\/?s={search_term_string}"},"query-input":{"@type":"PropertyValueSpecification","valueRequired":true,"valueName":"search_term_string"}}],"inLanguage":"tr"}]}},"_links":{"self":[{"href":"https:\/\/merkim.com.tr\/merkim-maket\/wp-json\/wp\/v2\/product\/108","targetHints":{"allow":["GET"]}}],"collection":[{"href":"https:\/\/merkim.com.tr\/merkim-maket\/wp-json\/wp\/v2\/product"}],"about":[{"href":"https:\/\/merkim.com.tr\/merkim-maket\/wp-json\/wp\/v2\/types\/product"}],"replies":[{"embeddable":true,"href":"https:\/\/merkim.com.tr\/merkim-maket\/wp-json\/wp\/v2\/comments?post=108"}],"wp:featuredmedia":[{"embeddable":true,"href":"https:\/\/merkim.com.tr\/merkim-maket\/wp-json\/wp\/v2\/media\/109"}],"wp:attachment":[{"href":"https:\/\/merkim.com.tr\/merkim-maket\/wp-json\/wp\/v2\/media?parent=108"}],"wp:term":[{"taxonomy":"product_brand","embeddable":true,"href":"https:\/\/merkim.com.tr\/merkim-maket\/wp-json\/wp\/v2\/product_brand?post=108"},{"taxonomy":"product_cat","embeddable":true,"href":"https:\/\/merkim.com.tr\/merkim-maket\/wp-json\/wp\/v2\/product_cat?post=108"},{"taxonomy":"product_tag","embeddable":true,"href":"https:\/\/merkim.com.tr\/merkim-maket\/wp-json\/wp\/v2\/product_tag?post=108"}],"curies":[{"name":"wp","href":"https:\/\/api.w.org\/{rel}","templated":true}]}}